{"id":16935,"date":"2020-02-10T08:38:52","date_gmt":"2020-02-10T07:38:52","guid":{"rendered":"https:\/\/www.vsv-versandhandel.ch\/?post_type=ajde_events&#038;p=16935"},"modified":"2020-02-10T08:42:11","modified_gmt":"2020-02-10T07:42:11","slug":"dept-talks-trends-2020","status":"publish","type":"ajde_events","link":"https:\/\/handelsverband.swiss\/fr\/events\/dept-talks-trends-2020\/","title":{"rendered":"DEPT TALKS &#8211; TRENDS 2020"},"content":{"rendered":"<p class=\"u-text--intro\">Die Digitalisierung stellte die Marketingwelt einmal auf den Kopf. Einmal? Nein. Denn eines der Merkmale unserer Zeit ist der\u00a0<i>st\u00e4ndige\u00a0<\/i>Wandel, der kontinuierlich neue Herausforderungen stellt, aber auch neue T\u00fcrchen \u00f6ffnet. Zudem passiert nun alles in einer Geschwindigkeit, die wir fr\u00fcher nur von der Fast-Forward Funktion von Videorekordern kannten. Diese Dept Talks bereiten Sie auf die neuesten Trends in diesem Jahr vor. Ohne Kristallkugel \u2013 stattdessen aber mit vielen Datenbelegen. Von Generation Z zu Smart Cities und von E-Commerce bis zu Hyper-Automation.<\/p>\n<p>Wir zeigen, wie Sie Ihre Marketing-Aktivit\u00e4ten durch das Zusammenf\u00fchren von Daten, Technik und Kreativit\u00e4t auf die Zukunft abstimmen k\u00f6nnen. Freuen Sie sich auf spannende Praxisbeispiele, Tipps und Inspiration, damit Sie mehr Gewinn und Wachstum f\u00fcr Ihre Marke erzielen. Seien Sie dabei bei den kostenlosen Dept Talks \u2013 einem Nachmittag voller Inspiration und neuer M\u00f6glichkeiten.<\/p>\n<p><a href=\"https:\/\/www.deptagency.com\/de-ch\/event\/dept-talks-ch-trends\/\" target=\"_blank\" rel=\"noopener noreferrer\">Zur Anmeldung<\/a><\/p>\n<p>&nbsp;<\/p>\n<p>&nbsp;<\/p>\n","protected":false},"author":4578,"featured_media":0,"menu_order":0,"comment_status":"open","ping_status":"closed","template":"","meta":{"_acf_changed":false},"tags":[],"event_type":[],"event_type_2":[],"class_list":["post-16935","ajde_events","type-ajde_events","status-publish","hentry","event_location-hinderling-volkart","event_organizer-dept-digital-marketing-ag"],"acf":[],"yoast_head":"<!-- This site is optimized with the Yoast SEO plugin v27.5 - https:\/\/yoast.com\/product\/yoast-seo-wordpress\/ -->\n<title>DEPT TALKS - TRENDS 2020 - HANDELSVERBAND. swiss<\/title>\n<meta name=\"robots\" content=\"index, follow, max-snippet:-1, max-image-preview:large, max-video-preview:-1\" \/>\n<meta property=\"og:locale\" content=\"fr_FR\" \/>\n<meta property=\"og:type\" content=\"article\" \/>\n<meta property=\"og:title\" content=\"DEPT TALKS - TRENDS 2020 - HANDELSVERBAND. swiss\" \/>\n<meta property=\"og:description\" content=\"Die Digitalisierung stellte die Marketingwelt\" \/>\n<meta property=\"og:url\" content=\"https:\/\/handelsverband.swiss\/fr\/events\/dept-talks-trends-2020\/\" \/>\n<meta property=\"og:site_name\" content=\"HANDELSVERBAND. swiss\" \/>\n<meta property=\"article:modified_time\" content=\"2020-02-10T07:42:11+00:00\" \/>\n<meta name=\"twitter:card\" content=\"summary_large_image\" \/>\n<meta name=\"twitter:label1\" content=\"Est. reading time\" \/>\n\t<meta name=\"twitter:data1\" content=\"1 minute\" \/>\n<script type=\"application\/ld+json\" class=\"yoast-schema-graph\">{\"@context\":\"https:\\\/\\\/schema.org\",\"@graph\":[{\"@type\":\"WebPage\",\"@id\":\"https:\\\/\\\/handelsverband.swiss\\\/fr\\\/events\\\/dept-talks-trends-2020\\\/\",\"url\":\"https:\\\/\\\/handelsverband.swiss\\\/fr\\\/events\\\/dept-talks-trends-2020\\\/\",\"name\":\"DEPT TALKS - TRENDS 2020 - HANDELSVERBAND. swiss\",\"isPartOf\":{\"@id\":\"https:\\\/\\\/handelsverband.swiss\\\/#website\"},\"datePublished\":\"2020-02-10T07:38:52+00:00\",\"dateModified\":\"2020-02-10T07:42:11+00:00\",\"breadcrumb\":{\"@id\":\"https:\\\/\\\/handelsverband.swiss\\\/fr\\\/events\\\/dept-talks-trends-2020\\\/#breadcrumb\"},\"inLanguage\":\"fr-FR\",\"potentialAction\":[{\"@type\":\"ReadAction\",\"target\":[\"https:\\\/\\\/handelsverband.swiss\\\/fr\\\/events\\\/dept-talks-trends-2020\\\/\"]}]},{\"@type\":\"BreadcrumbList\",\"@id\":\"https:\\\/\\\/handelsverband.swiss\\\/fr\\\/events\\\/dept-talks-trends-2020\\\/#breadcrumb\",\"itemListElement\":[{\"@type\":\"ListItem\",\"position\":1,\"name\":\"Startseite\",\"item\":\"https:\\\/\\\/handelsverband.swiss\\\/fr\\\/\"},{\"@type\":\"ListItem\",\"position\":2,\"name\":\"Events\",\"item\":\"https:\\\/\\\/handelsverband.swiss\\\/events\\\/\"},{\"@type\":\"ListItem\",\"position\":3,\"name\":\"DEPT TALKS &#8211; TRENDS 2020\"}]},{\"@type\":\"WebSite\",\"@id\":\"https:\\\/\\\/handelsverband.swiss\\\/#website\",\"url\":\"https:\\\/\\\/handelsverband.swiss\\\/\",\"name\":\"HANDELSVERBAND.swiss\",\"description\":\"ASSOCIATION DE COMMERCE.swiss\",\"publisher\":{\"@id\":\"https:\\\/\\\/handelsverband.swiss\\\/#organization\"},\"potentialAction\":[{\"@type\":\"SearchAction\",\"target\":{\"@type\":\"EntryPoint\",\"urlTemplate\":\"https:\\\/\\\/handelsverband.swiss\\\/?s={search_term_string}\"},\"query-input\":{\"@type\":\"PropertyValueSpecification\",\"valueRequired\":true,\"valueName\":\"search_term_string\"}}],\"inLanguage\":\"fr-FR\"},{\"@type\":\"Organization\",\"@id\":\"https:\\\/\\\/handelsverband.swiss\\\/#organization\",\"name\":\"HANDELSVERBAND.swiss\",\"url\":\"https:\\\/\\\/handelsverband.swiss\\\/\",\"logo\":{\"@type\":\"ImageObject\",\"inLanguage\":\"fr-FR\",\"@id\":\"https:\\\/\\\/handelsverband.swiss\\\/#\\\/schema\\\/logo\\\/image\\\/\",\"url\":\"https:\\\/\\\/handelsverband.swiss\\\/wp-content\\\/uploads\\\/2020\\\/03\\\/hv_brand_rgb.png\",\"contentUrl\":\"https:\\\/\\\/handelsverband.swiss\\\/wp-content\\\/uploads\\\/2020\\\/03\\\/hv_brand_rgb.png\",\"width\":1714,\"height\":472,\"caption\":\"HANDELSVERBAND.swiss\"},\"image\":{\"@id\":\"https:\\\/\\\/handelsverband.swiss\\\/#\\\/schema\\\/logo\\\/image\\\/\"}}]}<\/script>\n<!-- \/ Yoast SEO plugin. -->","yoast_head_json":{"title":"DEPT TALKS - TRENDS 2020 - HANDELSVERBAND. swiss","robots":{"index":"index","follow":"follow","max-snippet":"max-snippet:-1","max-image-preview":"max-image-preview:large","max-video-preview":"max-video-preview:-1"},"og_locale":"fr_FR","og_type":"article","og_title":"DEPT TALKS - TRENDS 2020 - HANDELSVERBAND. swiss","og_description":"Die Digitalisierung stellte die Marketingwelt","og_url":"https:\/\/handelsverband.swiss\/fr\/events\/dept-talks-trends-2020\/","og_site_name":"HANDELSVERBAND. swiss","article_modified_time":"2020-02-10T07:42:11+00:00","twitter_card":"summary_large_image","twitter_misc":{"Est. reading time":"1 minute"},"schema":{"@context":"https:\/\/schema.org","@graph":[{"@type":"WebPage","@id":"https:\/\/handelsverband.swiss\/fr\/events\/dept-talks-trends-2020\/","url":"https:\/\/handelsverband.swiss\/fr\/events\/dept-talks-trends-2020\/","name":"DEPT TALKS - TRENDS 2020 - HANDELSVERBAND. swiss","isPartOf":{"@id":"https:\/\/handelsverband.swiss\/#website"},"datePublished":"2020-02-10T07:38:52+00:00","dateModified":"2020-02-10T07:42:11+00:00","breadcrumb":{"@id":"https:\/\/handelsverband.swiss\/fr\/events\/dept-talks-trends-2020\/#breadcrumb"},"inLanguage":"fr-FR","potentialAction":[{"@type":"ReadAction","target":["https:\/\/handelsverband.swiss\/fr\/events\/dept-talks-trends-2020\/"]}]},{"@type":"BreadcrumbList","@id":"https:\/\/handelsverband.swiss\/fr\/events\/dept-talks-trends-2020\/#breadcrumb","itemListElement":[{"@type":"ListItem","position":1,"name":"Startseite","item":"https:\/\/handelsverband.swiss\/fr\/"},{"@type":"ListItem","position":2,"name":"Events","item":"https:\/\/handelsverband.swiss\/events\/"},{"@type":"ListItem","position":3,"name":"DEPT TALKS &#8211; TRENDS 2020"}]},{"@type":"WebSite","@id":"https:\/\/handelsverband.swiss\/#website","url":"https:\/\/handelsverband.swiss\/","name":"HANDELSVERBAND.swiss","description":"ASSOCIATION DE COMMERCE.swiss","publisher":{"@id":"https:\/\/handelsverband.swiss\/#organization"},"potentialAction":[{"@type":"SearchAction","target":{"@type":"EntryPoint","urlTemplate":"https:\/\/handelsverband.swiss\/?s={search_term_string}"},"query-input":{"@type":"PropertyValueSpecification","valueRequired":true,"valueName":"search_term_string"}}],"inLanguage":"fr-FR"},{"@type":"Organization","@id":"https:\/\/handelsverband.swiss\/#organization","name":"HANDELSVERBAND.swiss","url":"https:\/\/handelsverband.swiss\/","logo":{"@type":"ImageObject","inLanguage":"fr-FR","@id":"https:\/\/handelsverband.swiss\/#\/schema\/logo\/image\/","url":"https:\/\/handelsverband.swiss\/wp-content\/uploads\/2020\/03\/hv_brand_rgb.png","contentUrl":"https:\/\/handelsverband.swiss\/wp-content\/uploads\/2020\/03\/hv_brand_rgb.png","width":1714,"height":472,"caption":"HANDELSVERBAND.swiss"},"image":{"@id":"https:\/\/handelsverband.swiss\/#\/schema\/logo\/image\/"}}]}},"_links":{"self":[{"href":"https:\/\/handelsverband.swiss\/fr\/wp-json\/wp\/v2\/ajde_events\/16935","targetHints":{"allow":["GET"]}}],"collection":[{"href":"https:\/\/handelsverband.swiss\/fr\/wp-json\/wp\/v2\/ajde_events"}],"about":[{"href":"https:\/\/handelsverband.swiss\/fr\/wp-json\/wp\/v2\/types\/ajde_events"}],"author":[{"embeddable":true,"href":"https:\/\/handelsverband.swiss\/fr\/wp-json\/wp\/v2\/users\/4578"}],"replies":[{"embeddable":true,"href":"https:\/\/handelsverband.swiss\/fr\/wp-json\/wp\/v2\/comments?post=16935"}],"wp:attachment":[{"href":"https:\/\/handelsverband.swiss\/fr\/wp-json\/wp\/v2\/media?parent=16935"}],"wp:term":[{"taxonomy":"post_tag","embeddable":true,"href":"https:\/\/handelsverband.swiss\/fr\/wp-json\/wp\/v2\/tags?post=16935"},{"taxonomy":"event_type","embeddable":true,"href":"https:\/\/handelsverband.swiss\/fr\/wp-json\/wp\/v2\/event_type?post=16935"},{"taxonomy":"event_type_2","embeddable":true,"href":"https:\/\/handelsverband.swiss\/fr\/wp-json\/wp\/v2\/event_type_2?post=16935"}],"curies":[{"name":"wp","href":"https:\/\/api.w.org\/{rel}","templated":true}]}}

<p class="u-text--intro">Die Digitalisierung stellte die Marketingwelt einmal auf den Kopf. Einmal? Nein. Denn eines der Merkmale unserer Zeit ist der <i>ständige </i>Wandel, der kontinuierlich neue Herausforderungen stellt, aber auch neue Türchen öffnet. Zudem passiert nun alles in einer Geschwindigkeit, die wir früher nur von der Fast-Forward Funktion von Videorekordern kannten. Diese Dept Talks bereiten Sie auf die neuesten Trends in diesem Jahr vor. Ohne Kristallkugel – stattdessen aber mit vielen Datenbelegen. Von Generation Z zu Smart Cities und von E-Commerce bis zu Hyper-Automation.</p>
<p>Wir zeigen, wie Sie Ihre Marketing-Aktivitäten durch das Zusammenführen von Daten, Technik und Kreativität auf die Zukunft abstimmen können. Freuen Sie sich auf spannende Praxisbeispiele, Tipps und Inspiration, damit Sie mehr Gewinn und Wachstum für Ihre Marke erzielen. Seien Sie dabei bei den kostenlosen Dept Talks – einem Nachmittag voller Inspiration und neuer Möglichkeiten.</p>
<p><a href="https://www.deptagency.com/de-ch/event/dept-talks-ch-trends/" target="_blank" rel="noopener noreferrer">Zur Anmeldung</a></p>
<p>&nbsp;</p>
<p>&nbsp;</p>
