{"id":19606,"date":"2020-11-26T11:24:37","date_gmt":"2020-11-26T10:24:37","guid":{"rendered":"https:\/\/handelsverband.swiss\/events\/webinar-digital-durchstarten-schweiz\/"},"modified":"2020-11-26T11:29:16","modified_gmt":"2020-11-26T10:29:16","slug":"webinar-digital-durchstarten-schweiz","status":"publish","type":"ajde_events","link":"https:\/\/handelsverband.swiss\/fr\/events\/webinar-digital-durchstarten-schweiz\/","title":{"rendered":"Webinar &#8220;Digital Durchstarten Schweiz&#8221;"},"content":{"rendered":"<p>Kleine und mittlere Unternehmen (KMU) sind das Herzst\u00fcck der Schweizer Wirtschaft. Gleichzeitig stehen sie aufgrund der Corona-Pandemie aktuell vor grossen Herausforderungen. Um Schweizer KMU bestm\u00f6glich in der Krise zu unterst\u00fctzen, bringt Facebook &#8211; in Zusammenarbeit mit dem HANDELSVERBAND.swiss &#8211; seinen \u201cDigital Durchstarten\u201d-Workshop am 9. Dezember 2020 virtuell in die Schweiz. &#8220;Digital Durchstarten\u201d ist eine Initiative von Facebook, mit der Millionen von Menschen und Unternehmen aus Europa in digitalen Kompetenzen geschult werden.<\/p>\n<p>Wir haben den Tag in zwei Sessions unterteilt. Am Vormittag geben die Facebook-Experten aus erster Hand Tipps, wie Unternehmen rasch eine Online-Pr\u00e4senz erstellen k\u00f6nnen, was man dabei beachten sollte und wie man in der aktuellen Situation Umsatz mithilfe von Facebook und Instagram generieren kann. Am Nachmittag zeigen wir Gruppen und Administratoren die neuesten Tools und Features und m\u00f6chten ein Forum f\u00fcr Schweizer Facebook Gruppen schaffen, um sich gegenseitig auszutauschen und zu inspirieren.<\/p>\n<p><strong>Programm Vormittag<br \/>\n<\/strong>10:00\u00a0\u00a0 Er\u00f6ffnung durch Tino Krause, Country Director DACH Facebook<br \/>\n10:05\u00a0\u00a0 Er\u00f6ffnung durch Patrick Kessler, Gesch\u00e4ftsf\u00fchrer HANDELSVERBAND.swiss<br \/>\n10:10\u00a0\u00a0 Training: Erstelle deine Online Pr\u00e4senz und interagiere mit deinem Publikum<br \/>\n10:25\u00a0\u00a0 Training: Verwalte deine Online Pr\u00e4senz und erstelle effektive Werbeanzeigen<br \/>\n10:40\u00a0\u00a0 Training: Generiere Ums\u00e4tze mit Facebook und Instagram<br \/>\n10:55\u00a0\u00a0 Live Q&amp;A<br \/>\n11:15\u00a0\u00a0 Ende<\/p>\n<p><strong>Programm Nachmittag<br \/>\n<\/strong>18:00-19:30\u00a0\u00a0 Facebook Gruppen: Features, Tipps, Neuigkeiten<\/p>\n<p>In beiden Sessions haben wir ausreichend Zeit f\u00fcr eure Fragen eingeplant.<br \/>\nWir freuen uns auf euch!<\/p>\n<p><strong><a href=\"https:\/\/digitaldurchstartenschweiz.splashthat.com\/\" target=\"_blank\" rel=\"noopener noreferrer\">Zur Anmeldung<\/a><\/strong><\/p>\n<p>&nbsp;<\/p>\n","protected":false},"author":4578,"featured_media":0,"menu_order":0,"comment_status":"open","ping_status":"closed","template":"","meta":{"_acf_changed":false},"tags":[],"event_type":[],"event_type_2":[],"class_list":["post-19606","ajde_events","type-ajde_events","status-publish","hentry","event_location-webinar","event_organizer-facebook-germany-gmbh"],"acf":[],"yoast_head":"<!-- This site is optimized with the Yoast SEO plugin v27.5 - https:\/\/yoast.com\/product\/yoast-seo-wordpress\/ -->\n<title>Webinar &quot;Digital Durchstarten Schweiz&quot; - HANDELSVERBAND. swiss<\/title>\n<meta name=\"robots\" content=\"index, follow, max-snippet:-1, max-image-preview:large, max-video-preview:-1\" \/>\n<meta property=\"og:locale\" content=\"fr_FR\" \/>\n<meta property=\"og:type\" content=\"article\" \/>\n<meta property=\"og:title\" content=\"Webinar &quot;Digital Durchstarten Schweiz&quot; - HANDELSVERBAND. swiss\" \/>\n<meta property=\"og:description\" content=\"Kleine und mittlere Unternehmen (KMU)\" \/>\n<meta property=\"og:url\" content=\"https:\/\/handelsverband.swiss\/fr\/events\/webinar-digital-durchstarten-schweiz\/\" \/>\n<meta property=\"og:site_name\" content=\"HANDELSVERBAND. swiss\" \/>\n<meta property=\"article:modified_time\" content=\"2020-11-26T10:29:16+00:00\" \/>\n<meta name=\"twitter:card\" content=\"summary_large_image\" \/>\n<meta name=\"twitter:label1\" content=\"Est. reading time\" \/>\n\t<meta name=\"twitter:data1\" content=\"1 minute\" \/>\n<script type=\"application\/ld+json\" class=\"yoast-schema-graph\">{\"@context\":\"https:\\\/\\\/schema.org\",\"@graph\":[{\"@type\":\"WebPage\",\"@id\":\"https:\\\/\\\/handelsverband.swiss\\\/fr\\\/events\\\/webinar-digital-durchstarten-schweiz\\\/\",\"url\":\"https:\\\/\\\/handelsverband.swiss\\\/fr\\\/events\\\/webinar-digital-durchstarten-schweiz\\\/\",\"name\":\"Webinar \\\"Digital Durchstarten Schweiz\\\" - HANDELSVERBAND. swiss\",\"isPartOf\":{\"@id\":\"https:\\\/\\\/handelsverband.swiss\\\/#website\"},\"datePublished\":\"2020-11-26T10:24:37+00:00\",\"dateModified\":\"2020-11-26T10:29:16+00:00\",\"breadcrumb\":{\"@id\":\"https:\\\/\\\/handelsverband.swiss\\\/fr\\\/events\\\/webinar-digital-durchstarten-schweiz\\\/#breadcrumb\"},\"inLanguage\":\"fr-FR\",\"potentialAction\":[{\"@type\":\"ReadAction\",\"target\":[\"https:\\\/\\\/handelsverband.swiss\\\/fr\\\/events\\\/webinar-digital-durchstarten-schweiz\\\/\"]}]},{\"@type\":\"BreadcrumbList\",\"@id\":\"https:\\\/\\\/handelsverband.swiss\\\/fr\\\/events\\\/webinar-digital-durchstarten-schweiz\\\/#breadcrumb\",\"itemListElement\":[{\"@type\":\"ListItem\",\"position\":1,\"name\":\"Startseite\",\"item\":\"https:\\\/\\\/handelsverband.swiss\\\/fr\\\/\"},{\"@type\":\"ListItem\",\"position\":2,\"name\":\"Events\",\"item\":\"https:\\\/\\\/handelsverband.swiss\\\/events\\\/\"},{\"@type\":\"ListItem\",\"position\":3,\"name\":\"Webinar &#8220;Digital Durchstarten Schweiz&#8221;\"}]},{\"@type\":\"WebSite\",\"@id\":\"https:\\\/\\\/handelsverband.swiss\\\/#website\",\"url\":\"https:\\\/\\\/handelsverband.swiss\\\/\",\"name\":\"HANDELSVERBAND.swiss\",\"description\":\"ASSOCIATION DE COMMERCE.swiss\",\"publisher\":{\"@id\":\"https:\\\/\\\/handelsverband.swiss\\\/#organization\"},\"potentialAction\":[{\"@type\":\"SearchAction\",\"target\":{\"@type\":\"EntryPoint\",\"urlTemplate\":\"https:\\\/\\\/handelsverband.swiss\\\/?s={search_term_string}\"},\"query-input\":{\"@type\":\"PropertyValueSpecification\",\"valueRequired\":true,\"valueName\":\"search_term_string\"}}],\"inLanguage\":\"fr-FR\"},{\"@type\":\"Organization\",\"@id\":\"https:\\\/\\\/handelsverband.swiss\\\/#organization\",\"name\":\"HANDELSVERBAND.swiss\",\"url\":\"https:\\\/\\\/handelsverband.swiss\\\/\",\"logo\":{\"@type\":\"ImageObject\",\"inLanguage\":\"fr-FR\",\"@id\":\"https:\\\/\\\/handelsverband.swiss\\\/#\\\/schema\\\/logo\\\/image\\\/\",\"url\":\"https:\\\/\\\/handelsverband.swiss\\\/wp-content\\\/uploads\\\/2020\\\/03\\\/hv_brand_rgb.png\",\"contentUrl\":\"https:\\\/\\\/handelsverband.swiss\\\/wp-content\\\/uploads\\\/2020\\\/03\\\/hv_brand_rgb.png\",\"width\":1714,\"height\":472,\"caption\":\"HANDELSVERBAND.swiss\"},\"image\":{\"@id\":\"https:\\\/\\\/handelsverband.swiss\\\/#\\\/schema\\\/logo\\\/image\\\/\"}}]}<\/script>\n<!-- \/ Yoast SEO plugin. -->","yoast_head_json":{"title":"Webinar \"Digital Durchstarten Schweiz\" - HANDELSVERBAND. swiss","robots":{"index":"index","follow":"follow","max-snippet":"max-snippet:-1","max-image-preview":"max-image-preview:large","max-video-preview":"max-video-preview:-1"},"og_locale":"fr_FR","og_type":"article","og_title":"Webinar \"Digital Durchstarten Schweiz\" - HANDELSVERBAND. swiss","og_description":"Kleine und mittlere Unternehmen (KMU)","og_url":"https:\/\/handelsverband.swiss\/fr\/events\/webinar-digital-durchstarten-schweiz\/","og_site_name":"HANDELSVERBAND. swiss","article_modified_time":"2020-11-26T10:29:16+00:00","twitter_card":"summary_large_image","twitter_misc":{"Est. reading time":"1 minute"},"schema":{"@context":"https:\/\/schema.org","@graph":[{"@type":"WebPage","@id":"https:\/\/handelsverband.swiss\/fr\/events\/webinar-digital-durchstarten-schweiz\/","url":"https:\/\/handelsverband.swiss\/fr\/events\/webinar-digital-durchstarten-schweiz\/","name":"Webinar \"Digital Durchstarten Schweiz\" - HANDELSVERBAND. swiss","isPartOf":{"@id":"https:\/\/handelsverband.swiss\/#website"},"datePublished":"2020-11-26T10:24:37+00:00","dateModified":"2020-11-26T10:29:16+00:00","breadcrumb":{"@id":"https:\/\/handelsverband.swiss\/fr\/events\/webinar-digital-durchstarten-schweiz\/#breadcrumb"},"inLanguage":"fr-FR","potentialAction":[{"@type":"ReadAction","target":["https:\/\/handelsverband.swiss\/fr\/events\/webinar-digital-durchstarten-schweiz\/"]}]},{"@type":"BreadcrumbList","@id":"https:\/\/handelsverband.swiss\/fr\/events\/webinar-digital-durchstarten-schweiz\/#breadcrumb","itemListElement":[{"@type":"ListItem","position":1,"name":"Startseite","item":"https:\/\/handelsverband.swiss\/fr\/"},{"@type":"ListItem","position":2,"name":"Events","item":"https:\/\/handelsverband.swiss\/events\/"},{"@type":"ListItem","position":3,"name":"Webinar &#8220;Digital Durchstarten Schweiz&#8221;"}]},{"@type":"WebSite","@id":"https:\/\/handelsverband.swiss\/#website","url":"https:\/\/handelsverband.swiss\/","name":"HANDELSVERBAND.swiss","description":"ASSOCIATION DE COMMERCE.swiss","publisher":{"@id":"https:\/\/handelsverband.swiss\/#organization"},"potentialAction":[{"@type":"SearchAction","target":{"@type":"EntryPoint","urlTemplate":"https:\/\/handelsverband.swiss\/?s={search_term_string}"},"query-input":{"@type":"PropertyValueSpecification","valueRequired":true,"valueName":"search_term_string"}}],"inLanguage":"fr-FR"},{"@type":"Organization","@id":"https:\/\/handelsverband.swiss\/#organization","name":"HANDELSVERBAND.swiss","url":"https:\/\/handelsverband.swiss\/","logo":{"@type":"ImageObject","inLanguage":"fr-FR","@id":"https:\/\/handelsverband.swiss\/#\/schema\/logo\/image\/","url":"https:\/\/handelsverband.swiss\/wp-content\/uploads\/2020\/03\/hv_brand_rgb.png","contentUrl":"https:\/\/handelsverband.swiss\/wp-content\/uploads\/2020\/03\/hv_brand_rgb.png","width":1714,"height":472,"caption":"HANDELSVERBAND.swiss"},"image":{"@id":"https:\/\/handelsverband.swiss\/#\/schema\/logo\/image\/"}}]}},"_links":{"self":[{"href":"https:\/\/handelsverband.swiss\/fr\/wp-json\/wp\/v2\/ajde_events\/19606","targetHints":{"allow":["GET"]}}],"collection":[{"href":"https:\/\/handelsverband.swiss\/fr\/wp-json\/wp\/v2\/ajde_events"}],"about":[{"href":"https:\/\/handelsverband.swiss\/fr\/wp-json\/wp\/v2\/types\/ajde_events"}],"author":[{"embeddable":true,"href":"https:\/\/handelsverband.swiss\/fr\/wp-json\/wp\/v2\/users\/4578"}],"replies":[{"embeddable":true,"href":"https:\/\/handelsverband.swiss\/fr\/wp-json\/wp\/v2\/comments?post=19606"}],"wp:attachment":[{"href":"https:\/\/handelsverband.swiss\/fr\/wp-json\/wp\/v2\/media?parent=19606"}],"wp:term":[{"taxonomy":"post_tag","embeddable":true,"href":"https:\/\/handelsverband.swiss\/fr\/wp-json\/wp\/v2\/tags?post=19606"},{"taxonomy":"event_type","embeddable":true,"href":"https:\/\/handelsverband.swiss\/fr\/wp-json\/wp\/v2\/event_type?post=19606"},{"taxonomy":"event_type_2","embeddable":true,"href":"https:\/\/handelsverband.swiss\/fr\/wp-json\/wp\/v2\/event_type_2?post=19606"}],"curies":[{"name":"wp","href":"https:\/\/api.w.org\/{rel}","templated":true}]}}

<p>Kleine und mittlere Unternehmen (KMU) sind das Herzstück der Schweizer Wirtschaft. Gleichzeitig stehen sie aufgrund der Corona-Pandemie aktuell vor grossen Herausforderungen. Um Schweizer KMU bestmöglich in der Krise zu unterstützen, bringt Facebook &#8211; in Zusammenarbeit mit dem HANDELSVERBAND.swiss &#8211; seinen “Digital Durchstarten”-Workshop am 9. Dezember 2020 virtuell in die Schweiz. &#8220;Digital Durchstarten” ist eine Initiative von Facebook, mit der Millionen von Menschen und Unternehmen aus Europa in digitalen Kompetenzen geschult werden.</p>
<p>Wir haben den Tag in zwei Sessions unterteilt. Am Vormittag geben die Facebook-Experten aus erster Hand Tipps, wie Unternehmen rasch eine Online-Präsenz erstellen können, was man dabei beachten sollte und wie man in der aktuellen Situation Umsatz mithilfe von Facebook und Instagram generieren kann. Am Nachmittag zeigen wir Gruppen und Administratoren die neuesten Tools und Features und möchten ein Forum für Schweizer Facebook Gruppen schaffen, um sich gegenseitig auszutauschen und zu inspirieren.</p>
<p><strong>Programm Vormittag<br />
</strong>10:00   Eröffnung durch Tino Krause, Country Director DACH Facebook<br />
10:05   Eröffnung durch Patrick Kessler, Geschäftsführer HANDELSVERBAND.swiss<br />
10:10   Training: Erstelle deine Online Präsenz und interagiere mit deinem Publikum<br />
10:25   Training: Verwalte deine Online Präsenz und erstelle effektive Werbeanzeigen<br />
10:40   Training: Generiere Umsätze mit Facebook und Instagram<br />
10:55   Live Q&amp;A<br />
11:15   Ende</p>
<p><strong>Programm Nachmittag<br />
</strong>18:00-19:30   Facebook Gruppen: Features, Tipps, Neuigkeiten</p>
<p>In beiden Sessions haben wir ausreichend Zeit für eure Fragen eingeplant.<br />
Wir freuen uns auf euch!</p>
<p><strong><a href="https://digitaldurchstartenschweiz.splashthat.com/" target="_blank" rel="noopener noreferrer">Zur Anmeldung</a></strong></p>
<p>&nbsp;</p>
