{"id":19910,"date":"2021-01-25T14:36:47","date_gmt":"2021-01-25T13:36:47","guid":{"rendered":"https:\/\/handelsverband.swiss\/?post_type=ajde_events&#038;p=19910"},"modified":"2021-02-01T08:33:13","modified_gmt":"2021-02-01T07:33:13","slug":"dept-talks-live-3","status":"publish","type":"ajde_events","link":"https:\/\/handelsverband.swiss\/fr\/events\/dept-talks-live-3\/","title":{"rendered":"Dept Talks Live"},"content":{"rendered":"<p class=\"u-text--intro\">Neben den Herausforderungen und Unsicherheiten war 2020 auch ein Jahr der Innovation und des Wachstums, besonders im Digitalen.<\/p>\n<p>Was wird davon im 2021 bleiben? M\u00fcssen wir die Zukunft viral neu denken? Wie kann die Krise f\u00fcr uns als globale Gesellschaft einen Wandel einleiten? Und welche f\u00fcnf Adjektive beschreiben The Next Big Thing?<\/p>\n<p>Schauen Sie bei Dept Talks Live vom 11. Februar 2021 mit drei Experten in die Kristallkugel.<\/p>\n<p>17.00 &#8211; 17.30\u00a0 \u00a0Virale Trends<br \/>\n<em>\u00a0 \u00a0 \u00a0 \u00a0 \u00a0 \u00a0 \u00a0 \u00a0 \u00a0 \u00a0 \u00a0 \u00a0 \u00a0 \u00a0Jo\u00ebl Luc Cachelin, Zukunftsgestalter, Wissensfabrik<\/em><\/p>\n<p>17.30 &#8211; 18.00\u00a0 \u00a0Die Chance zum Neustart<br \/>\n<em>\u00a0 \u00a0 \u00a0 \u00a0 \u00a0 \u00a0 \u00a0 \u00a0 \u00a0 \u00a0 \u00a0 \u00a0 \u00a0 Ruben Wegmann, Strategie Director, HINDERLING VOLKART PART OF DEPT<\/em><\/p>\n<p>18.00 &#8211; 18.30\u00a0 \u00a0Data-Driven Marketing: Vom Risiko zur Chance<br \/>\n<em>\u00a0 \u00a0 \u00a0 \u00a0 \u00a0 \u00a0 \u00a0 \u00a0 \u00a0 \u00a0 \u00a0 \u00a0 \u00a0 Max Pinas, Creative Director, DEPT<\/em><\/p>\n<p>&nbsp;<\/p>\n<p><a href=\"https:\/\/www.deptagency.com\/de-ch\/event\/dept-talks-live-trends-2021\/\" target=\"_blank\" rel=\"noopener\"><strong>Detailliertes Programm und Anmeldung<\/strong><\/a><\/p>\n","protected":false},"author":4578,"featured_media":-1,"menu_order":0,"comment_status":"open","ping_status":"closed","template":"","meta":{"_acf_changed":false},"tags":[],"event_type":[],"event_type_2":[],"class_list":["post-19910","ajde_events","type-ajde_events","status-publish","has-post-thumbnail","hentry","event_location-webinar","event_organizer-dept-digital-marketing-ag"],"acf":[],"yoast_head":"<!-- This site is optimized with the Yoast SEO plugin v27.5 - https:\/\/yoast.com\/product\/yoast-seo-wordpress\/ -->\n<title>Dept Talks Live - HANDELSVERBAND. swiss<\/title>\n<meta name=\"robots\" content=\"index, follow, max-snippet:-1, max-image-preview:large, max-video-preview:-1\" \/>\n<meta property=\"og:locale\" content=\"fr_FR\" \/>\n<meta property=\"og:type\" content=\"article\" \/>\n<meta property=\"og:title\" content=\"Dept Talks Live - HANDELSVERBAND. swiss\" \/>\n<meta property=\"og:description\" content=\"Neben den Herausforderungen und Unsicherheiten\" \/>\n<meta property=\"og:url\" content=\"https:\/\/handelsverband.swiss\/fr\/events\/dept-talks-live-3\/\" \/>\n<meta property=\"og:site_name\" content=\"HANDELSVERBAND. swiss\" \/>\n<meta property=\"article:modified_time\" content=\"2021-02-01T07:33:13+00:00\" \/>\n<meta name=\"twitter:card\" content=\"summary_large_image\" \/>\n<meta name=\"twitter:label1\" content=\"Est. reading time\" \/>\n\t<meta name=\"twitter:data1\" content=\"1 minute\" \/>\n<script type=\"application\/ld+json\" class=\"yoast-schema-graph\">{\"@context\":\"https:\\\/\\\/schema.org\",\"@graph\":[{\"@type\":\"WebPage\",\"@id\":\"https:\\\/\\\/handelsverband.swiss\\\/fr\\\/events\\\/dept-talks-live-3\\\/\",\"url\":\"https:\\\/\\\/handelsverband.swiss\\\/fr\\\/events\\\/dept-talks-live-3\\\/\",\"name\":\"Dept Talks Live - HANDELSVERBAND. swiss\",\"isPartOf\":{\"@id\":\"https:\\\/\\\/handelsverband.swiss\\\/#website\"},\"datePublished\":\"2021-01-25T13:36:47+00:00\",\"dateModified\":\"2021-02-01T07:33:13+00:00\",\"breadcrumb\":{\"@id\":\"https:\\\/\\\/handelsverband.swiss\\\/fr\\\/events\\\/dept-talks-live-3\\\/#breadcrumb\"},\"inLanguage\":\"fr-FR\",\"potentialAction\":[{\"@type\":\"ReadAction\",\"target\":[\"https:\\\/\\\/handelsverband.swiss\\\/fr\\\/events\\\/dept-talks-live-3\\\/\"]}]},{\"@type\":\"BreadcrumbList\",\"@id\":\"https:\\\/\\\/handelsverband.swiss\\\/fr\\\/events\\\/dept-talks-live-3\\\/#breadcrumb\",\"itemListElement\":[{\"@type\":\"ListItem\",\"position\":1,\"name\":\"Startseite\",\"item\":\"https:\\\/\\\/handelsverband.swiss\\\/fr\\\/\"},{\"@type\":\"ListItem\",\"position\":2,\"name\":\"Events\",\"item\":\"https:\\\/\\\/handelsverband.swiss\\\/events\\\/\"},{\"@type\":\"ListItem\",\"position\":3,\"name\":\"Dept Talks Live\"}]},{\"@type\":\"WebSite\",\"@id\":\"https:\\\/\\\/handelsverband.swiss\\\/#website\",\"url\":\"https:\\\/\\\/handelsverband.swiss\\\/\",\"name\":\"HANDELSVERBAND.swiss\",\"description\":\"ASSOCIATION DE COMMERCE.swiss\",\"publisher\":{\"@id\":\"https:\\\/\\\/handelsverband.swiss\\\/#organization\"},\"potentialAction\":[{\"@type\":\"SearchAction\",\"target\":{\"@type\":\"EntryPoint\",\"urlTemplate\":\"https:\\\/\\\/handelsverband.swiss\\\/?s={search_term_string}\"},\"query-input\":{\"@type\":\"PropertyValueSpecification\",\"valueRequired\":true,\"valueName\":\"search_term_string\"}}],\"inLanguage\":\"fr-FR\"},{\"@type\":\"Organization\",\"@id\":\"https:\\\/\\\/handelsverband.swiss\\\/#organization\",\"name\":\"HANDELSVERBAND.swiss\",\"url\":\"https:\\\/\\\/handelsverband.swiss\\\/\",\"logo\":{\"@type\":\"ImageObject\",\"inLanguage\":\"fr-FR\",\"@id\":\"https:\\\/\\\/handelsverband.swiss\\\/#\\\/schema\\\/logo\\\/image\\\/\",\"url\":\"https:\\\/\\\/handelsverband.swiss\\\/wp-content\\\/uploads\\\/2020\\\/03\\\/hv_brand_rgb.png\",\"contentUrl\":\"https:\\\/\\\/handelsverband.swiss\\\/wp-content\\\/uploads\\\/2020\\\/03\\\/hv_brand_rgb.png\",\"width\":1714,\"height\":472,\"caption\":\"HANDELSVERBAND.swiss\"},\"image\":{\"@id\":\"https:\\\/\\\/handelsverband.swiss\\\/#\\\/schema\\\/logo\\\/image\\\/\"}}]}<\/script>\n<!-- \/ Yoast SEO plugin. -->","yoast_head_json":{"title":"Dept Talks Live - HANDELSVERBAND. swiss","robots":{"index":"index","follow":"follow","max-snippet":"max-snippet:-1","max-image-preview":"max-image-preview:large","max-video-preview":"max-video-preview:-1"},"og_locale":"fr_FR","og_type":"article","og_title":"Dept Talks Live - HANDELSVERBAND. swiss","og_description":"Neben den Herausforderungen und Unsicherheiten","og_url":"https:\/\/handelsverband.swiss\/fr\/events\/dept-talks-live-3\/","og_site_name":"HANDELSVERBAND. swiss","article_modified_time":"2021-02-01T07:33:13+00:00","twitter_card":"summary_large_image","twitter_misc":{"Est. reading time":"1 minute"},"schema":{"@context":"https:\/\/schema.org","@graph":[{"@type":"WebPage","@id":"https:\/\/handelsverband.swiss\/fr\/events\/dept-talks-live-3\/","url":"https:\/\/handelsverband.swiss\/fr\/events\/dept-talks-live-3\/","name":"Dept Talks Live - HANDELSVERBAND. swiss","isPartOf":{"@id":"https:\/\/handelsverband.swiss\/#website"},"datePublished":"2021-01-25T13:36:47+00:00","dateModified":"2021-02-01T07:33:13+00:00","breadcrumb":{"@id":"https:\/\/handelsverband.swiss\/fr\/events\/dept-talks-live-3\/#breadcrumb"},"inLanguage":"fr-FR","potentialAction":[{"@type":"ReadAction","target":["https:\/\/handelsverband.swiss\/fr\/events\/dept-talks-live-3\/"]}]},{"@type":"BreadcrumbList","@id":"https:\/\/handelsverband.swiss\/fr\/events\/dept-talks-live-3\/#breadcrumb","itemListElement":[{"@type":"ListItem","position":1,"name":"Startseite","item":"https:\/\/handelsverband.swiss\/fr\/"},{"@type":"ListItem","position":2,"name":"Events","item":"https:\/\/handelsverband.swiss\/events\/"},{"@type":"ListItem","position":3,"name":"Dept Talks Live"}]},{"@type":"WebSite","@id":"https:\/\/handelsverband.swiss\/#website","url":"https:\/\/handelsverband.swiss\/","name":"HANDELSVERBAND.swiss","description":"ASSOCIATION DE COMMERCE.swiss","publisher":{"@id":"https:\/\/handelsverband.swiss\/#organization"},"potentialAction":[{"@type":"SearchAction","target":{"@type":"EntryPoint","urlTemplate":"https:\/\/handelsverband.swiss\/?s={search_term_string}"},"query-input":{"@type":"PropertyValueSpecification","valueRequired":true,"valueName":"search_term_string"}}],"inLanguage":"fr-FR"},{"@type":"Organization","@id":"https:\/\/handelsverband.swiss\/#organization","name":"HANDELSVERBAND.swiss","url":"https:\/\/handelsverband.swiss\/","logo":{"@type":"ImageObject","inLanguage":"fr-FR","@id":"https:\/\/handelsverband.swiss\/#\/schema\/logo\/image\/","url":"https:\/\/handelsverband.swiss\/wp-content\/uploads\/2020\/03\/hv_brand_rgb.png","contentUrl":"https:\/\/handelsverband.swiss\/wp-content\/uploads\/2020\/03\/hv_brand_rgb.png","width":1714,"height":472,"caption":"HANDELSVERBAND.swiss"},"image":{"@id":"https:\/\/handelsverband.swiss\/#\/schema\/logo\/image\/"}}]}},"_links":{"self":[{"href":"https:\/\/handelsverband.swiss\/fr\/wp-json\/wp\/v2\/ajde_events\/19910","targetHints":{"allow":["GET"]}}],"collection":[{"href":"https:\/\/handelsverband.swiss\/fr\/wp-json\/wp\/v2\/ajde_events"}],"about":[{"href":"https:\/\/handelsverband.swiss\/fr\/wp-json\/wp\/v2\/types\/ajde_events"}],"author":[{"embeddable":true,"href":"https:\/\/handelsverband.swiss\/fr\/wp-json\/wp\/v2\/users\/4578"}],"replies":[{"embeddable":true,"href":"https:\/\/handelsverband.swiss\/fr\/wp-json\/wp\/v2\/comments?post=19910"}],"wp:featuredmedia":[{"embeddable":true,"href":"https:\/\/handelsverband.swiss\/fr\/wp-json\/"}],"wp:attachment":[{"href":"https:\/\/handelsverband.swiss\/fr\/wp-json\/wp\/v2\/media?parent=19910"}],"wp:term":[{"taxonomy":"post_tag","embeddable":true,"href":"https:\/\/handelsverband.swiss\/fr\/wp-json\/wp\/v2\/tags?post=19910"},{"taxonomy":"event_type","embeddable":true,"href":"https:\/\/handelsverband.swiss\/fr\/wp-json\/wp\/v2\/event_type?post=19910"},{"taxonomy":"event_type_2","embeddable":true,"href":"https:\/\/handelsverband.swiss\/fr\/wp-json\/wp\/v2\/event_type_2?post=19910"}],"curies":[{"name":"wp","href":"https:\/\/api.w.org\/{rel}","templated":true}]}}

<p class="u-text--intro">Neben den Herausforderungen und Unsicherheiten war 2020 auch ein Jahr der Innovation und des Wachstums, besonders im Digitalen.</p>
<p>Was wird davon im 2021 bleiben? Müssen wir die Zukunft viral neu denken? Wie kann die Krise für uns als globale Gesellschaft einen Wandel einleiten? Und welche fünf Adjektive beschreiben The Next Big Thing?</p>
<p>Schauen Sie bei Dept Talks Live vom 11. Februar 2021 mit drei Experten in die Kristallkugel.</p>
<p>17.00 &#8211; 17.30   Virale Trends<br />
<em>                           Joël Luc Cachelin, Zukunftsgestalter, Wissensfabrik</em></p>
<p>17.30 &#8211; 18.00   Die Chance zum Neustart<br />
<em>                          Ruben Wegmann, Strategie Director, HINDERLING VOLKART PART OF DEPT</em></p>
<p>18.00 &#8211; 18.30   Data-Driven Marketing: Vom Risiko zur Chance<br />
<em>                          Max Pinas, Creative Director, DEPT</em></p>
<p>&nbsp;</p>
<p><a href="https://www.deptagency.com/de-ch/event/dept-talks-live-trends-2021/" target="_blank" rel="noopener"><strong>Detailliertes Programm und Anmeldung</strong></a></p>
