{"id":19976,"date":"2021-02-16T11:19:01","date_gmt":"2021-02-16T10:19:01","guid":{"rendered":"https:\/\/handelsverband.swiss\/?post_type=ajde_events&#038;p=19976"},"modified":"2021-03-03T10:12:19","modified_gmt":"2021-03-03T09:12:19","slug":"webinaire-avec-facebook","status":"publish","type":"ajde_events","link":"https:\/\/handelsverband.swiss\/fr\/events\/webinaire-avec-facebook\/","title":{"rendered":"Webinaire : Boost with Facebook &#8211; Suisse Romande"},"content":{"rendered":"<p>Les petites et moyennes entreprises (PME) sont au c\u0153ur de l&#8217;\u00e9conomie suisse et sont actuellement confront\u00e9es \u00e0 des d\u00e9fis majeurs en raison de la pand\u00e9mie de Corona.<\/p>\n<p>Afin de soutenir au mieux les PME suisses pendant la crise, Facebook &#8211; en collaboration avec l&#8217;ASSOCIATON DE COMMERCE.swiss &#8211; propose son atelier \u00ab Boost with Facebook \u00bb en Suisse Romande de mani\u00e8re virtuelle. Boost with Facebook est une initiative de Facebook visant \u00e0 former des millions de personnes et d&#8217;entreprises de l&#8217;UE aux comp\u00e9tences num\u00e9riques.<\/p>\n<p><strong>Le 18 mars 2021 de 10h \u00e0 11h, le programme se rendra pour la premi\u00e8re fois en Suisse Romande<\/strong> &#8211; du moins virtuellement &#8211; et vise \u00e0 pr\u00e9senter aux entrepreneurs locaux de petites et moyennes entreprises les fonctions les plus importantes de nos plateformes.<\/p>\n<p>Dans ce webinaire, Amel, Silvano et Paul vous montreront comment \u00e9tablir et g\u00e9rer votre pr\u00e9sence en ligne, ce qu&#8217;il faut garder \u00e0 l&#8217;esprit et, enfin et surtout, comment g\u00e9n\u00e9rer des revenus en utilisant Facebook et Instagram &#8211; m\u00eame dans la situation actuelle.<\/p>\n<p><strong>Programme :<\/strong><br \/>\n10h00\u00a0 \u00a0 \u00a0Accueil par Facebook<br \/>\n10h02\u00a0 \u00a0 \u00a0Accueil par l&#8217;ASSOCIATION DE COMMERCE.swiss<br \/>\n<em>\u00a0 \u00a0 \u00a0 \u00a0 \u00a0 \u00a0 \u00a0 \u00a0 Nadine Baeriswyl, ASSOCIATION DE COMMERCE.swiss<\/em><br \/>\n10h05\u00a0 \u00a0 \u00a0Cr\u00e9ez votre pr\u00e9sence en ligne<br \/>\n<em>\u00a0 \u00a0 \u00a0 \u00a0 \u00a0 \u00a0 \u00a0 \u00a0 Amel Aounallah, Facebook<\/em><br \/>\n10h20\u00a0 \u00a0 \u00a0G\u00e9rer votre pr\u00e9sence en ligne et cr\u00e9er des strat\u00e9gies publicitaires efficaces<br \/>\n<em>\u00a0 \u00a0 \u00a0 \u00a0 \u00a0 \u00a0 \u00a0 \u00a0 Silvano Senn, Facebook<\/em><br \/>\n10h35\u00a0 \u00a0 \u00a0G\u00e9n\u00e9rer des revenus avec Facebook et Instagram<br \/>\n<em>\u00a0 \u00a0 \u00a0 \u00a0 \u00a0 \u00a0 \u00a0 \u00a0 Paul Wiedmeier, Facebook<\/em><br \/>\n10h50\u00a0 \u00a0 \u00a0Question et r\u00e9ponses en direct<\/p>\n<p><a href=\"https:\/\/boostwithfacebooksuisseromande.splashthat.com\/\" target=\"_blank\" rel=\"noopener\"><strong>Inscription<\/strong><\/a><\/p>\n<p>&nbsp;<\/p>\n<p>&nbsp;<\/p>\n","protected":false},"author":4578,"featured_media":-1,"menu_order":0,"comment_status":"open","ping_status":"closed","template":"","meta":{"_acf_changed":false},"tags":[],"event_type":[],"event_type_2":[],"class_list":["post-19976","ajde_events","type-ajde_events","status-publish","has-post-thumbnail","hentry","event_location-webinar","event_organizer-facebook-germany-gmbh"],"acf":[],"yoast_head":"<!-- This site is optimized with the Yoast SEO plugin v27.5 - https:\/\/yoast.com\/product\/yoast-seo-wordpress\/ -->\n<title>Webinaire : Boost with Facebook - Suisse Romande - HANDELSVERBAND. swiss<\/title>\n<meta name=\"robots\" content=\"index, follow, max-snippet:-1, max-image-preview:large, max-video-preview:-1\" \/>\n<meta property=\"og:locale\" content=\"fr_FR\" \/>\n<meta property=\"og:type\" content=\"article\" \/>\n<meta property=\"og:title\" content=\"Webinaire : Boost with Facebook - Suisse Romande - HANDELSVERBAND. swiss\" \/>\n<meta property=\"og:description\" content=\"Les petites et moyennes entreprises\" \/>\n<meta property=\"og:url\" content=\"https:\/\/handelsverband.swiss\/fr\/events\/webinaire-avec-facebook\/\" \/>\n<meta property=\"og:site_name\" content=\"HANDELSVERBAND. swiss\" \/>\n<meta property=\"article:modified_time\" content=\"2021-03-03T09:12:19+00:00\" \/>\n<meta name=\"twitter:card\" content=\"summary_large_image\" \/>\n<meta name=\"twitter:label1\" content=\"Est. reading time\" \/>\n\t<meta name=\"twitter:data1\" content=\"1 minute\" \/>\n<script type=\"application\/ld+json\" class=\"yoast-schema-graph\">{\"@context\":\"https:\\\/\\\/schema.org\",\"@graph\":[{\"@type\":\"WebPage\",\"@id\":\"https:\\\/\\\/handelsverband.swiss\\\/fr\\\/events\\\/webinaire-avec-facebook\\\/\",\"url\":\"https:\\\/\\\/handelsverband.swiss\\\/fr\\\/events\\\/webinaire-avec-facebook\\\/\",\"name\":\"Webinaire : Boost with Facebook - Suisse Romande - HANDELSVERBAND. swiss\",\"isPartOf\":{\"@id\":\"https:\\\/\\\/handelsverband.swiss\\\/#website\"},\"datePublished\":\"2021-02-16T10:19:01+00:00\",\"dateModified\":\"2021-03-03T09:12:19+00:00\",\"breadcrumb\":{\"@id\":\"https:\\\/\\\/handelsverband.swiss\\\/fr\\\/events\\\/webinaire-avec-facebook\\\/#breadcrumb\"},\"inLanguage\":\"fr-FR\",\"potentialAction\":[{\"@type\":\"ReadAction\",\"target\":[\"https:\\\/\\\/handelsverband.swiss\\\/fr\\\/events\\\/webinaire-avec-facebook\\\/\"]}]},{\"@type\":\"BreadcrumbList\",\"@id\":\"https:\\\/\\\/handelsverband.swiss\\\/fr\\\/events\\\/webinaire-avec-facebook\\\/#breadcrumb\",\"itemListElement\":[{\"@type\":\"ListItem\",\"position\":1,\"name\":\"Startseite\",\"item\":\"https:\\\/\\\/handelsverband.swiss\\\/fr\\\/\"},{\"@type\":\"ListItem\",\"position\":2,\"name\":\"Events\",\"item\":\"https:\\\/\\\/handelsverband.swiss\\\/events\\\/\"},{\"@type\":\"ListItem\",\"position\":3,\"name\":\"Webinaire : Boost with Facebook &#8211; Suisse Romande\"}]},{\"@type\":\"WebSite\",\"@id\":\"https:\\\/\\\/handelsverband.swiss\\\/#website\",\"url\":\"https:\\\/\\\/handelsverband.swiss\\\/\",\"name\":\"HANDELSVERBAND.swiss\",\"description\":\"ASSOCIATION DE COMMERCE.swiss\",\"publisher\":{\"@id\":\"https:\\\/\\\/handelsverband.swiss\\\/#organization\"},\"potentialAction\":[{\"@type\":\"SearchAction\",\"target\":{\"@type\":\"EntryPoint\",\"urlTemplate\":\"https:\\\/\\\/handelsverband.swiss\\\/?s={search_term_string}\"},\"query-input\":{\"@type\":\"PropertyValueSpecification\",\"valueRequired\":true,\"valueName\":\"search_term_string\"}}],\"inLanguage\":\"fr-FR\"},{\"@type\":\"Organization\",\"@id\":\"https:\\\/\\\/handelsverband.swiss\\\/#organization\",\"name\":\"HANDELSVERBAND.swiss\",\"url\":\"https:\\\/\\\/handelsverband.swiss\\\/\",\"logo\":{\"@type\":\"ImageObject\",\"inLanguage\":\"fr-FR\",\"@id\":\"https:\\\/\\\/handelsverband.swiss\\\/#\\\/schema\\\/logo\\\/image\\\/\",\"url\":\"https:\\\/\\\/handelsverband.swiss\\\/wp-content\\\/uploads\\\/2020\\\/03\\\/hv_brand_rgb.png\",\"contentUrl\":\"https:\\\/\\\/handelsverband.swiss\\\/wp-content\\\/uploads\\\/2020\\\/03\\\/hv_brand_rgb.png\",\"width\":1714,\"height\":472,\"caption\":\"HANDELSVERBAND.swiss\"},\"image\":{\"@id\":\"https:\\\/\\\/handelsverband.swiss\\\/#\\\/schema\\\/logo\\\/image\\\/\"}}]}<\/script>\n<!-- \/ Yoast SEO plugin. -->","yoast_head_json":{"title":"Webinaire : Boost with Facebook - Suisse Romande - HANDELSVERBAND. swiss","robots":{"index":"index","follow":"follow","max-snippet":"max-snippet:-1","max-image-preview":"max-image-preview:large","max-video-preview":"max-video-preview:-1"},"og_locale":"fr_FR","og_type":"article","og_title":"Webinaire : Boost with Facebook - Suisse Romande - HANDELSVERBAND. swiss","og_description":"Les petites et moyennes entreprises","og_url":"https:\/\/handelsverband.swiss\/fr\/events\/webinaire-avec-facebook\/","og_site_name":"HANDELSVERBAND. swiss","article_modified_time":"2021-03-03T09:12:19+00:00","twitter_card":"summary_large_image","twitter_misc":{"Est. reading time":"1 minute"},"schema":{"@context":"https:\/\/schema.org","@graph":[{"@type":"WebPage","@id":"https:\/\/handelsverband.swiss\/fr\/events\/webinaire-avec-facebook\/","url":"https:\/\/handelsverband.swiss\/fr\/events\/webinaire-avec-facebook\/","name":"Webinaire : Boost with Facebook - Suisse Romande - HANDELSVERBAND. swiss","isPartOf":{"@id":"https:\/\/handelsverband.swiss\/#website"},"datePublished":"2021-02-16T10:19:01+00:00","dateModified":"2021-03-03T09:12:19+00:00","breadcrumb":{"@id":"https:\/\/handelsverband.swiss\/fr\/events\/webinaire-avec-facebook\/#breadcrumb"},"inLanguage":"fr-FR","potentialAction":[{"@type":"ReadAction","target":["https:\/\/handelsverband.swiss\/fr\/events\/webinaire-avec-facebook\/"]}]},{"@type":"BreadcrumbList","@id":"https:\/\/handelsverband.swiss\/fr\/events\/webinaire-avec-facebook\/#breadcrumb","itemListElement":[{"@type":"ListItem","position":1,"name":"Startseite","item":"https:\/\/handelsverband.swiss\/fr\/"},{"@type":"ListItem","position":2,"name":"Events","item":"https:\/\/handelsverband.swiss\/events\/"},{"@type":"ListItem","position":3,"name":"Webinaire : Boost with Facebook &#8211; Suisse Romande"}]},{"@type":"WebSite","@id":"https:\/\/handelsverband.swiss\/#website","url":"https:\/\/handelsverband.swiss\/","name":"HANDELSVERBAND.swiss","description":"ASSOCIATION DE COMMERCE.swiss","publisher":{"@id":"https:\/\/handelsverband.swiss\/#organization"},"potentialAction":[{"@type":"SearchAction","target":{"@type":"EntryPoint","urlTemplate":"https:\/\/handelsverband.swiss\/?s={search_term_string}"},"query-input":{"@type":"PropertyValueSpecification","valueRequired":true,"valueName":"search_term_string"}}],"inLanguage":"fr-FR"},{"@type":"Organization","@id":"https:\/\/handelsverband.swiss\/#organization","name":"HANDELSVERBAND.swiss","url":"https:\/\/handelsverband.swiss\/","logo":{"@type":"ImageObject","inLanguage":"fr-FR","@id":"https:\/\/handelsverband.swiss\/#\/schema\/logo\/image\/","url":"https:\/\/handelsverband.swiss\/wp-content\/uploads\/2020\/03\/hv_brand_rgb.png","contentUrl":"https:\/\/handelsverband.swiss\/wp-content\/uploads\/2020\/03\/hv_brand_rgb.png","width":1714,"height":472,"caption":"HANDELSVERBAND.swiss"},"image":{"@id":"https:\/\/handelsverband.swiss\/#\/schema\/logo\/image\/"}}]}},"_links":{"self":[{"href":"https:\/\/handelsverband.swiss\/fr\/wp-json\/wp\/v2\/ajde_events\/19976","targetHints":{"allow":["GET"]}}],"collection":[{"href":"https:\/\/handelsverband.swiss\/fr\/wp-json\/wp\/v2\/ajde_events"}],"about":[{"href":"https:\/\/handelsverband.swiss\/fr\/wp-json\/wp\/v2\/types\/ajde_events"}],"author":[{"embeddable":true,"href":"https:\/\/handelsverband.swiss\/fr\/wp-json\/wp\/v2\/users\/4578"}],"replies":[{"embeddable":true,"href":"https:\/\/handelsverband.swiss\/fr\/wp-json\/wp\/v2\/comments?post=19976"}],"wp:featuredmedia":[{"embeddable":true,"href":"https:\/\/handelsverband.swiss\/fr\/wp-json\/"}],"wp:attachment":[{"href":"https:\/\/handelsverband.swiss\/fr\/wp-json\/wp\/v2\/media?parent=19976"}],"wp:term":[{"taxonomy":"post_tag","embeddable":true,"href":"https:\/\/handelsverband.swiss\/fr\/wp-json\/wp\/v2\/tags?post=19976"},{"taxonomy":"event_type","embeddable":true,"href":"https:\/\/handelsverband.swiss\/fr\/wp-json\/wp\/v2\/event_type?post=19976"},{"taxonomy":"event_type_2","embeddable":true,"href":"https:\/\/handelsverband.swiss\/fr\/wp-json\/wp\/v2\/event_type_2?post=19976"}],"curies":[{"name":"wp","href":"https:\/\/api.w.org\/{rel}","templated":true}]}}

<p>Les petites et moyennes entreprises (PME) sont au cœur de l&#8217;économie suisse et sont actuellement confrontées à des défis majeurs en raison de la pandémie de Corona.</p>
<p>Afin de soutenir au mieux les PME suisses pendant la crise, Facebook &#8211; en collaboration avec l&#8217;ASSOCIATON DE COMMERCE.swiss &#8211; propose son atelier « Boost with Facebook » en Suisse Romande de manière virtuelle. Boost with Facebook est une initiative de Facebook visant à former des millions de personnes et d&#8217;entreprises de l&#8217;UE aux compétences numériques.</p>
<p><strong>Le 18 mars 2021 de 10h à 11h, le programme se rendra pour la première fois en Suisse Romande</strong> &#8211; du moins virtuellement &#8211; et vise à présenter aux entrepreneurs locaux de petites et moyennes entreprises les fonctions les plus importantes de nos plateformes.</p>
<p>Dans ce webinaire, Amel, Silvano et Paul vous montreront comment établir et gérer votre présence en ligne, ce qu&#8217;il faut garder à l&#8217;esprit et, enfin et surtout, comment générer des revenus en utilisant Facebook et Instagram &#8211; même dans la situation actuelle.</p>
<p><strong>Programme :</strong><br />
10h00     Accueil par Facebook<br />
10h02     Accueil par l&#8217;ASSOCIATION DE COMMERCE.swiss<br />
<em>                Nadine Baeriswyl, ASSOCIATION DE COMMERCE.swiss</em><br />
10h05     Créez votre présence en ligne<br />
<em>                Amel Aounallah, Facebook</em><br />
10h20     Gérer votre présence en ligne et créer des stratégies publicitaires efficaces<br />
<em>                Silvano Senn, Facebook</em><br />
10h35     Générer des revenus avec Facebook et Instagram<br />
<em>                Paul Wiedmeier, Facebook</em><br />
10h50     Question et réponses en direct</p>
<p><a href="https://boostwithfacebooksuisseromande.splashthat.com/" target="_blank" rel="noopener"><strong>Inscription</strong></a></p>
<p>&nbsp;</p>
<p>&nbsp;</p>
