{"id":34641,"date":"2022-11-21T15:29:17","date_gmt":"2022-11-21T14:29:17","guid":{"rendered":"https:\/\/handelsverband.swiss\/?post_type=ajde_events&#038;p=34641"},"modified":"2023-02-22T09:02:49","modified_gmt":"2023-02-22T08:02:49","slug":"assemblee-generale-association-de-commerce-swiss-2","status":"publish","type":"ajde_events","link":"https:\/\/handelsverband.swiss\/fr\/events\/assemblee-generale-association-de-commerce-swiss-2\/","title":{"rendered":"Assembl\u00e9e g\u00e9n\u00e9rale ASSOCIATION DE COMMERCE.swiss"},"content":{"rendered":"<p>L&#8217;Assembl\u00e9e g\u00e9n\u00e9rale 2023 aura lieu le mercredi 24 mai 2023\u00a0de 8h30-10h, au Halle 550\u00a0\u00e0 Oerlikon, en amont de l&#8217;\u00e9v\u00e9nement SCORE !\u00a0Elle se tiendra en allemand.<\/p>\n<p>Dans le cadre de cette assembl\u00e9e g\u00e9n\u00e9rale, la remise officielle de la direction \u00e0 Bernhard Egger aura lieu et nous prendrons cong\u00e9 de Patrick Kessler.<\/p>\n<p>Nous vous ferons parvenir\u00a0les documents un mois avant l&#8217;assembl\u00e9e des membres par e-mail s\u00e9par\u00e9.<\/p>\n<p>Nous offrons aux participants de notre assembl\u00e9e g\u00e9n\u00e9rale un billet pour l&#8217;\u00e9v\u00e9nement SCORE! au prix sp\u00e9cial de 200 CHF au lieu de 575 CHF.<\/p>\n<p><em><strong>Condition pour le prix sp\u00e9cial :<\/strong>\u00a0uniquement pour les commer\u00e7ants, 1 billet par entreprise membre, participation \u00e0 l&#8217;assembl\u00e9e g\u00e9n\u00e9rale &#8211; No Shows seront factur\u00e9s au prix normal du billet.\u00a0Le code de r\u00e9duction vous sera envoy\u00e9 par e-mail apr\u00e8s votre inscription \u00e0 l&#8217;assembl\u00e9e g\u00e9n\u00e9rale.\u00a0Les frais d&#8217;inscription seront\u00a0factur\u00e9s par notre association !<\/em><\/p>\n<p><strong><a href=\"https:\/\/eventfrog.ch\/de\/p\/kurse-seminare\/sonstige-kurse-seminare\/mitgliederversammlung-assemblee-generale-2023-7033824591521665720.html\" target=\"_blank\" rel=\"noopener\">Inscription Assembl\u00e9e g\u00e9n\u00e9rale 2023<\/a><\/strong><\/p>\n<p>&nbsp;<\/p>\n","protected":false},"author":4782,"featured_media":37017,"menu_order":0,"comment_status":"open","ping_status":"closed","template":"","meta":{"_acf_changed":false},"tags":[],"event_type":[],"event_type_2":[],"class_list":["post-34641","ajde_events","type-ajde_events","status-publish","has-post-thumbnail","hentry","event_location-halle-550","event_organizer-association-de-commerce-swiss"],"acf":[],"yoast_head":"<!-- This site is optimized with the Yoast SEO plugin v27.5 - https:\/\/yoast.com\/product\/yoast-seo-wordpress\/ -->\n<title>Assembl\u00e9e g\u00e9n\u00e9rale ASSOCIATION DE COMMERCE.swiss - HANDELSVERBAND. swiss<\/title>\n<meta name=\"robots\" content=\"index, follow, max-snippet:-1, max-image-preview:large, max-video-preview:-1\" \/>\n<meta property=\"og:locale\" content=\"fr_FR\" \/>\n<meta property=\"og:type\" content=\"article\" \/>\n<meta property=\"og:title\" content=\"Assembl\u00e9e g\u00e9n\u00e9rale ASSOCIATION DE COMMERCE.swiss - HANDELSVERBAND. swiss\" \/>\n<meta property=\"og:description\" content=\"L&#8217;Assembl\u00e9e g\u00e9n\u00e9rale 2023 aura lieu\" \/>\n<meta property=\"og:url\" content=\"https:\/\/handelsverband.swiss\/fr\/events\/assemblee-generale-association-de-commerce-swiss-2\/\" \/>\n<meta property=\"og:site_name\" content=\"HANDELSVERBAND. swiss\" \/>\n<meta property=\"article:modified_time\" content=\"2023-02-22T08:02:49+00:00\" \/>\n<meta property=\"og:image\" content=\"https:\/\/handelsverband.swiss\/wp-content\/uploads\/2022\/11\/Bild-Broschuere_Basis-Web.png\" \/>\n\t<meta property=\"og:image:width\" content=\"700\" \/>\n\t<meta property=\"og:image:height\" content=\"500\" \/>\n\t<meta property=\"og:image:type\" content=\"image\/png\" \/>\n<meta name=\"twitter:card\" content=\"summary_large_image\" \/>\n<meta name=\"twitter:label1\" content=\"Est. reading time\" \/>\n\t<meta name=\"twitter:data1\" content=\"1 minute\" \/>\n<script type=\"application\/ld+json\" class=\"yoast-schema-graph\">{\"@context\":\"https:\\\/\\\/schema.org\",\"@graph\":[{\"@type\":\"WebPage\",\"@id\":\"https:\\\/\\\/handelsverband.swiss\\\/fr\\\/events\\\/assemblee-generale-association-de-commerce-swiss-2\\\/\",\"url\":\"https:\\\/\\\/handelsverband.swiss\\\/fr\\\/events\\\/assemblee-generale-association-de-commerce-swiss-2\\\/\",\"name\":\"Assembl\u00e9e g\u00e9n\u00e9rale ASSOCIATION DE COMMERCE.swiss - HANDELSVERBAND. swiss\",\"isPartOf\":{\"@id\":\"https:\\\/\\\/handelsverband.swiss\\\/#website\"},\"primaryImageOfPage\":{\"@id\":\"https:\\\/\\\/handelsverband.swiss\\\/fr\\\/events\\\/assemblee-generale-association-de-commerce-swiss-2\\\/#primaryimage\"},\"image\":{\"@id\":\"https:\\\/\\\/handelsverband.swiss\\\/fr\\\/events\\\/assemblee-generale-association-de-commerce-swiss-2\\\/#primaryimage\"},\"thumbnailUrl\":\"https:\\\/\\\/handelsverband.swiss\\\/wp-content\\\/uploads\\\/2022\\\/11\\\/Bild-Broschuere_Basis-Web.png\",\"datePublished\":\"2022-11-21T14:29:17+00:00\",\"dateModified\":\"2023-02-22T08:02:49+00:00\",\"breadcrumb\":{\"@id\":\"https:\\\/\\\/handelsverband.swiss\\\/fr\\\/events\\\/assemblee-generale-association-de-commerce-swiss-2\\\/#breadcrumb\"},\"inLanguage\":\"fr-FR\",\"potentialAction\":[{\"@type\":\"ReadAction\",\"target\":[\"https:\\\/\\\/handelsverband.swiss\\\/fr\\\/events\\\/assemblee-generale-association-de-commerce-swiss-2\\\/\"]}]},{\"@type\":\"ImageObject\",\"inLanguage\":\"fr-FR\",\"@id\":\"https:\\\/\\\/handelsverband.swiss\\\/fr\\\/events\\\/assemblee-generale-association-de-commerce-swiss-2\\\/#primaryimage\",\"url\":\"https:\\\/\\\/handelsverband.swiss\\\/wp-content\\\/uploads\\\/2022\\\/11\\\/Bild-Broschuere_Basis-Web.png\",\"contentUrl\":\"https:\\\/\\\/handelsverband.swiss\\\/wp-content\\\/uploads\\\/2022\\\/11\\\/Bild-Broschuere_Basis-Web.png\",\"width\":700,\"height\":500},{\"@type\":\"BreadcrumbList\",\"@id\":\"https:\\\/\\\/handelsverband.swiss\\\/fr\\\/events\\\/assemblee-generale-association-de-commerce-swiss-2\\\/#breadcrumb\",\"itemListElement\":[{\"@type\":\"ListItem\",\"position\":1,\"name\":\"Startseite\",\"item\":\"https:\\\/\\\/handelsverband.swiss\\\/fr\\\/\"},{\"@type\":\"ListItem\",\"position\":2,\"name\":\"Events\",\"item\":\"https:\\\/\\\/handelsverband.swiss\\\/events\\\/\"},{\"@type\":\"ListItem\",\"position\":3,\"name\":\"Assembl\u00e9e g\u00e9n\u00e9rale ASSOCIATION DE COMMERCE.swiss\"}]},{\"@type\":\"WebSite\",\"@id\":\"https:\\\/\\\/handelsverband.swiss\\\/#website\",\"url\":\"https:\\\/\\\/handelsverband.swiss\\\/\",\"name\":\"HANDELSVERBAND.swiss\",\"description\":\"ASSOCIATION DE COMMERCE.swiss\",\"publisher\":{\"@id\":\"https:\\\/\\\/handelsverband.swiss\\\/#organization\"},\"potentialAction\":[{\"@type\":\"SearchAction\",\"target\":{\"@type\":\"EntryPoint\",\"urlTemplate\":\"https:\\\/\\\/handelsverband.swiss\\\/?s={search_term_string}\"},\"query-input\":{\"@type\":\"PropertyValueSpecification\",\"valueRequired\":true,\"valueName\":\"search_term_string\"}}],\"inLanguage\":\"fr-FR\"},{\"@type\":\"Organization\",\"@id\":\"https:\\\/\\\/handelsverband.swiss\\\/#organization\",\"name\":\"HANDELSVERBAND.swiss\",\"url\":\"https:\\\/\\\/handelsverband.swiss\\\/\",\"logo\":{\"@type\":\"ImageObject\",\"inLanguage\":\"fr-FR\",\"@id\":\"https:\\\/\\\/handelsverband.swiss\\\/#\\\/schema\\\/logo\\\/image\\\/\",\"url\":\"https:\\\/\\\/handelsverband.swiss\\\/wp-content\\\/uploads\\\/2020\\\/03\\\/hv_brand_rgb.png\",\"contentUrl\":\"https:\\\/\\\/handelsverband.swiss\\\/wp-content\\\/uploads\\\/2020\\\/03\\\/hv_brand_rgb.png\",\"width\":1714,\"height\":472,\"caption\":\"HANDELSVERBAND.swiss\"},\"image\":{\"@id\":\"https:\\\/\\\/handelsverband.swiss\\\/#\\\/schema\\\/logo\\\/image\\\/\"}}]}<\/script>\n<!-- \/ Yoast SEO plugin. -->","yoast_head_json":{"title":"Assembl\u00e9e g\u00e9n\u00e9rale ASSOCIATION DE COMMERCE.swiss - HANDELSVERBAND. swiss","robots":{"index":"index","follow":"follow","max-snippet":"max-snippet:-1","max-image-preview":"max-image-preview:large","max-video-preview":"max-video-preview:-1"},"og_locale":"fr_FR","og_type":"article","og_title":"Assembl\u00e9e g\u00e9n\u00e9rale ASSOCIATION DE COMMERCE.swiss - HANDELSVERBAND. swiss","og_description":"L&#8217;Assembl\u00e9e g\u00e9n\u00e9rale 2023 aura lieu","og_url":"https:\/\/handelsverband.swiss\/fr\/events\/assemblee-generale-association-de-commerce-swiss-2\/","og_site_name":"HANDELSVERBAND. swiss","article_modified_time":"2023-02-22T08:02:49+00:00","og_image":[{"width":700,"height":500,"url":"https:\/\/handelsverband.swiss\/wp-content\/uploads\/2022\/11\/Bild-Broschuere_Basis-Web.png","type":"image\/png"}],"twitter_card":"summary_large_image","twitter_misc":{"Est. reading time":"1 minute"},"schema":{"@context":"https:\/\/schema.org","@graph":[{"@type":"WebPage","@id":"https:\/\/handelsverband.swiss\/fr\/events\/assemblee-generale-association-de-commerce-swiss-2\/","url":"https:\/\/handelsverband.swiss\/fr\/events\/assemblee-generale-association-de-commerce-swiss-2\/","name":"Assembl\u00e9e g\u00e9n\u00e9rale ASSOCIATION DE COMMERCE.swiss - HANDELSVERBAND. swiss","isPartOf":{"@id":"https:\/\/handelsverband.swiss\/#website"},"primaryImageOfPage":{"@id":"https:\/\/handelsverband.swiss\/fr\/events\/assemblee-generale-association-de-commerce-swiss-2\/#primaryimage"},"image":{"@id":"https:\/\/handelsverband.swiss\/fr\/events\/assemblee-generale-association-de-commerce-swiss-2\/#primaryimage"},"thumbnailUrl":"https:\/\/handelsverband.swiss\/wp-content\/uploads\/2022\/11\/Bild-Broschuere_Basis-Web.png","datePublished":"2022-11-21T14:29:17+00:00","dateModified":"2023-02-22T08:02:49+00:00","breadcrumb":{"@id":"https:\/\/handelsverband.swiss\/fr\/events\/assemblee-generale-association-de-commerce-swiss-2\/#breadcrumb"},"inLanguage":"fr-FR","potentialAction":[{"@type":"ReadAction","target":["https:\/\/handelsverband.swiss\/fr\/events\/assemblee-generale-association-de-commerce-swiss-2\/"]}]},{"@type":"ImageObject","inLanguage":"fr-FR","@id":"https:\/\/handelsverband.swiss\/fr\/events\/assemblee-generale-association-de-commerce-swiss-2\/#primaryimage","url":"https:\/\/handelsverband.swiss\/wp-content\/uploads\/2022\/11\/Bild-Broschuere_Basis-Web.png","contentUrl":"https:\/\/handelsverband.swiss\/wp-content\/uploads\/2022\/11\/Bild-Broschuere_Basis-Web.png","width":700,"height":500},{"@type":"BreadcrumbList","@id":"https:\/\/handelsverband.swiss\/fr\/events\/assemblee-generale-association-de-commerce-swiss-2\/#breadcrumb","itemListElement":[{"@type":"ListItem","position":1,"name":"Startseite","item":"https:\/\/handelsverband.swiss\/fr\/"},{"@type":"ListItem","position":2,"name":"Events","item":"https:\/\/handelsverband.swiss\/events\/"},{"@type":"ListItem","position":3,"name":"Assembl\u00e9e g\u00e9n\u00e9rale ASSOCIATION DE COMMERCE.swiss"}]},{"@type":"WebSite","@id":"https:\/\/handelsverband.swiss\/#website","url":"https:\/\/handelsverband.swiss\/","name":"HANDELSVERBAND.swiss","description":"ASSOCIATION DE COMMERCE.swiss","publisher":{"@id":"https:\/\/handelsverband.swiss\/#organization"},"potentialAction":[{"@type":"SearchAction","target":{"@type":"EntryPoint","urlTemplate":"https:\/\/handelsverband.swiss\/?s={search_term_string}"},"query-input":{"@type":"PropertyValueSpecification","valueRequired":true,"valueName":"search_term_string"}}],"inLanguage":"fr-FR"},{"@type":"Organization","@id":"https:\/\/handelsverband.swiss\/#organization","name":"HANDELSVERBAND.swiss","url":"https:\/\/handelsverband.swiss\/","logo":{"@type":"ImageObject","inLanguage":"fr-FR","@id":"https:\/\/handelsverband.swiss\/#\/schema\/logo\/image\/","url":"https:\/\/handelsverband.swiss\/wp-content\/uploads\/2020\/03\/hv_brand_rgb.png","contentUrl":"https:\/\/handelsverband.swiss\/wp-content\/uploads\/2020\/03\/hv_brand_rgb.png","width":1714,"height":472,"caption":"HANDELSVERBAND.swiss"},"image":{"@id":"https:\/\/handelsverband.swiss\/#\/schema\/logo\/image\/"}}]}},"_links":{"self":[{"href":"https:\/\/handelsverband.swiss\/fr\/wp-json\/wp\/v2\/ajde_events\/34641","targetHints":{"allow":["GET"]}}],"collection":[{"href":"https:\/\/handelsverband.swiss\/fr\/wp-json\/wp\/v2\/ajde_events"}],"about":[{"href":"https:\/\/handelsverband.swiss\/fr\/wp-json\/wp\/v2\/types\/ajde_events"}],"author":[{"embeddable":true,"href":"https:\/\/handelsverband.swiss\/fr\/wp-json\/wp\/v2\/users\/4782"}],"replies":[{"embeddable":true,"href":"https:\/\/handelsverband.swiss\/fr\/wp-json\/wp\/v2\/comments?post=34641"}],"wp:featuredmedia":[{"embeddable":true,"href":"https:\/\/handelsverband.swiss\/fr\/wp-json\/wp\/v2\/media\/37017"}],"wp:attachment":[{"href":"https:\/\/handelsverband.swiss\/fr\/wp-json\/wp\/v2\/media?parent=34641"}],"wp:term":[{"taxonomy":"post_tag","embeddable":true,"href":"https:\/\/handelsverband.swiss\/fr\/wp-json\/wp\/v2\/tags?post=34641"},{"taxonomy":"event_type","embeddable":true,"href":"https:\/\/handelsverband.swiss\/fr\/wp-json\/wp\/v2\/event_type?post=34641"},{"taxonomy":"event_type_2","embeddable":true,"href":"https:\/\/handelsverband.swiss\/fr\/wp-json\/wp\/v2\/event_type_2?post=34641"}],"curies":[{"name":"wp","href":"https:\/\/api.w.org\/{rel}","templated":true}]}}

Assemblée générale ASSOCIATION DE COMMERCE.swiss

<p>L&#8217;Assemblée générale 2023 aura lieu le mercredi 24 mai 2023 de 8h30-10h, au Halle 550 à Oerlikon, en amont de l&#8217;événement SCORE ! Elle se tiendra en allemand.</p>
<p>Dans le cadre de cette assemblée générale, la remise officielle de la direction à Bernhard Egger aura lieu et nous prendrons congé de Patrick Kessler.</p>
<p>Nous vous ferons parvenir les documents un mois avant l&#8217;assemblée des membres par e-mail séparé.</p>
<p>Nous offrons aux participants de notre assemblée générale un billet pour l&#8217;événement SCORE! au prix spécial de 200 CHF au lieu de 575 CHF.</p>
<p><em><strong>Condition pour le prix spécial :</strong> uniquement pour les commerçants, 1 billet par entreprise membre, participation à l&#8217;assemblée générale &#8211; No Shows seront facturés au prix normal du billet. Le code de réduction vous sera envoyé par e-mail après votre inscription à l&#8217;assemblée générale. Les frais d&#8217;inscription seront facturés par notre association !</em></p>
<p><strong><a href="https://eventfrog.ch/de/p/kurse-seminare/sonstige-kurse-seminare/mitgliederversammlung-assemblee-generale-2023-7033824591521665720.html" target="_blank" rel="noopener">Inscription Assemblée générale 2023</a></strong></p>
<p>&nbsp;</p>

<!-- This site is optimized with the Yoast SEO plugin v27.5 - https://yoast.com/product/yoast-seo-wordpress/ -->
<title>Assemblée générale ASSOCIATION DE COMMERCE.swiss - HANDELSVERBAND. swiss</title>
<meta name="robots" content="index, follow, max-snippet:-1, max-image-preview:large, max-video-preview:-1" />
<meta property="og:locale" content="fr_FR" />
<meta property="og:type" content="article" />
<meta property="og:title" content="Assemblée générale ASSOCIATION DE COMMERCE.swiss - HANDELSVERBAND. swiss" />
<meta property="og:description" content="L&#8217;Assemblée générale 2023 aura lieu" />
<meta property="og:url" content="https://handelsverband.swiss/fr/events/assemblee-generale-association-de-commerce-swiss-2/" />
<meta property="og:site_name" content="HANDELSVERBAND. swiss" />
<meta property="article:modified_time" content="2023-02-22T08:02:49+00:00" />
<meta property="og:image" content="https://handelsverband.swiss/wp-content/uploads/2022/11/Bild-Broschuere_Basis-Web.png" />
	<meta property="og:image:width" content="700" />
	<meta property="og:image:height" content="500" />
	<meta property="og:image:type" content="image/png" />
<meta name="twitter:card" content="summary_large_image" />
<meta name="twitter:label1" content="Est. reading time" />
	<meta name="twitter:data1" content="1 minute" />
<script type="application/ld+json" class="yoast-schema-graph">{"@context":"https:\/\/schema.org","@graph":[{"@type":"WebPage","@id":"https:\/\/handelsverband.swiss\/fr\/events\/assemblee-generale-association-de-commerce-swiss-2\/","url":"https:\/\/handelsverband.swiss\/fr\/events\/assemblee-generale-association-de-commerce-swiss-2\/","name":"Assemblée générale ASSOCIATION DE COMMERCE.swiss - HANDELSVERBAND. swiss","isPartOf":{"@id":"https:\/\/handelsverband.swiss\/#website"},"primaryImageOfPage":{"@id":"https:\/\/handelsverband.swiss\/fr\/events\/assemblee-generale-association-de-commerce-swiss-2\/#primaryimage"},"image":{"@id":"https:\/\/handelsverband.swiss\/fr\/events\/assemblee-generale-association-de-commerce-swiss-2\/#primaryimage"},"thumbnailUrl":"https:\/\/handelsverband.swiss\/wp-content\/uploads\/2022\/11\/Bild-Broschuere_Basis-Web.png","datePublished":"2022-11-21T14:29:17+00:00","dateModified":"2023-02-22T08:02:49+00:00","breadcrumb":{"@id":"https:\/\/handelsverband.swiss\/fr\/events\/assemblee-generale-association-de-commerce-swiss-2\/#breadcrumb"},"inLanguage":"fr-FR","potentialAction":[{"@type":"ReadAction","target":["https:\/\/handelsverband.swiss\/fr\/events\/assemblee-generale-association-de-commerce-swiss-2\/"]}]},{"@type":"ImageObject","inLanguage":"fr-FR","@id":"https:\/\/handelsverband.swiss\/fr\/events\/assemblee-generale-association-de-commerce-swiss-2\/#primaryimage","url":"https:\/\/handelsverband.swiss\/wp-content\/uploads\/2022\/11\/Bild-Broschuere_Basis-Web.png","contentUrl":"https:\/\/handelsverband.swiss\/wp-content\/uploads\/2022\/11\/Bild-Broschuere_Basis-Web.png","width":700,"height":500},{"@type":"BreadcrumbList","@id":"https:\/\/handelsverband.swiss\/fr\/events\/assemblee-generale-association-de-commerce-swiss-2\/#breadcrumb","itemListElement":[{"@type":"ListItem","position":1,"name":"Startseite","item":"https:\/\/handelsverband.swiss\/fr\/"},{"@type":"ListItem","position":2,"name":"Events","item":"https:\/\/handelsverband.swiss\/events\/"},{"@type":"ListItem","position":3,"name":"Assemblée générale ASSOCIATION DE COMMERCE.swiss"}]},{"@type":"WebSite","@id":"https:\/\/handelsverband.swiss\/#website","url":"https:\/\/handelsverband.swiss\/","name":"HANDELSVERBAND.swiss","description":"ASSOCIATION DE COMMERCE.swiss","publisher":{"@id":"https:\/\/handelsverband.swiss\/#organization"},"potentialAction":[{"@type":"SearchAction","target":{"@type":"EntryPoint","urlTemplate":"https:\/\/handelsverband.swiss\/?s={search_term_string}"},"query-input":{"@type":"PropertyValueSpecification","valueRequired":true,"valueName":"search_term_string"}}],"inLanguage":"fr-FR"},{"@type":"Organization","@id":"https:\/\/handelsverband.swiss\/#organization","name":"HANDELSVERBAND.swiss","url":"https:\/\/handelsverband.swiss\/","logo":{"@type":"ImageObject","inLanguage":"fr-FR","@id":"https:\/\/handelsverband.swiss\/#\/schema\/logo\/image\/","url":"https:\/\/handelsverband.swiss\/wp-content\/uploads\/2020\/03\/hv_brand_rgb.png","contentUrl":"https:\/\/handelsverband.swiss\/wp-content\/uploads\/2020\/03\/hv_brand_rgb.png","width":1714,"height":472,"caption":"HANDELSVERBAND.swiss"},"image":{"@id":"https:\/\/handelsverband.swiss\/#\/schema\/logo\/image\/"}}]}</script>
<!-- / Yoast SEO plugin. -->

Assemblée générale ASSOCIATION DE COMMERCE.swiss - HANDELSVERBAND. swiss

L&#8217;Assemblée générale 2023 aura lieu
