{"id":41143,"date":"2023-09-12T14:33:27","date_gmt":"2023-09-12T12:33:27","guid":{"rendered":"https:\/\/handelsverband.swiss\/?post_type=ajde_events&#038;p=41143"},"modified":"2023-09-12T15:03:49","modified_gmt":"2023-09-12T13:03:49","slug":"webinar-e-commerce-automation-report-2023-b2b","status":"publish","type":"ajde_events","link":"https:\/\/handelsverband.swiss\/fr\/events\/webinar-e-commerce-automation-report-2023-b2b\/","title":{"rendered":"Webinar E-Commerce Automation Report 2023 &#8211; B2B"},"content":{"rendered":"<p><strong>E-Commerce Automation bezieht sich auf die Automatisierung von Prozessen im E-Commerce-Bereich mit dem Ziel ist die Conversion-Rate, die Effizienz und die Wettbewerbsf\u00e4higkeit zu steigern. Das Potential zur Automatisierung im E-Commerce ist noch sehr gross \u2013 KI wird noch kaum genutzt.<\/strong><\/p>\n<p><strong>An unserem Webinar am Mittwoch, 18.10.2023 von 9.00-9.45 Uhr, stellt Reto Baumgartner von MySign Ihnen die Resultate der Studie E-Commerce Automation Report 2023 pers\u00f6nlich vor.<\/strong><\/p>\n<p>Die erste umfassende Studie zur Automatisierung im E-Commerce, welche von MySign zusammen mit der Hochschule f\u00fcr Wirtschaft FHNW durchgef\u00fchrt wurde, gibt Aufschluss \u00fcber den Reifegrad der Automation und dar\u00fcber, wo die Unternehmen am meisten Potential haben. Mehr Infos zur Studie und zum kostenlosen Download erhalten Sie <a href=\"#E-Commerce Automation Report\" target=\"_blank\" rel=\"noopener\" data-cke-saved-href=\"#E-Commerce Automation Report\">hier<\/a>.<\/p>\n<p><strong>Melden Sie sich jetzt an und erfahren Sie aus erster Hand, die Erkenntnisse dieser Studie und erhalten Sie eine geballte Ladung an Informationen.<\/strong><\/p>\n<p><a href=\"https:\/\/eventfrog.ch\/de\/p\/kurse-seminare\/sonstige-kurse-seminare\/webinar-e-commerce-automation-report-2023-b2b-7107344785409566138.html\" target=\"_blank\" rel=\"noopener\"><strong>Zur Anmeldung<\/strong><\/a><\/p>\n<p>&nbsp;<\/p>\n","protected":false},"author":4782,"featured_media":-1,"menu_order":0,"comment_status":"open","ping_status":"closed","template":"","meta":{"_acf_changed":false},"tags":[],"event_type":[],"event_type_2":[],"class_list":["post-41143","ajde_events","type-ajde_events","status-publish","has-post-thumbnail","hentry","event_location-webinar","event_organizer-handelsverband-swiss"],"acf":[],"yoast_head":"<!-- This site is optimized with the Yoast SEO plugin v27.5 - https:\/\/yoast.com\/product\/yoast-seo-wordpress\/ -->\n<title>Webinar E-Commerce Automation Report 2023 - B2B - HANDELSVERBAND. swiss<\/title>\n<meta name=\"robots\" content=\"index, follow, max-snippet:-1, max-image-preview:large, max-video-preview:-1\" \/>\n<meta property=\"og:locale\" content=\"fr_FR\" \/>\n<meta property=\"og:type\" content=\"article\" \/>\n<meta property=\"og:title\" content=\"Webinar E-Commerce Automation Report 2023 - B2B - HANDELSVERBAND. swiss\" \/>\n<meta property=\"og:description\" content=\"E-Commerce Automation bezieht sich auf\" \/>\n<meta property=\"og:url\" content=\"https:\/\/handelsverband.swiss\/fr\/events\/webinar-e-commerce-automation-report-2023-b2b\/\" \/>\n<meta property=\"og:site_name\" content=\"HANDELSVERBAND. swiss\" \/>\n<meta property=\"article:modified_time\" content=\"2023-09-12T13:03:49+00:00\" \/>\n<meta name=\"twitter:card\" content=\"summary_large_image\" \/>\n<meta name=\"twitter:label1\" content=\"Est. reading time\" \/>\n\t<meta name=\"twitter:data1\" content=\"1 minute\" \/>\n<script type=\"application\/ld+json\" class=\"yoast-schema-graph\">{\"@context\":\"https:\\\/\\\/schema.org\",\"@graph\":[{\"@type\":\"WebPage\",\"@id\":\"https:\\\/\\\/handelsverband.swiss\\\/fr\\\/events\\\/webinar-e-commerce-automation-report-2023-b2b\\\/\",\"url\":\"https:\\\/\\\/handelsverband.swiss\\\/fr\\\/events\\\/webinar-e-commerce-automation-report-2023-b2b\\\/\",\"name\":\"Webinar E-Commerce Automation Report 2023 - B2B - HANDELSVERBAND. swiss\",\"isPartOf\":{\"@id\":\"https:\\\/\\\/handelsverband.swiss\\\/#website\"},\"datePublished\":\"2023-09-12T12:33:27+00:00\",\"dateModified\":\"2023-09-12T13:03:49+00:00\",\"breadcrumb\":{\"@id\":\"https:\\\/\\\/handelsverband.swiss\\\/fr\\\/events\\\/webinar-e-commerce-automation-report-2023-b2b\\\/#breadcrumb\"},\"inLanguage\":\"fr-FR\",\"potentialAction\":[{\"@type\":\"ReadAction\",\"target\":[\"https:\\\/\\\/handelsverband.swiss\\\/fr\\\/events\\\/webinar-e-commerce-automation-report-2023-b2b\\\/\"]}]},{\"@type\":\"BreadcrumbList\",\"@id\":\"https:\\\/\\\/handelsverband.swiss\\\/fr\\\/events\\\/webinar-e-commerce-automation-report-2023-b2b\\\/#breadcrumb\",\"itemListElement\":[{\"@type\":\"ListItem\",\"position\":1,\"name\":\"Startseite\",\"item\":\"https:\\\/\\\/handelsverband.swiss\\\/fr\\\/\"},{\"@type\":\"ListItem\",\"position\":2,\"name\":\"Events\",\"item\":\"https:\\\/\\\/handelsverband.swiss\\\/events\\\/\"},{\"@type\":\"ListItem\",\"position\":3,\"name\":\"Webinar E-Commerce Automation Report 2023 &#8211; B2B\"}]},{\"@type\":\"WebSite\",\"@id\":\"https:\\\/\\\/handelsverband.swiss\\\/#website\",\"url\":\"https:\\\/\\\/handelsverband.swiss\\\/\",\"name\":\"HANDELSVERBAND.swiss\",\"description\":\"ASSOCIATION DE COMMERCE.swiss\",\"publisher\":{\"@id\":\"https:\\\/\\\/handelsverband.swiss\\\/#organization\"},\"potentialAction\":[{\"@type\":\"SearchAction\",\"target\":{\"@type\":\"EntryPoint\",\"urlTemplate\":\"https:\\\/\\\/handelsverband.swiss\\\/?s={search_term_string}\"},\"query-input\":{\"@type\":\"PropertyValueSpecification\",\"valueRequired\":true,\"valueName\":\"search_term_string\"}}],\"inLanguage\":\"fr-FR\"},{\"@type\":\"Organization\",\"@id\":\"https:\\\/\\\/handelsverband.swiss\\\/#organization\",\"name\":\"HANDELSVERBAND.swiss\",\"url\":\"https:\\\/\\\/handelsverband.swiss\\\/\",\"logo\":{\"@type\":\"ImageObject\",\"inLanguage\":\"fr-FR\",\"@id\":\"https:\\\/\\\/handelsverband.swiss\\\/#\\\/schema\\\/logo\\\/image\\\/\",\"url\":\"https:\\\/\\\/handelsverband.swiss\\\/wp-content\\\/uploads\\\/2020\\\/03\\\/hv_brand_rgb.png\",\"contentUrl\":\"https:\\\/\\\/handelsverband.swiss\\\/wp-content\\\/uploads\\\/2020\\\/03\\\/hv_brand_rgb.png\",\"width\":1714,\"height\":472,\"caption\":\"HANDELSVERBAND.swiss\"},\"image\":{\"@id\":\"https:\\\/\\\/handelsverband.swiss\\\/#\\\/schema\\\/logo\\\/image\\\/\"}}]}<\/script>\n<!-- \/ Yoast SEO plugin. -->","yoast_head_json":{"title":"Webinar E-Commerce Automation Report 2023 - B2B - HANDELSVERBAND. swiss","robots":{"index":"index","follow":"follow","max-snippet":"max-snippet:-1","max-image-preview":"max-image-preview:large","max-video-preview":"max-video-preview:-1"},"og_locale":"fr_FR","og_type":"article","og_title":"Webinar E-Commerce Automation Report 2023 - B2B - HANDELSVERBAND. swiss","og_description":"E-Commerce Automation bezieht sich auf","og_url":"https:\/\/handelsverband.swiss\/fr\/events\/webinar-e-commerce-automation-report-2023-b2b\/","og_site_name":"HANDELSVERBAND. swiss","article_modified_time":"2023-09-12T13:03:49+00:00","twitter_card":"summary_large_image","twitter_misc":{"Est. reading time":"1 minute"},"schema":{"@context":"https:\/\/schema.org","@graph":[{"@type":"WebPage","@id":"https:\/\/handelsverband.swiss\/fr\/events\/webinar-e-commerce-automation-report-2023-b2b\/","url":"https:\/\/handelsverband.swiss\/fr\/events\/webinar-e-commerce-automation-report-2023-b2b\/","name":"Webinar E-Commerce Automation Report 2023 - B2B - HANDELSVERBAND. swiss","isPartOf":{"@id":"https:\/\/handelsverband.swiss\/#website"},"datePublished":"2023-09-12T12:33:27+00:00","dateModified":"2023-09-12T13:03:49+00:00","breadcrumb":{"@id":"https:\/\/handelsverband.swiss\/fr\/events\/webinar-e-commerce-automation-report-2023-b2b\/#breadcrumb"},"inLanguage":"fr-FR","potentialAction":[{"@type":"ReadAction","target":["https:\/\/handelsverband.swiss\/fr\/events\/webinar-e-commerce-automation-report-2023-b2b\/"]}]},{"@type":"BreadcrumbList","@id":"https:\/\/handelsverband.swiss\/fr\/events\/webinar-e-commerce-automation-report-2023-b2b\/#breadcrumb","itemListElement":[{"@type":"ListItem","position":1,"name":"Startseite","item":"https:\/\/handelsverband.swiss\/fr\/"},{"@type":"ListItem","position":2,"name":"Events","item":"https:\/\/handelsverband.swiss\/events\/"},{"@type":"ListItem","position":3,"name":"Webinar E-Commerce Automation Report 2023 &#8211; B2B"}]},{"@type":"WebSite","@id":"https:\/\/handelsverband.swiss\/#website","url":"https:\/\/handelsverband.swiss\/","name":"HANDELSVERBAND.swiss","description":"ASSOCIATION DE COMMERCE.swiss","publisher":{"@id":"https:\/\/handelsverband.swiss\/#organization"},"potentialAction":[{"@type":"SearchAction","target":{"@type":"EntryPoint","urlTemplate":"https:\/\/handelsverband.swiss\/?s={search_term_string}"},"query-input":{"@type":"PropertyValueSpecification","valueRequired":true,"valueName":"search_term_string"}}],"inLanguage":"fr-FR"},{"@type":"Organization","@id":"https:\/\/handelsverband.swiss\/#organization","name":"HANDELSVERBAND.swiss","url":"https:\/\/handelsverband.swiss\/","logo":{"@type":"ImageObject","inLanguage":"fr-FR","@id":"https:\/\/handelsverband.swiss\/#\/schema\/logo\/image\/","url":"https:\/\/handelsverband.swiss\/wp-content\/uploads\/2020\/03\/hv_brand_rgb.png","contentUrl":"https:\/\/handelsverband.swiss\/wp-content\/uploads\/2020\/03\/hv_brand_rgb.png","width":1714,"height":472,"caption":"HANDELSVERBAND.swiss"},"image":{"@id":"https:\/\/handelsverband.swiss\/#\/schema\/logo\/image\/"}}]}},"_links":{"self":[{"href":"https:\/\/handelsverband.swiss\/fr\/wp-json\/wp\/v2\/ajde_events\/41143","targetHints":{"allow":["GET"]}}],"collection":[{"href":"https:\/\/handelsverband.swiss\/fr\/wp-json\/wp\/v2\/ajde_events"}],"about":[{"href":"https:\/\/handelsverband.swiss\/fr\/wp-json\/wp\/v2\/types\/ajde_events"}],"author":[{"embeddable":true,"href":"https:\/\/handelsverband.swiss\/fr\/wp-json\/wp\/v2\/users\/4782"}],"replies":[{"embeddable":true,"href":"https:\/\/handelsverband.swiss\/fr\/wp-json\/wp\/v2\/comments?post=41143"}],"wp:featuredmedia":[{"embeddable":true,"href":"https:\/\/handelsverband.swiss\/fr\/wp-json\/"}],"wp:attachment":[{"href":"https:\/\/handelsverband.swiss\/fr\/wp-json\/wp\/v2\/media?parent=41143"}],"wp:term":[{"taxonomy":"post_tag","embeddable":true,"href":"https:\/\/handelsverband.swiss\/fr\/wp-json\/wp\/v2\/tags?post=41143"},{"taxonomy":"event_type","embeddable":true,"href":"https:\/\/handelsverband.swiss\/fr\/wp-json\/wp\/v2\/event_type?post=41143"},{"taxonomy":"event_type_2","embeddable":true,"href":"https:\/\/handelsverband.swiss\/fr\/wp-json\/wp\/v2\/event_type_2?post=41143"}],"curies":[{"name":"wp","href":"https:\/\/api.w.org\/{rel}","templated":true}]}}

<p><strong>E-Commerce Automation bezieht sich auf die Automatisierung von Prozessen im E-Commerce-Bereich mit dem Ziel ist die Conversion-Rate, die Effizienz und die Wettbewerbsfähigkeit zu steigern. Das Potential zur Automatisierung im E-Commerce ist noch sehr gross – KI wird noch kaum genutzt.</strong></p>
<p><strong>An unserem Webinar am Mittwoch, 18.10.2023 von 9.00-9.45 Uhr, stellt Reto Baumgartner von MySign Ihnen die Resultate der Studie E-Commerce Automation Report 2023 persönlich vor.</strong></p>
<p>Die erste umfassende Studie zur Automatisierung im E-Commerce, welche von MySign zusammen mit der Hochschule für Wirtschaft FHNW durchgeführt wurde, gibt Aufschluss über den Reifegrad der Automation und darüber, wo die Unternehmen am meisten Potential haben. Mehr Infos zur Studie und zum kostenlosen Download erhalten Sie <a href="#E-Commerce Automation Report" target="_blank" rel="noopener" data-cke-saved-href="#E-Commerce Automation Report">hier</a>.</p>
<p><strong>Melden Sie sich jetzt an und erfahren Sie aus erster Hand, die Erkenntnisse dieser Studie und erhalten Sie eine geballte Ladung an Informationen.</strong></p>
<p><a href="https://eventfrog.ch/de/p/kurse-seminare/sonstige-kurse-seminare/webinar-e-commerce-automation-report-2023-b2b-7107344785409566138.html" target="_blank" rel="noopener"><strong>Zur Anmeldung</strong></a></p>
<p>&nbsp;</p>
