{"id":58672,"date":"2025-10-02T15:47:55","date_gmt":"2025-10-02T13:47:55","guid":{"rendered":"https:\/\/handelsverband.swiss\/?post_type=ajde_events&#038;p=58672"},"modified":"2025-10-07T13:44:27","modified_gmt":"2025-10-07T11:44:27","slug":"evenement-ia-pour-les-pme","status":"publish","type":"ajde_events","link":"https:\/\/handelsverband.swiss\/fr\/events\/evenement-ia-pour-les-pme\/","title":{"rendered":"\u00c9v\u00e9nement IA pour les PME"},"content":{"rendered":"<p><strong>Pr\u00eat\u00b7e pour l\u2019IA \u2013 votre entr\u00e9e dans la pratique<\/strong><\/p>\n<p>L\u2019intelligence artificielle fait d\u00e9j\u00e0 partie de notre quotidien. Mais comment les entreprises peuvent-elles utiliser concr\u00e8tement ces nouvelles technologies et accompagner leurs collaborateurs dans ce changement ?<\/p>\n<p>Le <strong>25 novembre 2025<\/strong>, <a href=\"https:\/\/www.cosmoconsult.com\/fr\" target=\"_blank\" rel=\"noopener\">COSMO CONSULT AG<\/a> vous invite \u00e0 son <strong>\u00e9v\u00e9nement gratuit chez Microsoft \u00e0 l&#8217;a\u00e9roport de Zurich<\/strong>. Ensemble, ils montreront comment l&#8217;IA aide d\u00e9j\u00e0 aujourd&#8217;hui \u00e0 pr\u00e9parer les d\u00e9cisions, \u00e0 optimiser les processus et \u00e0 d\u00e9velopper de nouvelles comp\u00e9tences.<\/p>\n<p><strong>Au programme :<\/strong><\/p>\n<ul data-start=\"741\" data-end=\"1062\">\n<li><strong>Predict, Assist, Connect<\/strong>\u00a0\u2013 les trois piliers de l\u2019IA en un coup d\u2019\u0153il<\/li>\n<li><strong>Keynote d\u2019un expert en IA<\/strong>\u00a0\u2013 inspiration et cas pratiques<\/li>\n<li><strong>Table ronde<\/strong>\u00a0\u2013 L\u2019humain au centre de l\u2019IA : formation, nouvelles comp\u00e9tences et culture d\u2019entreprise<\/li>\n<li><strong>Networking &amp; ap\u00e9ritif<\/strong>\u00a0\u2013 \u00e9changes avec des experts et des pairs<\/li>\n<\/ul>\n<p>\ud83d\udc49 L\u2019\u00e9v\u00e9nement s\u2019adresse aux <strong>dirigeant\u00b7e\u00b7s, responsables IT et d\u00e9cideur\u00b7euse\u00b7s<\/strong>\u00a0souhaitant comprendre et exploiter le potentiel de l\u2019IA pour leur organisation.<\/p>\n<p>\ud83d\udc49 D\u00e9couvrez le <strong>programme d\u00e9taill\u00e9<\/strong>\u00a0sur la page <a href=\"https:\/\/www.cosmoconsult.com\/ch\/insights\/events-webinare\/startklar-fuer-ki?utm_source=magazine&amp;utm_medium=online&amp;utm_campaign=2025_cosmoimpulse_ai_zuerich&amp;utm_content=handelsverband.swiss\" target=\"_blank\" rel=\"noopener\">d\u2019inscription<\/a>.<\/p>\n","protected":false},"author":5186,"featured_media":58700,"menu_order":0,"comment_status":"open","ping_status":"closed","template":"","meta":{"_acf_changed":false},"tags":[],"event_type":[],"event_type_2":[],"class_list":["post-58672","ajde_events","type-ajde_events","status-publish","has-post-thumbnail","hentry","event_location-microsoft-schweiz","event_organizer-cosmo-consult-ag"],"acf":[],"yoast_head":"<!-- This site is optimized with the Yoast SEO plugin v27.5 - https:\/\/yoast.com\/product\/yoast-seo-wordpress\/ -->\n<title>\u00c9v\u00e9nement IA pour les PME - HANDELSVERBAND. swiss<\/title>\n<meta name=\"robots\" content=\"index, follow, max-snippet:-1, max-image-preview:large, max-video-preview:-1\" \/>\n<meta property=\"og:locale\" content=\"fr_FR\" \/>\n<meta property=\"og:type\" content=\"article\" \/>\n<meta property=\"og:title\" content=\"\u00c9v\u00e9nement IA pour les PME - HANDELSVERBAND. swiss\" \/>\n<meta property=\"og:description\" content=\"Pr\u00eat\u00b7e pour l\u2019IA \u2013 votre\" \/>\n<meta property=\"og:url\" content=\"https:\/\/handelsverband.swiss\/fr\/events\/evenement-ia-pour-les-pme\/\" \/>\n<meta property=\"og:site_name\" content=\"HANDELSVERBAND. swiss\" \/>\n<meta property=\"article:modified_time\" content=\"2025-10-07T11:44:27+00:00\" \/>\n<meta property=\"og:image\" content=\"https:\/\/handelsverband.swiss\/wp-content\/uploads\/2025\/10\/openfile_COSMOimpulse-x-Microsoft2-002.png\" \/>\n\t<meta property=\"og:image:width\" content=\"1442\" \/>\n\t<meta property=\"og:image:height\" content=\"800\" \/>\n\t<meta property=\"og:image:type\" content=\"image\/png\" \/>\n<meta name=\"twitter:card\" content=\"summary_large_image\" \/>\n<meta name=\"twitter:label1\" content=\"Est. reading time\" \/>\n\t<meta name=\"twitter:data1\" content=\"2 minutes\" \/>\n<script type=\"application\/ld+json\" class=\"yoast-schema-graph\">{\"@context\":\"https:\\\/\\\/schema.org\",\"@graph\":[{\"@type\":\"WebPage\",\"@id\":\"https:\\\/\\\/handelsverband.swiss\\\/fr\\\/events\\\/evenement-ia-pour-les-pme\\\/\",\"url\":\"https:\\\/\\\/handelsverband.swiss\\\/fr\\\/events\\\/evenement-ia-pour-les-pme\\\/\",\"name\":\"\u00c9v\u00e9nement IA pour les PME - HANDELSVERBAND. swiss\",\"isPartOf\":{\"@id\":\"https:\\\/\\\/handelsverband.swiss\\\/#website\"},\"primaryImageOfPage\":{\"@id\":\"https:\\\/\\\/handelsverband.swiss\\\/fr\\\/events\\\/evenement-ia-pour-les-pme\\\/#primaryimage\"},\"image\":{\"@id\":\"https:\\\/\\\/handelsverband.swiss\\\/fr\\\/events\\\/evenement-ia-pour-les-pme\\\/#primaryimage\"},\"thumbnailUrl\":\"https:\\\/\\\/handelsverband.swiss\\\/wp-content\\\/uploads\\\/2025\\\/10\\\/openfile_COSMOimpulse-x-Microsoft2-002.png\",\"datePublished\":\"2025-10-02T13:47:55+00:00\",\"dateModified\":\"2025-10-07T11:44:27+00:00\",\"breadcrumb\":{\"@id\":\"https:\\\/\\\/handelsverband.swiss\\\/fr\\\/events\\\/evenement-ia-pour-les-pme\\\/#breadcrumb\"},\"inLanguage\":\"fr-FR\",\"potentialAction\":[{\"@type\":\"ReadAction\",\"target\":[\"https:\\\/\\\/handelsverband.swiss\\\/fr\\\/events\\\/evenement-ia-pour-les-pme\\\/\"]}]},{\"@type\":\"ImageObject\",\"inLanguage\":\"fr-FR\",\"@id\":\"https:\\\/\\\/handelsverband.swiss\\\/fr\\\/events\\\/evenement-ia-pour-les-pme\\\/#primaryimage\",\"url\":\"https:\\\/\\\/handelsverband.swiss\\\/wp-content\\\/uploads\\\/2025\\\/10\\\/openfile_COSMOimpulse-x-Microsoft2-002.png\",\"contentUrl\":\"https:\\\/\\\/handelsverband.swiss\\\/wp-content\\\/uploads\\\/2025\\\/10\\\/openfile_COSMOimpulse-x-Microsoft2-002.png\",\"width\":1442,\"height\":800},{\"@type\":\"BreadcrumbList\",\"@id\":\"https:\\\/\\\/handelsverband.swiss\\\/fr\\\/events\\\/evenement-ia-pour-les-pme\\\/#breadcrumb\",\"itemListElement\":[{\"@type\":\"ListItem\",\"position\":1,\"name\":\"Startseite\",\"item\":\"https:\\\/\\\/handelsverband.swiss\\\/fr\\\/\"},{\"@type\":\"ListItem\",\"position\":2,\"name\":\"Events\",\"item\":\"https:\\\/\\\/handelsverband.swiss\\\/events\\\/\"},{\"@type\":\"ListItem\",\"position\":3,\"name\":\"\u00c9v\u00e9nement IA pour les PME\"}]},{\"@type\":\"WebSite\",\"@id\":\"https:\\\/\\\/handelsverband.swiss\\\/#website\",\"url\":\"https:\\\/\\\/handelsverband.swiss\\\/\",\"name\":\"HANDELSVERBAND.swiss\",\"description\":\"ASSOCIATION DE COMMERCE.swiss\",\"publisher\":{\"@id\":\"https:\\\/\\\/handelsverband.swiss\\\/#organization\"},\"potentialAction\":[{\"@type\":\"SearchAction\",\"target\":{\"@type\":\"EntryPoint\",\"urlTemplate\":\"https:\\\/\\\/handelsverband.swiss\\\/?s={search_term_string}\"},\"query-input\":{\"@type\":\"PropertyValueSpecification\",\"valueRequired\":true,\"valueName\":\"search_term_string\"}}],\"inLanguage\":\"fr-FR\"},{\"@type\":\"Organization\",\"@id\":\"https:\\\/\\\/handelsverband.swiss\\\/#organization\",\"name\":\"HANDELSVERBAND.swiss\",\"url\":\"https:\\\/\\\/handelsverband.swiss\\\/\",\"logo\":{\"@type\":\"ImageObject\",\"inLanguage\":\"fr-FR\",\"@id\":\"https:\\\/\\\/handelsverband.swiss\\\/#\\\/schema\\\/logo\\\/image\\\/\",\"url\":\"https:\\\/\\\/handelsverband.swiss\\\/wp-content\\\/uploads\\\/2020\\\/03\\\/hv_brand_rgb.png\",\"contentUrl\":\"https:\\\/\\\/handelsverband.swiss\\\/wp-content\\\/uploads\\\/2020\\\/03\\\/hv_brand_rgb.png\",\"width\":1714,\"height\":472,\"caption\":\"HANDELSVERBAND.swiss\"},\"image\":{\"@id\":\"https:\\\/\\\/handelsverband.swiss\\\/#\\\/schema\\\/logo\\\/image\\\/\"}}]}<\/script>\n<!-- \/ Yoast SEO plugin. -->","yoast_head_json":{"title":"\u00c9v\u00e9nement IA pour les PME - HANDELSVERBAND. swiss","robots":{"index":"index","follow":"follow","max-snippet":"max-snippet:-1","max-image-preview":"max-image-preview:large","max-video-preview":"max-video-preview:-1"},"og_locale":"fr_FR","og_type":"article","og_title":"\u00c9v\u00e9nement IA pour les PME - HANDELSVERBAND. swiss","og_description":"Pr\u00eat\u00b7e pour l\u2019IA \u2013 votre","og_url":"https:\/\/handelsverband.swiss\/fr\/events\/evenement-ia-pour-les-pme\/","og_site_name":"HANDELSVERBAND. swiss","article_modified_time":"2025-10-07T11:44:27+00:00","og_image":[{"width":1442,"height":800,"url":"https:\/\/handelsverband.swiss\/wp-content\/uploads\/2025\/10\/openfile_COSMOimpulse-x-Microsoft2-002.png","type":"image\/png"}],"twitter_card":"summary_large_image","twitter_misc":{"Est. reading time":"2 minutes"},"schema":{"@context":"https:\/\/schema.org","@graph":[{"@type":"WebPage","@id":"https:\/\/handelsverband.swiss\/fr\/events\/evenement-ia-pour-les-pme\/","url":"https:\/\/handelsverband.swiss\/fr\/events\/evenement-ia-pour-les-pme\/","name":"\u00c9v\u00e9nement IA pour les PME - HANDELSVERBAND. swiss","isPartOf":{"@id":"https:\/\/handelsverband.swiss\/#website"},"primaryImageOfPage":{"@id":"https:\/\/handelsverband.swiss\/fr\/events\/evenement-ia-pour-les-pme\/#primaryimage"},"image":{"@id":"https:\/\/handelsverband.swiss\/fr\/events\/evenement-ia-pour-les-pme\/#primaryimage"},"thumbnailUrl":"https:\/\/handelsverband.swiss\/wp-content\/uploads\/2025\/10\/openfile_COSMOimpulse-x-Microsoft2-002.png","datePublished":"2025-10-02T13:47:55+00:00","dateModified":"2025-10-07T11:44:27+00:00","breadcrumb":{"@id":"https:\/\/handelsverband.swiss\/fr\/events\/evenement-ia-pour-les-pme\/#breadcrumb"},"inLanguage":"fr-FR","potentialAction":[{"@type":"ReadAction","target":["https:\/\/handelsverband.swiss\/fr\/events\/evenement-ia-pour-les-pme\/"]}]},{"@type":"ImageObject","inLanguage":"fr-FR","@id":"https:\/\/handelsverband.swiss\/fr\/events\/evenement-ia-pour-les-pme\/#primaryimage","url":"https:\/\/handelsverband.swiss\/wp-content\/uploads\/2025\/10\/openfile_COSMOimpulse-x-Microsoft2-002.png","contentUrl":"https:\/\/handelsverband.swiss\/wp-content\/uploads\/2025\/10\/openfile_COSMOimpulse-x-Microsoft2-002.png","width":1442,"height":800},{"@type":"BreadcrumbList","@id":"https:\/\/handelsverband.swiss\/fr\/events\/evenement-ia-pour-les-pme\/#breadcrumb","itemListElement":[{"@type":"ListItem","position":1,"name":"Startseite","item":"https:\/\/handelsverband.swiss\/fr\/"},{"@type":"ListItem","position":2,"name":"Events","item":"https:\/\/handelsverband.swiss\/events\/"},{"@type":"ListItem","position":3,"name":"\u00c9v\u00e9nement IA pour les PME"}]},{"@type":"WebSite","@id":"https:\/\/handelsverband.swiss\/#website","url":"https:\/\/handelsverband.swiss\/","name":"HANDELSVERBAND.swiss","description":"ASSOCIATION DE COMMERCE.swiss","publisher":{"@id":"https:\/\/handelsverband.swiss\/#organization"},"potentialAction":[{"@type":"SearchAction","target":{"@type":"EntryPoint","urlTemplate":"https:\/\/handelsverband.swiss\/?s={search_term_string}"},"query-input":{"@type":"PropertyValueSpecification","valueRequired":true,"valueName":"search_term_string"}}],"inLanguage":"fr-FR"},{"@type":"Organization","@id":"https:\/\/handelsverband.swiss\/#organization","name":"HANDELSVERBAND.swiss","url":"https:\/\/handelsverband.swiss\/","logo":{"@type":"ImageObject","inLanguage":"fr-FR","@id":"https:\/\/handelsverband.swiss\/#\/schema\/logo\/image\/","url":"https:\/\/handelsverband.swiss\/wp-content\/uploads\/2020\/03\/hv_brand_rgb.png","contentUrl":"https:\/\/handelsverband.swiss\/wp-content\/uploads\/2020\/03\/hv_brand_rgb.png","width":1714,"height":472,"caption":"HANDELSVERBAND.swiss"},"image":{"@id":"https:\/\/handelsverband.swiss\/#\/schema\/logo\/image\/"}}]}},"_links":{"self":[{"href":"https:\/\/handelsverband.swiss\/fr\/wp-json\/wp\/v2\/ajde_events\/58672","targetHints":{"allow":["GET"]}}],"collection":[{"href":"https:\/\/handelsverband.swiss\/fr\/wp-json\/wp\/v2\/ajde_events"}],"about":[{"href":"https:\/\/handelsverband.swiss\/fr\/wp-json\/wp\/v2\/types\/ajde_events"}],"author":[{"embeddable":true,"href":"https:\/\/handelsverband.swiss\/fr\/wp-json\/wp\/v2\/users\/5186"}],"replies":[{"embeddable":true,"href":"https:\/\/handelsverband.swiss\/fr\/wp-json\/wp\/v2\/comments?post=58672"}],"wp:featuredmedia":[{"embeddable":true,"href":"https:\/\/handelsverband.swiss\/fr\/wp-json\/wp\/v2\/media\/58700"}],"wp:attachment":[{"href":"https:\/\/handelsverband.swiss\/fr\/wp-json\/wp\/v2\/media?parent=58672"}],"wp:term":[{"taxonomy":"post_tag","embeddable":true,"href":"https:\/\/handelsverband.swiss\/fr\/wp-json\/wp\/v2\/tags?post=58672"},{"taxonomy":"event_type","embeddable":true,"href":"https:\/\/handelsverband.swiss\/fr\/wp-json\/wp\/v2\/event_type?post=58672"},{"taxonomy":"event_type_2","embeddable":true,"href":"https:\/\/handelsverband.swiss\/fr\/wp-json\/wp\/v2\/event_type_2?post=58672"}],"curies":[{"name":"wp","href":"https:\/\/api.w.org\/{rel}","templated":true}]}}

Événement IA pour les PME

<p><strong>Prêt·e pour l’IA – votre entrée dans la pratique</strong></p>
<p>L’intelligence artificielle fait déjà partie de notre quotidien. Mais comment les entreprises peuvent-elles utiliser concrètement ces nouvelles technologies et accompagner leurs collaborateurs dans ce changement ?</p>
<p>Le <strong>25 novembre 2025</strong>, <a href="https://www.cosmoconsult.com/fr" target="_blank" rel="noopener">COSMO CONSULT AG</a> vous invite à son <strong>événement gratuit chez Microsoft à l&#8217;aéroport de Zurich</strong>. Ensemble, ils montreront comment l&#8217;IA aide déjà aujourd&#8217;hui à préparer les décisions, à optimiser les processus et à développer de nouvelles compétences.</p>
<p><strong>Au programme :</strong></p>
<ul data-start="741" data-end="1062">
<li><strong>Predict, Assist, Connect</strong> – les trois piliers de l’IA en un coup d’œil</li>
<li><strong>Keynote d’un expert en IA</strong> – inspiration et cas pratiques</li>
<li><strong>Table ronde</strong> – L’humain au centre de l’IA : formation, nouvelles compétences et culture d’entreprise</li>
<li><strong>Networking &amp; apéritif</strong> – échanges avec des experts et des pairs</li>
</ul>
<p>👉 L’événement s’adresse aux <strong>dirigeant·e·s, responsables IT et décideur·euse·s</strong> souhaitant comprendre et exploiter le potentiel de l’IA pour leur organisation.</p>
<p>👉 Découvrez le <strong>programme détaillé</strong> sur la page <a href="https://www.cosmoconsult.com/ch/insights/events-webinare/startklar-fuer-ki?utm_source=magazine&amp;utm_medium=online&amp;utm_campaign=2025_cosmoimpulse_ai_zuerich&amp;utm_content=handelsverband.swiss" target="_blank" rel="noopener">d’inscription</a>.</p>

<!-- This site is optimized with the Yoast SEO plugin v27.5 - https://yoast.com/product/yoast-seo-wordpress/ -->
<title>Événement IA pour les PME - HANDELSVERBAND. swiss</title>
<meta name="robots" content="index, follow, max-snippet:-1, max-image-preview:large, max-video-preview:-1" />
<meta property="og:locale" content="fr_FR" />
<meta property="og:type" content="article" />
<meta property="og:title" content="Événement IA pour les PME - HANDELSVERBAND. swiss" />
<meta property="og:description" content="Prêt·e pour l’IA – votre" />
<meta property="og:url" content="https://handelsverband.swiss/fr/events/evenement-ia-pour-les-pme/" />
<meta property="og:site_name" content="HANDELSVERBAND. swiss" />
<meta property="article:modified_time" content="2025-10-07T11:44:27+00:00" />
<meta property="og:image" content="https://handelsverband.swiss/wp-content/uploads/2025/10/openfile_COSMOimpulse-x-Microsoft2-002.png" />
	<meta property="og:image:width" content="1442" />
	<meta property="og:image:height" content="800" />
	<meta property="og:image:type" content="image/png" />
<meta name="twitter:card" content="summary_large_image" />
<meta name="twitter:label1" content="Est. reading time" />
	<meta name="twitter:data1" content="2 minutes" />
<script type="application/ld+json" class="yoast-schema-graph">{"@context":"https:\/\/schema.org","@graph":[{"@type":"WebPage","@id":"https:\/\/handelsverband.swiss\/fr\/events\/evenement-ia-pour-les-pme\/","url":"https:\/\/handelsverband.swiss\/fr\/events\/evenement-ia-pour-les-pme\/","name":"Événement IA pour les PME - HANDELSVERBAND. swiss","isPartOf":{"@id":"https:\/\/handelsverband.swiss\/#website"},"primaryImageOfPage":{"@id":"https:\/\/handelsverband.swiss\/fr\/events\/evenement-ia-pour-les-pme\/#primaryimage"},"image":{"@id":"https:\/\/handelsverband.swiss\/fr\/events\/evenement-ia-pour-les-pme\/#primaryimage"},"thumbnailUrl":"https:\/\/handelsverband.swiss\/wp-content\/uploads\/2025\/10\/openfile_COSMOimpulse-x-Microsoft2-002.png","datePublished":"2025-10-02T13:47:55+00:00","dateModified":"2025-10-07T11:44:27+00:00","breadcrumb":{"@id":"https:\/\/handelsverband.swiss\/fr\/events\/evenement-ia-pour-les-pme\/#breadcrumb"},"inLanguage":"fr-FR","potentialAction":[{"@type":"ReadAction","target":["https:\/\/handelsverband.swiss\/fr\/events\/evenement-ia-pour-les-pme\/"]}]},{"@type":"ImageObject","inLanguage":"fr-FR","@id":"https:\/\/handelsverband.swiss\/fr\/events\/evenement-ia-pour-les-pme\/#primaryimage","url":"https:\/\/handelsverband.swiss\/wp-content\/uploads\/2025\/10\/openfile_COSMOimpulse-x-Microsoft2-002.png","contentUrl":"https:\/\/handelsverband.swiss\/wp-content\/uploads\/2025\/10\/openfile_COSMOimpulse-x-Microsoft2-002.png","width":1442,"height":800},{"@type":"BreadcrumbList","@id":"https:\/\/handelsverband.swiss\/fr\/events\/evenement-ia-pour-les-pme\/#breadcrumb","itemListElement":[{"@type":"ListItem","position":1,"name":"Startseite","item":"https:\/\/handelsverband.swiss\/fr\/"},{"@type":"ListItem","position":2,"name":"Events","item":"https:\/\/handelsverband.swiss\/events\/"},{"@type":"ListItem","position":3,"name":"Événement IA pour les PME"}]},{"@type":"WebSite","@id":"https:\/\/handelsverband.swiss\/#website","url":"https:\/\/handelsverband.swiss\/","name":"HANDELSVERBAND.swiss","description":"ASSOCIATION DE COMMERCE.swiss","publisher":{"@id":"https:\/\/handelsverband.swiss\/#organization"},"potentialAction":[{"@type":"SearchAction","target":{"@type":"EntryPoint","urlTemplate":"https:\/\/handelsverband.swiss\/?s={search_term_string}"},"query-input":{"@type":"PropertyValueSpecification","valueRequired":true,"valueName":"search_term_string"}}],"inLanguage":"fr-FR"},{"@type":"Organization","@id":"https:\/\/handelsverband.swiss\/#organization","name":"HANDELSVERBAND.swiss","url":"https:\/\/handelsverband.swiss\/","logo":{"@type":"ImageObject","inLanguage":"fr-FR","@id":"https:\/\/handelsverband.swiss\/#\/schema\/logo\/image\/","url":"https:\/\/handelsverband.swiss\/wp-content\/uploads\/2020\/03\/hv_brand_rgb.png","contentUrl":"https:\/\/handelsverband.swiss\/wp-content\/uploads\/2020\/03\/hv_brand_rgb.png","width":1714,"height":472,"caption":"HANDELSVERBAND.swiss"},"image":{"@id":"https:\/\/handelsverband.swiss\/#\/schema\/logo\/image\/"}}]}</script>
<!-- / Yoast SEO plugin. -->

Événement IA pour les PME - HANDELSVERBAND. swiss

Prêt·e pour l’IA – votre
