{"id":22479,"date":"2021-12-14T10:42:20","date_gmt":"2021-12-14T09:42:20","guid":{"rendered":"https:\/\/handelsverband.swiss\/?page_id=22479"},"modified":"2023-08-21T10:42:18","modified_gmt":"2023-08-21T08:42:18","slug":"energielabel","status":"publish","type":"page","link":"https:\/\/handelsverband.swiss\/fr\/energielabel\/","title":{"rendered":"Etiquette \u00e9nergie"},"content":{"rendered":"<p>Les directives relatives \u00e0 l&#8217;\u00e9tiquetage \u00e9nerg\u00e9tique des produits ont \u00e9t\u00e9 mises \u00e0 jour pour 2021. Sur le site <a href=\"https:\/\/newlabel.ch\/fr\/\" target=\"_blank\" rel=\"noopener\">www.newlabel.ch<\/a>, vous trouverez toutes les informations importantes concernant l&#8217;\u00e9tiquette \u00e9nergie.<\/p>\n<ul>\n<li><a href=\"https:\/\/newlabel.ch\/wp-content\/uploads\/2020\/11\/NEW-LABEL_10094-20200508_EnEV-Revision2020_FR.pdf\">Exemples\u00a0<\/a><\/li>\n<li><a href=\"https:\/\/www.fedlex.admin.ch\/eli\/oc\/2020\/1012\/fr\">Ordonnance sur les exigences relatives \u00e0 l&#8217;efficacit\u00e9 \u00e9nerg\u00e9tique d&#8217;installations, de v\u00e9hicules et d&#8217;appareils fabriqu\u00e9s en s\u00e9rie <\/a><\/li>\n<\/ul>\n","protected":false},"excerpt":{"rendered":"<p>Les directives relatives \u00e0 l&#8217;\u00e9tiquetage<\/p>\n","protected":false},"author":1498,"featured_media":0,"parent":0,"menu_order":0,"comment_status":"closed","ping_status":"closed","template":"","meta":{"_acf_changed":false,"footnotes":""},"class_list":["post-22479","page","type-page","status-publish","hentry"],"acf":[],"yoast_head":"<!-- This site is optimized with the Yoast SEO plugin v27.5 - https:\/\/yoast.com\/product\/yoast-seo-wordpress\/ -->\n<title>Etiquette \u00e9nergie - HANDELSVERBAND. swiss<\/title>\n<meta name=\"robots\" content=\"index, follow, max-snippet:-1, max-image-preview:large, max-video-preview:-1\" \/>\n<meta property=\"og:locale\" content=\"fr_FR\" \/>\n<meta property=\"og:type\" content=\"article\" \/>\n<meta property=\"og:title\" content=\"Etiquette \u00e9nergie - HANDELSVERBAND. swiss\" \/>\n<meta property=\"og:description\" content=\"Les directives relatives \u00e0 l&#8217;\u00e9tiquetage\" \/>\n<meta property=\"og:url\" content=\"https:\/\/handelsverband.swiss\/fr\/energielabel\/\" \/>\n<meta property=\"og:site_name\" content=\"HANDELSVERBAND. swiss\" \/>\n<meta property=\"article:modified_time\" content=\"2023-08-21T08:42:18+00:00\" \/>\n<meta name=\"twitter:card\" content=\"summary_large_image\" \/>\n<meta name=\"twitter:label1\" content=\"Est. reading time\" \/>\n\t<meta name=\"twitter:data1\" content=\"1 minute\" \/>\n<script type=\"application\/ld+json\" class=\"yoast-schema-graph\">{\"@context\":\"https:\\\/\\\/schema.org\",\"@graph\":[{\"@type\":\"WebPage\",\"@id\":\"https:\\\/\\\/handelsverband.swiss\\\/fr\\\/energielabel\\\/\",\"url\":\"https:\\\/\\\/handelsverband.swiss\\\/fr\\\/energielabel\\\/\",\"name\":\"Etiquette \u00e9nergie - HANDELSVERBAND. swiss\",\"isPartOf\":{\"@id\":\"https:\\\/\\\/handelsverband.swiss\\\/#website\"},\"datePublished\":\"2021-12-14T09:42:20+00:00\",\"dateModified\":\"2023-08-21T08:42:18+00:00\",\"breadcrumb\":{\"@id\":\"https:\\\/\\\/handelsverband.swiss\\\/fr\\\/energielabel\\\/#breadcrumb\"},\"inLanguage\":\"fr-FR\",\"potentialAction\":[{\"@type\":\"ReadAction\",\"target\":[\"https:\\\/\\\/handelsverband.swiss\\\/fr\\\/energielabel\\\/\"]}]},{\"@type\":\"BreadcrumbList\",\"@id\":\"https:\\\/\\\/handelsverband.swiss\\\/fr\\\/energielabel\\\/#breadcrumb\",\"itemListElement\":[{\"@type\":\"ListItem\",\"position\":1,\"name\":\"Startseite\",\"item\":\"https:\\\/\\\/handelsverband.swiss\\\/fr\\\/\"},{\"@type\":\"ListItem\",\"position\":2,\"name\":\"Etiquette \u00e9nergie\"}]},{\"@type\":\"WebSite\",\"@id\":\"https:\\\/\\\/handelsverband.swiss\\\/#website\",\"url\":\"https:\\\/\\\/handelsverband.swiss\\\/\",\"name\":\"HANDELSVERBAND.swiss\",\"description\":\"ASSOCIATION DE COMMERCE.swiss\",\"publisher\":{\"@id\":\"https:\\\/\\\/handelsverband.swiss\\\/#organization\"},\"potentialAction\":[{\"@type\":\"SearchAction\",\"target\":{\"@type\":\"EntryPoint\",\"urlTemplate\":\"https:\\\/\\\/handelsverband.swiss\\\/?s={search_term_string}\"},\"query-input\":{\"@type\":\"PropertyValueSpecification\",\"valueRequired\":true,\"valueName\":\"search_term_string\"}}],\"inLanguage\":\"fr-FR\"},{\"@type\":\"Organization\",\"@id\":\"https:\\\/\\\/handelsverband.swiss\\\/#organization\",\"name\":\"HANDELSVERBAND.swiss\",\"url\":\"https:\\\/\\\/handelsverband.swiss\\\/\",\"logo\":{\"@type\":\"ImageObject\",\"inLanguage\":\"fr-FR\",\"@id\":\"https:\\\/\\\/handelsverband.swiss\\\/#\\\/schema\\\/logo\\\/image\\\/\",\"url\":\"https:\\\/\\\/handelsverband.swiss\\\/wp-content\\\/uploads\\\/2020\\\/03\\\/hv_brand_rgb.png\",\"contentUrl\":\"https:\\\/\\\/handelsverband.swiss\\\/wp-content\\\/uploads\\\/2020\\\/03\\\/hv_brand_rgb.png\",\"width\":1714,\"height\":472,\"caption\":\"HANDELSVERBAND.swiss\"},\"image\":{\"@id\":\"https:\\\/\\\/handelsverband.swiss\\\/#\\\/schema\\\/logo\\\/image\\\/\"}}]}<\/script>\n<!-- \/ Yoast SEO plugin. -->","yoast_head_json":{"title":"Etiquette \u00e9nergie - HANDELSVERBAND. swiss","robots":{"index":"index","follow":"follow","max-snippet":"max-snippet:-1","max-image-preview":"max-image-preview:large","max-video-preview":"max-video-preview:-1"},"og_locale":"fr_FR","og_type":"article","og_title":"Etiquette \u00e9nergie - HANDELSVERBAND. swiss","og_description":"Les directives relatives \u00e0 l&#8217;\u00e9tiquetage","og_url":"https:\/\/handelsverband.swiss\/fr\/energielabel\/","og_site_name":"HANDELSVERBAND. swiss","article_modified_time":"2023-08-21T08:42:18+00:00","twitter_card":"summary_large_image","twitter_misc":{"Est. reading time":"1 minute"},"schema":{"@context":"https:\/\/schema.org","@graph":[{"@type":"WebPage","@id":"https:\/\/handelsverband.swiss\/fr\/energielabel\/","url":"https:\/\/handelsverband.swiss\/fr\/energielabel\/","name":"Etiquette \u00e9nergie - HANDELSVERBAND. swiss","isPartOf":{"@id":"https:\/\/handelsverband.swiss\/#website"},"datePublished":"2021-12-14T09:42:20+00:00","dateModified":"2023-08-21T08:42:18+00:00","breadcrumb":{"@id":"https:\/\/handelsverband.swiss\/fr\/energielabel\/#breadcrumb"},"inLanguage":"fr-FR","potentialAction":[{"@type":"ReadAction","target":["https:\/\/handelsverband.swiss\/fr\/energielabel\/"]}]},{"@type":"BreadcrumbList","@id":"https:\/\/handelsverband.swiss\/fr\/energielabel\/#breadcrumb","itemListElement":[{"@type":"ListItem","position":1,"name":"Startseite","item":"https:\/\/handelsverband.swiss\/fr\/"},{"@type":"ListItem","position":2,"name":"Etiquette \u00e9nergie"}]},{"@type":"WebSite","@id":"https:\/\/handelsverband.swiss\/#website","url":"https:\/\/handelsverband.swiss\/","name":"HANDELSVERBAND.swiss","description":"ASSOCIATION DE COMMERCE.swiss","publisher":{"@id":"https:\/\/handelsverband.swiss\/#organization"},"potentialAction":[{"@type":"SearchAction","target":{"@type":"EntryPoint","urlTemplate":"https:\/\/handelsverband.swiss\/?s={search_term_string}"},"query-input":{"@type":"PropertyValueSpecification","valueRequired":true,"valueName":"search_term_string"}}],"inLanguage":"fr-FR"},{"@type":"Organization","@id":"https:\/\/handelsverband.swiss\/#organization","name":"HANDELSVERBAND.swiss","url":"https:\/\/handelsverband.swiss\/","logo":{"@type":"ImageObject","inLanguage":"fr-FR","@id":"https:\/\/handelsverband.swiss\/#\/schema\/logo\/image\/","url":"https:\/\/handelsverband.swiss\/wp-content\/uploads\/2020\/03\/hv_brand_rgb.png","contentUrl":"https:\/\/handelsverband.swiss\/wp-content\/uploads\/2020\/03\/hv_brand_rgb.png","width":1714,"height":472,"caption":"HANDELSVERBAND.swiss"},"image":{"@id":"https:\/\/handelsverband.swiss\/#\/schema\/logo\/image\/"}}]}},"_links":{"self":[{"href":"https:\/\/handelsverband.swiss\/fr\/wp-json\/wp\/v2\/pages\/22479","targetHints":{"allow":["GET"]}}],"collection":[{"href":"https:\/\/handelsverband.swiss\/fr\/wp-json\/wp\/v2\/pages"}],"about":[{"href":"https:\/\/handelsverband.swiss\/fr\/wp-json\/wp\/v2\/types\/page"}],"author":[{"embeddable":true,"href":"https:\/\/handelsverband.swiss\/fr\/wp-json\/wp\/v2\/users\/1498"}],"replies":[{"embeddable":true,"href":"https:\/\/handelsverband.swiss\/fr\/wp-json\/wp\/v2\/comments?post=22479"}],"version-history":[{"count":5,"href":"https:\/\/handelsverband.swiss\/fr\/wp-json\/wp\/v2\/pages\/22479\/revisions"}],"predecessor-version":[{"id":40780,"href":"https:\/\/handelsverband.swiss\/fr\/wp-json\/wp\/v2\/pages\/22479\/revisions\/40780"}],"wp:attachment":[{"href":"https:\/\/handelsverband.swiss\/fr\/wp-json\/wp\/v2\/media?parent=22479"}],"curies":[{"name":"wp","href":"https:\/\/api.w.org\/{rel}","templated":true}]}}

Etiquette énergie

<p>Les directives relatives à l&#8217;étiquetage énergétique des produits ont été mises à jour pour 2021. Sur le site <a href="https://newlabel.ch/fr/" target="_blank" rel="noopener">www.newlabel.ch</a>, vous trouverez toutes les informations importantes concernant l&#8217;étiquette énergie.</p>
<ul>
<li><a href="https://newlabel.ch/wp-content/uploads/2020/11/NEW-LABEL_10094-20200508_EnEV-Revision2020_FR.pdf">Exemples </a></li>
<li><a href="https://www.fedlex.admin.ch/eli/oc/2020/1012/fr">Ordonnance sur les exigences relatives à l&#8217;efficacité énergétique d&#8217;installations, de véhicules et d&#8217;appareils fabriqués en série </a></li>
</ul>

<p>Les directives relatives à l&#8217;étiquetage</p>

<!-- This site is optimized with the Yoast SEO plugin v27.5 - https://yoast.com/product/yoast-seo-wordpress/ -->
<title>Etiquette énergie - HANDELSVERBAND. swiss</title>
<meta name="robots" content="index, follow, max-snippet:-1, max-image-preview:large, max-video-preview:-1" />
<meta property="og:locale" content="fr_FR" />
<meta property="og:type" content="article" />
<meta property="og:title" content="Etiquette énergie - HANDELSVERBAND. swiss" />
<meta property="og:description" content="Les directives relatives à l&#8217;étiquetage" />
<meta property="og:url" content="https://handelsverband.swiss/fr/energielabel/" />
<meta property="og:site_name" content="HANDELSVERBAND. swiss" />
<meta property="article:modified_time" content="2023-08-21T08:42:18+00:00" />
<meta name="twitter:card" content="summary_large_image" />
<meta name="twitter:label1" content="Est. reading time" />
	<meta name="twitter:data1" content="1 minute" />
<script type="application/ld+json" class="yoast-schema-graph">{"@context":"https:\/\/schema.org","@graph":[{"@type":"WebPage","@id":"https:\/\/handelsverband.swiss\/fr\/energielabel\/","url":"https:\/\/handelsverband.swiss\/fr\/energielabel\/","name":"Etiquette énergie - HANDELSVERBAND. swiss","isPartOf":{"@id":"https:\/\/handelsverband.swiss\/#website"},"datePublished":"2021-12-14T09:42:20+00:00","dateModified":"2023-08-21T08:42:18+00:00","breadcrumb":{"@id":"https:\/\/handelsverband.swiss\/fr\/energielabel\/#breadcrumb"},"inLanguage":"fr-FR","potentialAction":[{"@type":"ReadAction","target":["https:\/\/handelsverband.swiss\/fr\/energielabel\/"]}]},{"@type":"BreadcrumbList","@id":"https:\/\/handelsverband.swiss\/fr\/energielabel\/#breadcrumb","itemListElement":[{"@type":"ListItem","position":1,"name":"Startseite","item":"https:\/\/handelsverband.swiss\/fr\/"},{"@type":"ListItem","position":2,"name":"Etiquette énergie"}]},{"@type":"WebSite","@id":"https:\/\/handelsverband.swiss\/#website","url":"https:\/\/handelsverband.swiss\/","name":"HANDELSVERBAND.swiss","description":"ASSOCIATION DE COMMERCE.swiss","publisher":{"@id":"https:\/\/handelsverband.swiss\/#organization"},"potentialAction":[{"@type":"SearchAction","target":{"@type":"EntryPoint","urlTemplate":"https:\/\/handelsverband.swiss\/?s={search_term_string}"},"query-input":{"@type":"PropertyValueSpecification","valueRequired":true,"valueName":"search_term_string"}}],"inLanguage":"fr-FR"},{"@type":"Organization","@id":"https:\/\/handelsverband.swiss\/#organization","name":"HANDELSVERBAND.swiss","url":"https:\/\/handelsverband.swiss\/","logo":{"@type":"ImageObject","inLanguage":"fr-FR","@id":"https:\/\/handelsverband.swiss\/#\/schema\/logo\/image\/","url":"https:\/\/handelsverband.swiss\/wp-content\/uploads\/2020\/03\/hv_brand_rgb.png","contentUrl":"https:\/\/handelsverband.swiss\/wp-content\/uploads\/2020\/03\/hv_brand_rgb.png","width":1714,"height":472,"caption":"HANDELSVERBAND.swiss"},"image":{"@id":"https:\/\/handelsverband.swiss\/#\/schema\/logo\/image\/"}}]}</script>
<!-- / Yoast SEO plugin. -->

Etiquette énergie - HANDELSVERBAND. swiss

Les directives relatives à l&#8217;étiquetage
