{"id":34180,"date":"2022-11-09T18:22:28","date_gmt":"2022-11-09T17:22:28","guid":{"rendered":"https:\/\/handelsverband.swiss\/?page_id=34180"},"modified":"2022-11-28T15:05:16","modified_gmt":"2022-11-28T14:05:16","slug":"formation-de-contat-center-supervisor","status":"publish","type":"page","link":"https:\/\/handelsverband.swiss\/fr\/formation-de-contat-center-supervisor\/","title":{"rendered":"Formation de Contact Center Supervisor"},"content":{"rendered":"<p>Les superviseurs, \u00e9galement appel\u00e9s chefs d&#8217;\u00e9quipe ou de groupe, sont responsables de la gestion d&#8217;une \u00e9quipe d&#8217;agents au sein d\u2019un centre de contacts. Le d\u00e9fi de cette fonction est la diversit\u00e9 des r\u00f4les, car les superviseurs doivent \u00eatre de vrais talents polyvalents, en \u00e9tant \u00e0 la fois des motivateurs, des coachs, des formateurs, des experts sp\u00e9cialis\u00e9s, des analystes et des planificateurs\u2026 Ils sont en grande partie responsables du succ\u00e8s d&#8217;un centre de contacts. Mais o\u00f9 trouver des collaborateurs de centres de contacts avec de telles qualit\u00e9s? Souvent, les agents les plus performants sont promus parce qu\u2019ils connaissent le mieux l&#8217;entreprise, les produits et les processus, et qu&#8217;ils ma\u00eetrisent parfaitement les activit\u00e9s op\u00e9rationnelles gr\u00e2ce \u00e0 leurs ann\u00e9es d\u2019exp\u00e9rience. Mais la plupart du temps, il leur manque des comp\u00e9tences en mati\u00e8re de gestion, d&#8217;organisation, de communication et de d\u00e9veloppement.<\/p>\n<p>La formation de Contact Center Supervisor, qui s\u2019ach\u00e8ve par un examen f\u00e9d\u00e9ral, vient combler cette lacune. Les futurs superviseurs sont ainsi pr\u00e9par\u00e9s \u00e0 la vari\u00e9t\u00e9 des t\u00e2ches en acqu\u00e9rant des comp\u00e9tences cl\u00e9s, proches de la pratique et ax\u00e9es sur les centres de contacts, dans les domaines du management, du d\u00e9veloppement et du coaching des collaborateurs. Le tout est compl\u00e9t\u00e9 par des contenus de cours qui permettent une compr\u00e9hension approfondie de la planification et du pilotage \u00e0 succ\u00e8s d&#8217;un centre de contacts. Il s&#8217;agit \u00e9galement de comprendre les interactions avec les aspects \u00e9conomiques, marketing, juridiques et technologiques.<\/p>\n<p>La formation pr\u00e9pare les participants de mani\u00e8re comp\u00e9tente et pratique \u00e0 l&#8217;examen professionnel pour l\u2019obtention du brevet f\u00e9d\u00e9ral.<\/p>\n<h5><\/h5>\n<p>&nbsp;<\/p>\n<h5>Contenu des cours<\/h5>\n<p><strong>Organisation<\/strong><\/p>\n<ul>\n<li>Organisation de la structure et des processus<\/li>\n<li>\u00a0Technologie<\/li>\n<li>\u00a0Dimensionnement et planification des ressources<\/li>\n<li>Fonctions et profils de poste<\/li>\n<li>\u00a0S\u00e9lection du personnel<\/li>\n<\/ul>\n<p><strong>Conduite et assurance qualit\u00e9<\/strong><\/p>\n<ul>\n<li>Communication avec les collaborateurs<\/li>\n<li>Quality monitoring<\/li>\n<li>Formation et coaching<\/li>\n<li>\u00a0Pilotage par les indicateurs<\/li>\n<\/ul>\n<p><strong>Marketing<\/strong><\/p>\n<ul>\n<li>Bases de l&#8217;inbound marketing<\/li>\n<li>Exp\u00e9rience client et Customer Journey<\/li>\n<\/ul>\n<p><strong>Droit<\/strong><\/p>\n<ul>\n<li>\u00a0LCD et code d&#8217;honneur<\/li>\n<li>Bases du droit du travail<\/li>\n<\/ul>\n<p>&nbsp;<\/p>\n<h5>Conditions d&#8217;admission<\/h5>\n<p>Conform\u00e9ment au r\u00e8glement d&#8217;examen, est admis \u00e0 la formation tout candidat qui<\/p>\n<ul>\n<li>est titulaire d&#8217;un certificat de capacit\u00e9 d&#8217;une formation initiale d&#8217;au moins trois ans, d&#8217;un brevet f\u00e9d\u00e9ral, d&#8217;un certificat de maturit\u00e9, d&#8217;un dipl\u00f4me de commerce reconnu par la Conf\u00e9d\u00e9ration ou d&#8217;un certificat \u00e9quivalent et peut justifier, au d\u00e9but de l&#8217;examen, d&#8217;une exp\u00e9rience professionnelle d&#8217;au moins deux ans dans le domaine des centres de contactsou<\/li>\n<li>peut justifier au d\u00e9but de l&#8217;examen d&#8217;au moins quatre ans de pratique professionnelle dans le domaine des centres de contacts et a r\u00e9ussi l&#8217;examen d&#8217;association de Call Center Agent ou peut pr\u00e9senter une attestation d&#8217;\u00e9quivalence.<\/li>\n<\/ul>\n<p>&nbsp;<\/p>\n<h5>Dates cl\u00e9s de la formation<\/h5>\n<ul>\n<li>23 jours au total<\/li>\n<li>les vendredis et samedis<\/li>\n<li>entre juin et janvier<\/li>\n<\/ul>\n<p>&nbsp;<\/p>\n<p><strong>Plus d&#8217;informations sur la formation de Contact Center Supervisor sur le site web de Callnet : <a href=\"http:\/\/www.callnet.ch\/fr\/superviseur-du-centre-de-contact-fa\" target=\"_blank\" rel=\"noopener\">www.callnet.ch\/fr\/superviseur-du-centre-de-contact-fa<\/a><\/strong><\/p>\n","protected":false},"excerpt":{"rendered":"<p>Les superviseurs, \u00e9galement appel\u00e9s chefs<\/p>\n","protected":false},"author":4782,"featured_media":0,"parent":0,"menu_order":0,"comment_status":"closed","ping_status":"closed","template":"","meta":{"_acf_changed":false,"footnotes":""},"class_list":["post-34180","page","type-page","status-publish","hentry"],"acf":[],"yoast_head":"<!-- This site is optimized with the Yoast SEO plugin v27.4 - https:\/\/yoast.com\/product\/yoast-seo-wordpress\/ -->\n<title>Formation de Contact Center Supervisor - HANDELSVERBAND. swiss<\/title>\n<meta name=\"robots\" content=\"index, follow, max-snippet:-1, max-image-preview:large, max-video-preview:-1\" \/>\n<meta property=\"og:locale\" content=\"fr_FR\" \/>\n<meta property=\"og:type\" content=\"article\" \/>\n<meta property=\"og:title\" content=\"Formation de Contact Center Supervisor - HANDELSVERBAND. swiss\" \/>\n<meta property=\"og:description\" content=\"Les superviseurs, \u00e9galement appel\u00e9s chefs\" \/>\n<meta property=\"og:url\" content=\"https:\/\/handelsverband.swiss\/fr\/formation-de-contat-center-supervisor\/\" \/>\n<meta property=\"og:site_name\" content=\"HANDELSVERBAND. swiss\" \/>\n<meta property=\"article:modified_time\" content=\"2022-11-28T14:05:16+00:00\" \/>\n<meta name=\"twitter:card\" content=\"summary_large_image\" \/>\n<meta name=\"twitter:label1\" content=\"Est. reading time\" \/>\n\t<meta name=\"twitter:data1\" content=\"3 minutes\" \/>\n<script type=\"application\/ld+json\" class=\"yoast-schema-graph\">{\"@context\":\"https:\\\/\\\/schema.org\",\"@graph\":[{\"@type\":\"WebPage\",\"@id\":\"https:\\\/\\\/handelsverband.swiss\\\/fr\\\/formation-de-contat-center-supervisor\\\/\",\"url\":\"https:\\\/\\\/handelsverband.swiss\\\/fr\\\/formation-de-contat-center-supervisor\\\/\",\"name\":\"Formation de Contact Center Supervisor - HANDELSVERBAND. swiss\",\"isPartOf\":{\"@id\":\"https:\\\/\\\/handelsverband.swiss\\\/#website\"},\"datePublished\":\"2022-11-09T17:22:28+00:00\",\"dateModified\":\"2022-11-28T14:05:16+00:00\",\"breadcrumb\":{\"@id\":\"https:\\\/\\\/handelsverband.swiss\\\/fr\\\/formation-de-contat-center-supervisor\\\/#breadcrumb\"},\"inLanguage\":\"fr-FR\",\"potentialAction\":[{\"@type\":\"ReadAction\",\"target\":[\"https:\\\/\\\/handelsverband.swiss\\\/fr\\\/formation-de-contat-center-supervisor\\\/\"]}]},{\"@type\":\"BreadcrumbList\",\"@id\":\"https:\\\/\\\/handelsverband.swiss\\\/fr\\\/formation-de-contat-center-supervisor\\\/#breadcrumb\",\"itemListElement\":[{\"@type\":\"ListItem\",\"position\":1,\"name\":\"Startseite\",\"item\":\"https:\\\/\\\/handelsverband.swiss\\\/fr\\\/\"},{\"@type\":\"ListItem\",\"position\":2,\"name\":\"Formation de Contact Center Supervisor\"}]},{\"@type\":\"WebSite\",\"@id\":\"https:\\\/\\\/handelsverband.swiss\\\/#website\",\"url\":\"https:\\\/\\\/handelsverband.swiss\\\/\",\"name\":\"HANDELSVERBAND.swiss\",\"description\":\"ASSOCIATION DE COMMERCE.swiss\",\"publisher\":{\"@id\":\"https:\\\/\\\/handelsverband.swiss\\\/#organization\"},\"potentialAction\":[{\"@type\":\"SearchAction\",\"target\":{\"@type\":\"EntryPoint\",\"urlTemplate\":\"https:\\\/\\\/handelsverband.swiss\\\/?s={search_term_string}\"},\"query-input\":{\"@type\":\"PropertyValueSpecification\",\"valueRequired\":true,\"valueName\":\"search_term_string\"}}],\"inLanguage\":\"fr-FR\"},{\"@type\":\"Organization\",\"@id\":\"https:\\\/\\\/handelsverband.swiss\\\/#organization\",\"name\":\"HANDELSVERBAND.swiss\",\"url\":\"https:\\\/\\\/handelsverband.swiss\\\/\",\"logo\":{\"@type\":\"ImageObject\",\"inLanguage\":\"fr-FR\",\"@id\":\"https:\\\/\\\/handelsverband.swiss\\\/#\\\/schema\\\/logo\\\/image\\\/\",\"url\":\"https:\\\/\\\/handelsverband.swiss\\\/wp-content\\\/uploads\\\/2020\\\/03\\\/hv_brand_rgb.png\",\"contentUrl\":\"https:\\\/\\\/handelsverband.swiss\\\/wp-content\\\/uploads\\\/2020\\\/03\\\/hv_brand_rgb.png\",\"width\":1714,\"height\":472,\"caption\":\"HANDELSVERBAND.swiss\"},\"image\":{\"@id\":\"https:\\\/\\\/handelsverband.swiss\\\/#\\\/schema\\\/logo\\\/image\\\/\"}}]}<\/script>\n<!-- \/ Yoast SEO plugin. -->","yoast_head_json":{"title":"Formation de Contact Center Supervisor - HANDELSVERBAND. swiss","robots":{"index":"index","follow":"follow","max-snippet":"max-snippet:-1","max-image-preview":"max-image-preview:large","max-video-preview":"max-video-preview:-1"},"og_locale":"fr_FR","og_type":"article","og_title":"Formation de Contact Center Supervisor - HANDELSVERBAND. swiss","og_description":"Les superviseurs, \u00e9galement appel\u00e9s chefs","og_url":"https:\/\/handelsverband.swiss\/fr\/formation-de-contat-center-supervisor\/","og_site_name":"HANDELSVERBAND. swiss","article_modified_time":"2022-11-28T14:05:16+00:00","twitter_card":"summary_large_image","twitter_misc":{"Est. reading time":"3 minutes"},"schema":{"@context":"https:\/\/schema.org","@graph":[{"@type":"WebPage","@id":"https:\/\/handelsverband.swiss\/fr\/formation-de-contat-center-supervisor\/","url":"https:\/\/handelsverband.swiss\/fr\/formation-de-contat-center-supervisor\/","name":"Formation de Contact Center Supervisor - HANDELSVERBAND. swiss","isPartOf":{"@id":"https:\/\/handelsverband.swiss\/#website"},"datePublished":"2022-11-09T17:22:28+00:00","dateModified":"2022-11-28T14:05:16+00:00","breadcrumb":{"@id":"https:\/\/handelsverband.swiss\/fr\/formation-de-contat-center-supervisor\/#breadcrumb"},"inLanguage":"fr-FR","potentialAction":[{"@type":"ReadAction","target":["https:\/\/handelsverband.swiss\/fr\/formation-de-contat-center-supervisor\/"]}]},{"@type":"BreadcrumbList","@id":"https:\/\/handelsverband.swiss\/fr\/formation-de-contat-center-supervisor\/#breadcrumb","itemListElement":[{"@type":"ListItem","position":1,"name":"Startseite","item":"https:\/\/handelsverband.swiss\/fr\/"},{"@type":"ListItem","position":2,"name":"Formation de Contact Center Supervisor"}]},{"@type":"WebSite","@id":"https:\/\/handelsverband.swiss\/#website","url":"https:\/\/handelsverband.swiss\/","name":"HANDELSVERBAND.swiss","description":"ASSOCIATION DE COMMERCE.swiss","publisher":{"@id":"https:\/\/handelsverband.swiss\/#organization"},"potentialAction":[{"@type":"SearchAction","target":{"@type":"EntryPoint","urlTemplate":"https:\/\/handelsverband.swiss\/?s={search_term_string}"},"query-input":{"@type":"PropertyValueSpecification","valueRequired":true,"valueName":"search_term_string"}}],"inLanguage":"fr-FR"},{"@type":"Organization","@id":"https:\/\/handelsverband.swiss\/#organization","name":"HANDELSVERBAND.swiss","url":"https:\/\/handelsverband.swiss\/","logo":{"@type":"ImageObject","inLanguage":"fr-FR","@id":"https:\/\/handelsverband.swiss\/#\/schema\/logo\/image\/","url":"https:\/\/handelsverband.swiss\/wp-content\/uploads\/2020\/03\/hv_brand_rgb.png","contentUrl":"https:\/\/handelsverband.swiss\/wp-content\/uploads\/2020\/03\/hv_brand_rgb.png","width":1714,"height":472,"caption":"HANDELSVERBAND.swiss"},"image":{"@id":"https:\/\/handelsverband.swiss\/#\/schema\/logo\/image\/"}}]}},"_links":{"self":[{"href":"https:\/\/handelsverband.swiss\/fr\/wp-json\/wp\/v2\/pages\/34180","targetHints":{"allow":["GET"]}}],"collection":[{"href":"https:\/\/handelsverband.swiss\/fr\/wp-json\/wp\/v2\/pages"}],"about":[{"href":"https:\/\/handelsverband.swiss\/fr\/wp-json\/wp\/v2\/types\/page"}],"author":[{"embeddable":true,"href":"https:\/\/handelsverband.swiss\/fr\/wp-json\/wp\/v2\/users\/4782"}],"replies":[{"embeddable":true,"href":"https:\/\/handelsverband.swiss\/fr\/wp-json\/wp\/v2\/comments?post=34180"}],"version-history":[{"count":4,"href":"https:\/\/handelsverband.swiss\/fr\/wp-json\/wp\/v2\/pages\/34180\/revisions"}],"predecessor-version":[{"id":34899,"href":"https:\/\/handelsverband.swiss\/fr\/wp-json\/wp\/v2\/pages\/34180\/revisions\/34899"}],"wp:attachment":[{"href":"https:\/\/handelsverband.swiss\/fr\/wp-json\/wp\/v2\/media?parent=34180"}],"curies":[{"name":"wp","href":"https:\/\/api.w.org\/{rel}","templated":true}]}}

<p>Les superviseurs, également appelés chefs d&#8217;équipe ou de groupe, sont responsables de la gestion d&#8217;une équipe d&#8217;agents au sein d’un centre de contacts. Le défi de cette fonction est la diversité des rôles, car les superviseurs doivent être de vrais talents polyvalents, en étant à la fois des motivateurs, des coachs, des formateurs, des experts spécialisés, des analystes et des planificateurs… Ils sont en grande partie responsables du succès d&#8217;un centre de contacts. Mais où trouver des collaborateurs de centres de contacts avec de telles qualités? Souvent, les agents les plus performants sont promus parce qu’ils connaissent le mieux l&#8217;entreprise, les produits et les processus, et qu&#8217;ils maîtrisent parfaitement les activités opérationnelles grâce à leurs années d’expérience. Mais la plupart du temps, il leur manque des compétences en matière de gestion, d&#8217;organisation, de communication et de développement.</p>
<p>La formation de Contact Center Supervisor, qui s’achève par un examen fédéral, vient combler cette lacune. Les futurs superviseurs sont ainsi préparés à la variété des tâches en acquérant des compétences clés, proches de la pratique et axées sur les centres de contacts, dans les domaines du management, du développement et du coaching des collaborateurs. Le tout est complété par des contenus de cours qui permettent une compréhension approfondie de la planification et du pilotage à succès d&#8217;un centre de contacts. Il s&#8217;agit également de comprendre les interactions avec les aspects économiques, marketing, juridiques et technologiques.</p>
<p>La formation prépare les participants de manière compétente et pratique à l&#8217;examen professionnel pour l’obtention du brevet fédéral.</p>
<h5></h5>
<p>&nbsp;</p>
<h5>Contenu des cours</h5>
<p><strong>Organisation</strong></p>
<ul>
<li>Organisation de la structure et des processus</li>
<li> Technologie</li>
<li> Dimensionnement et planification des ressources</li>
<li>Fonctions et profils de poste</li>
<li> Sélection du personnel</li>
</ul>
<p><strong>Conduite et assurance qualité</strong></p>
<ul>
<li>Communication avec les collaborateurs</li>
<li>Quality monitoring</li>
<li>Formation et coaching</li>
<li> Pilotage par les indicateurs</li>
</ul>
<p><strong>Marketing</strong></p>
<ul>
<li>Bases de l&#8217;inbound marketing</li>
<li>Expérience client et Customer Journey</li>
</ul>
<p><strong>Droit</strong></p>
<ul>
<li> LCD et code d&#8217;honneur</li>
<li>Bases du droit du travail</li>
</ul>
<p>&nbsp;</p>
<h5>Conditions d&#8217;admission</h5>
<p>Conformément au règlement d&#8217;examen, est admis à la formation tout candidat qui</p>
<ul>
<li>est titulaire d&#8217;un certificat de capacité d&#8217;une formation initiale d&#8217;au moins trois ans, d&#8217;un brevet fédéral, d&#8217;un certificat de maturité, d&#8217;un diplôme de commerce reconnu par la Confédération ou d&#8217;un certificat équivalent et peut justifier, au début de l&#8217;examen, d&#8217;une expérience professionnelle d&#8217;au moins deux ans dans le domaine des centres de contactsou</li>
<li>peut justifier au début de l&#8217;examen d&#8217;au moins quatre ans de pratique professionnelle dans le domaine des centres de contacts et a réussi l&#8217;examen d&#8217;association de Call Center Agent ou peut présenter une attestation d&#8217;équivalence.</li>
</ul>
<p>&nbsp;</p>
<h5>Dates clés de la formation</h5>
<ul>
<li>23 jours au total</li>
<li>les vendredis et samedis</li>
<li>entre juin et janvier</li>
</ul>
<p>&nbsp;</p>
<p><strong>Plus d&#8217;informations sur la formation de Contact Center Supervisor sur le site web de Callnet : <a href="http://www.callnet.ch/fr/superviseur-du-centre-de-contact-fa" target="_blank" rel="noopener">www.callnet.ch/fr/superviseur-du-centre-de-contact-fa</a></strong></p>

<p>Les superviseurs, également appelés chefs</p>

<!-- This site is optimized with the Yoast SEO plugin v27.4 - https://yoast.com/product/yoast-seo-wordpress/ -->
<title>Formation de Contact Center Supervisor - HANDELSVERBAND. swiss</title>
<meta name="robots" content="index, follow, max-snippet:-1, max-image-preview:large, max-video-preview:-1" />
<meta property="og:locale" content="fr_FR" />
<meta property="og:type" content="article" />
<meta property="og:title" content="Formation de Contact Center Supervisor - HANDELSVERBAND. swiss" />
<meta property="og:description" content="Les superviseurs, également appelés chefs" />
<meta property="og:url" content="https://handelsverband.swiss/fr/formation-de-contat-center-supervisor/" />
<meta property="og:site_name" content="HANDELSVERBAND. swiss" />
<meta property="article:modified_time" content="2022-11-28T14:05:16+00:00" />
<meta name="twitter:card" content="summary_large_image" />
<meta name="twitter:label1" content="Est. reading time" />
	<meta name="twitter:data1" content="3 minutes" />
<script type="application/ld+json" class="yoast-schema-graph">{"@context":"https:\/\/schema.org","@graph":[{"@type":"WebPage","@id":"https:\/\/handelsverband.swiss\/fr\/formation-de-contat-center-supervisor\/","url":"https:\/\/handelsverband.swiss\/fr\/formation-de-contat-center-supervisor\/","name":"Formation de Contact Center Supervisor - HANDELSVERBAND. swiss","isPartOf":{"@id":"https:\/\/handelsverband.swiss\/#website"},"datePublished":"2022-11-09T17:22:28+00:00","dateModified":"2022-11-28T14:05:16+00:00","breadcrumb":{"@id":"https:\/\/handelsverband.swiss\/fr\/formation-de-contat-center-supervisor\/#breadcrumb"},"inLanguage":"fr-FR","potentialAction":[{"@type":"ReadAction","target":["https:\/\/handelsverband.swiss\/fr\/formation-de-contat-center-supervisor\/"]}]},{"@type":"BreadcrumbList","@id":"https:\/\/handelsverband.swiss\/fr\/formation-de-contat-center-supervisor\/#breadcrumb","itemListElement":[{"@type":"ListItem","position":1,"name":"Startseite","item":"https:\/\/handelsverband.swiss\/fr\/"},{"@type":"ListItem","position":2,"name":"Formation de Contact Center Supervisor"}]},{"@type":"WebSite","@id":"https:\/\/handelsverband.swiss\/#website","url":"https:\/\/handelsverband.swiss\/","name":"HANDELSVERBAND.swiss","description":"ASSOCIATION DE COMMERCE.swiss","publisher":{"@id":"https:\/\/handelsverband.swiss\/#organization"},"potentialAction":[{"@type":"SearchAction","target":{"@type":"EntryPoint","urlTemplate":"https:\/\/handelsverband.swiss\/?s={search_term_string}"},"query-input":{"@type":"PropertyValueSpecification","valueRequired":true,"valueName":"search_term_string"}}],"inLanguage":"fr-FR"},{"@type":"Organization","@id":"https:\/\/handelsverband.swiss\/#organization","name":"HANDELSVERBAND.swiss","url":"https:\/\/handelsverband.swiss\/","logo":{"@type":"ImageObject","inLanguage":"fr-FR","@id":"https:\/\/handelsverband.swiss\/#\/schema\/logo\/image\/","url":"https:\/\/handelsverband.swiss\/wp-content\/uploads\/2020\/03\/hv_brand_rgb.png","contentUrl":"https:\/\/handelsverband.swiss\/wp-content\/uploads\/2020\/03\/hv_brand_rgb.png","width":1714,"height":472,"caption":"HANDELSVERBAND.swiss"},"image":{"@id":"https:\/\/handelsverband.swiss\/#\/schema\/logo\/image\/"}}]}</script>
<!-- / Yoast SEO plugin. -->

Les superviseurs, également appelés chefs
