{"id":6457,"date":"2018-02-05T14:45:06","date_gmt":"2018-02-05T13:45:06","guid":{"rendered":"https:\/\/www.vsv-versandhandel.ch\/?page_id=6457"},"modified":"2023-08-17T16:53:34","modified_gmt":"2023-08-17T14:53:34","slug":"le-droit-de-revocation","status":"publish","type":"page","link":"https:\/\/handelsverband.swiss\/fr\/members\/le-droit-de-revocation\/","title":{"rendered":"Le droit de r\u00e9vocation dans le commerce en ligne"},"content":{"rendered":"<p>En Suisse, vous n&#8217;avez aucun droit l\u00e9gal d&#8217;\u00e9change ou de retour.<\/p>\n<p>En g\u00e9n\u00e9ral, nous exigeons dans le cadre du label de qualit\u00e9 Swiss Online Garantie de nos membres certifi\u00e9es (commer\u00e7ants en ligne) d\u2019offrir un droit de r\u00e9vocation aux consommateurs. Or, dans certaines situations, cela est plus facile \u00e0 dire qu&#8217;\u00e0 faire ou n&#8217;est pas appropri\u00e9 (hygi\u00e8ne, s\u00e9curit\u00e9 etc.).<\/p>\n<p><strong>Vous trouverez ci-dessous une liste des produits qui peuvent \u00eatre exclus du droit de retour dans le cadre du label de qualit\u00e9 Swiss Online Garantie :<\/strong><\/p>\n<ul>\n<li><strong>Denr\u00e9es alimentaires \/ boissons <\/strong>pour des raisons d&#8217;hygi\u00e8ne et de s\u00e9curit\u00e9<\/li>\n<li><strong>M\u00e9dicaments \/ compl\u00e9ments alimentaires <\/strong>pour des raisons de s\u00e9curit\u00e9<\/li>\n<li><strong>Fabrication sur mesure \/ articles personnalis\u00e9s ou assembl\u00e9s \u00e0 votre demande <\/strong>car ces articles ne peuvent plus \u00eatre vendu \u00e0 une autre personne ((lunettes de correction, skis avec fixations, combinaisons sur mesure, etc.)<\/li>\n<li><strong>Articles soumis au droit d\u2019auteur <\/strong>comme les Cds, DVDs ou livres apr\u00e8s ouverture de l&#8217;emballage d&#8217;origine \/ descellement<\/li>\n<li><strong>Articles d\u2019hygi\u00e8ne <\/strong>comme les lentilles, parfums, brosses \u00e0 dents, piercings, articles \u00e9rotiques, sous-v\u00eatements, etc.<\/li>\n<li><strong>Produits consommables ouverts ou non scell\u00e9s <\/strong>comme les piles et toners<\/li>\n<li><strong>Appareils \u00e9lectriques <\/strong>apr\u00e8s configuration et utilisation les articles \u00e9lectroniques et ne peuvent donc \u00eatre vendus qu&#8217;avec beaucoup d&#8217;efforts et \u00e0 un prix r\u00e9duit.<\/li>\n<li><strong>Articles avec contrats \u00e9crits explicites<\/strong> (expression \u00e9crite de la volont\u00e9 avec signature des deux parties)<\/li>\n<li><strong>Articles gratuits<\/strong><\/li>\n<\/ul>\n<p>En g\u00e9n\u00e9ral, les articles ne doivent pas \u00eatre utilis\u00e9s, sinon le droit de r\u00e9vocation s\u2019\u00e9teint. L&#8217;utilisation de l&#8217;article est pr\u00e9sum\u00e9e si l&#8217;article pr\u00e9sente des signes d&#8217;utilisation (fum\u00e9e, taches, rouge \u00e0 l\u00e8vres, etc.) ou ne peut plus \u00eatre vendu \u00e0 l&#8217;\u00e9tat retourn\u00e9 (par ex. Lego d\u00e9ball\u00e9, Playmobil, puzzle etc.).<\/p>\n<p>Les entreprises disposent du droit d\u2019\u00e9laborer d\u2019autres r\u00e9glementations plus souples. Les r\u00e8gles susmentionn\u00e9es repr\u00e9sentent une condition minimale pour devenir membre certifi\u00e9e (commer\u00e7ants en ligne) de l&#8217;ASSOCIATION DE COMMERCE.swiss.<\/p>\n<p>Dans tous les cas cependant, le droit du r\u00e9vocation s\u2019applique en cas d\u2019erreur (<a class=\"link_extern\" href=\"http:\/\/www.admin.ch\/opc\/fr\/classified-compilation\/19110009\/index.html#a24\" target=\"_blank\" rel=\"noopener noreferrer\">Droit des obligations 24<\/a>) ou en ca de dol (<a class=\"link_extern\" href=\"http:\/\/www.admin.ch\/opc\/fr\/classified-compilation\/19110009\/index.html#a28\" target=\"_blank\" rel=\"noopener noreferrer\">Droit des obligations 28<\/a>).<\/p>\n<p>&nbsp;<\/p>\n","protected":false},"excerpt":{"rendered":"<p>En Suisse, vous n&#8217;avez aucun<\/p>\n","protected":false},"author":1499,"featured_media":0,"parent":6659,"menu_order":0,"comment_status":"closed","ping_status":"closed","template":"","meta":{"_acf_changed":false,"footnotes":""},"class_list":["post-6457","page","type-page","status-publish","hentry"],"acf":[],"yoast_head":"<!-- This site is optimized with the Yoast SEO plugin v27.5 - https:\/\/yoast.com\/product\/yoast-seo-wordpress\/ -->\n<title>Le droit de r\u00e9vocation dans le commerce en ligne - HANDELSVERBAND. swiss<\/title>\n<meta name=\"robots\" content=\"index, follow, max-snippet:-1, max-image-preview:large, max-video-preview:-1\" \/>\n<meta property=\"og:locale\" content=\"fr_FR\" \/>\n<meta property=\"og:type\" content=\"article\" \/>\n<meta property=\"og:title\" content=\"Le droit de r\u00e9vocation dans le commerce en ligne - HANDELSVERBAND. swiss\" \/>\n<meta property=\"og:description\" content=\"En Suisse, vous n&#8217;avez aucun\" \/>\n<meta property=\"og:url\" content=\"https:\/\/handelsverband.swiss\/fr\/members\/le-droit-de-revocation\/\" \/>\n<meta property=\"og:site_name\" content=\"HANDELSVERBAND. swiss\" \/>\n<meta property=\"article:modified_time\" content=\"2023-08-17T14:53:34+00:00\" \/>\n<meta name=\"twitter:card\" content=\"summary_large_image\" \/>\n<meta name=\"twitter:label1\" content=\"Est. reading time\" \/>\n\t<meta name=\"twitter:data1\" content=\"2 minutes\" \/>\n<script type=\"application\/ld+json\" class=\"yoast-schema-graph\">{\"@context\":\"https:\\\/\\\/schema.org\",\"@graph\":[{\"@type\":\"WebPage\",\"@id\":\"https:\\\/\\\/handelsverband.swiss\\\/fr\\\/members\\\/le-droit-de-revocation\\\/\",\"url\":\"https:\\\/\\\/handelsverband.swiss\\\/fr\\\/members\\\/le-droit-de-revocation\\\/\",\"name\":\"Le droit de r\u00e9vocation dans le commerce en ligne - HANDELSVERBAND. swiss\",\"isPartOf\":{\"@id\":\"https:\\\/\\\/handelsverband.swiss\\\/#website\"},\"datePublished\":\"2018-02-05T13:45:06+00:00\",\"dateModified\":\"2023-08-17T14:53:34+00:00\",\"breadcrumb\":{\"@id\":\"https:\\\/\\\/handelsverband.swiss\\\/fr\\\/members\\\/le-droit-de-revocation\\\/#breadcrumb\"},\"inLanguage\":\"fr-FR\",\"potentialAction\":[{\"@type\":\"ReadAction\",\"target\":[\"https:\\\/\\\/handelsverband.swiss\\\/fr\\\/members\\\/le-droit-de-revocation\\\/\"]}]},{\"@type\":\"BreadcrumbList\",\"@id\":\"https:\\\/\\\/handelsverband.swiss\\\/fr\\\/members\\\/le-droit-de-revocation\\\/#breadcrumb\",\"itemListElement\":[{\"@type\":\"ListItem\",\"position\":1,\"name\":\"Startseite\",\"item\":\"https:\\\/\\\/handelsverband.swiss\\\/fr\\\/\"},{\"@type\":\"ListItem\",\"position\":2,\"name\":\"Members\",\"item\":\"https:\\\/\\\/handelsverband.swiss\\\/fr\\\/members\\\/\"},{\"@type\":\"ListItem\",\"position\":3,\"name\":\"Le droit de r\u00e9vocation dans le commerce en ligne\"}]},{\"@type\":\"WebSite\",\"@id\":\"https:\\\/\\\/handelsverband.swiss\\\/#website\",\"url\":\"https:\\\/\\\/handelsverband.swiss\\\/\",\"name\":\"HANDELSVERBAND.swiss\",\"description\":\"ASSOCIATION DE COMMERCE.swiss\",\"publisher\":{\"@id\":\"https:\\\/\\\/handelsverband.swiss\\\/#organization\"},\"potentialAction\":[{\"@type\":\"SearchAction\",\"target\":{\"@type\":\"EntryPoint\",\"urlTemplate\":\"https:\\\/\\\/handelsverband.swiss\\\/?s={search_term_string}\"},\"query-input\":{\"@type\":\"PropertyValueSpecification\",\"valueRequired\":true,\"valueName\":\"search_term_string\"}}],\"inLanguage\":\"fr-FR\"},{\"@type\":\"Organization\",\"@id\":\"https:\\\/\\\/handelsverband.swiss\\\/#organization\",\"name\":\"HANDELSVERBAND.swiss\",\"url\":\"https:\\\/\\\/handelsverband.swiss\\\/\",\"logo\":{\"@type\":\"ImageObject\",\"inLanguage\":\"fr-FR\",\"@id\":\"https:\\\/\\\/handelsverband.swiss\\\/#\\\/schema\\\/logo\\\/image\\\/\",\"url\":\"https:\\\/\\\/handelsverband.swiss\\\/wp-content\\\/uploads\\\/2020\\\/03\\\/hv_brand_rgb.png\",\"contentUrl\":\"https:\\\/\\\/handelsverband.swiss\\\/wp-content\\\/uploads\\\/2020\\\/03\\\/hv_brand_rgb.png\",\"width\":1714,\"height\":472,\"caption\":\"HANDELSVERBAND.swiss\"},\"image\":{\"@id\":\"https:\\\/\\\/handelsverband.swiss\\\/#\\\/schema\\\/logo\\\/image\\\/\"}}]}<\/script>\n<!-- \/ Yoast SEO plugin. -->","yoast_head_json":{"title":"Le droit de r\u00e9vocation dans le commerce en ligne - HANDELSVERBAND. swiss","robots":{"index":"index","follow":"follow","max-snippet":"max-snippet:-1","max-image-preview":"max-image-preview:large","max-video-preview":"max-video-preview:-1"},"og_locale":"fr_FR","og_type":"article","og_title":"Le droit de r\u00e9vocation dans le commerce en ligne - HANDELSVERBAND. swiss","og_description":"En Suisse, vous n&#8217;avez aucun","og_url":"https:\/\/handelsverband.swiss\/fr\/members\/le-droit-de-revocation\/","og_site_name":"HANDELSVERBAND. swiss","article_modified_time":"2023-08-17T14:53:34+00:00","twitter_card":"summary_large_image","twitter_misc":{"Est. reading time":"2 minutes"},"schema":{"@context":"https:\/\/schema.org","@graph":[{"@type":"WebPage","@id":"https:\/\/handelsverband.swiss\/fr\/members\/le-droit-de-revocation\/","url":"https:\/\/handelsverband.swiss\/fr\/members\/le-droit-de-revocation\/","name":"Le droit de r\u00e9vocation dans le commerce en ligne - HANDELSVERBAND. swiss","isPartOf":{"@id":"https:\/\/handelsverband.swiss\/#website"},"datePublished":"2018-02-05T13:45:06+00:00","dateModified":"2023-08-17T14:53:34+00:00","breadcrumb":{"@id":"https:\/\/handelsverband.swiss\/fr\/members\/le-droit-de-revocation\/#breadcrumb"},"inLanguage":"fr-FR","potentialAction":[{"@type":"ReadAction","target":["https:\/\/handelsverband.swiss\/fr\/members\/le-droit-de-revocation\/"]}]},{"@type":"BreadcrumbList","@id":"https:\/\/handelsverband.swiss\/fr\/members\/le-droit-de-revocation\/#breadcrumb","itemListElement":[{"@type":"ListItem","position":1,"name":"Startseite","item":"https:\/\/handelsverband.swiss\/fr\/"},{"@type":"ListItem","position":2,"name":"Members","item":"https:\/\/handelsverband.swiss\/fr\/members\/"},{"@type":"ListItem","position":3,"name":"Le droit de r\u00e9vocation dans le commerce en ligne"}]},{"@type":"WebSite","@id":"https:\/\/handelsverband.swiss\/#website","url":"https:\/\/handelsverband.swiss\/","name":"HANDELSVERBAND.swiss","description":"ASSOCIATION DE COMMERCE.swiss","publisher":{"@id":"https:\/\/handelsverband.swiss\/#organization"},"potentialAction":[{"@type":"SearchAction","target":{"@type":"EntryPoint","urlTemplate":"https:\/\/handelsverband.swiss\/?s={search_term_string}"},"query-input":{"@type":"PropertyValueSpecification","valueRequired":true,"valueName":"search_term_string"}}],"inLanguage":"fr-FR"},{"@type":"Organization","@id":"https:\/\/handelsverband.swiss\/#organization","name":"HANDELSVERBAND.swiss","url":"https:\/\/handelsverband.swiss\/","logo":{"@type":"ImageObject","inLanguage":"fr-FR","@id":"https:\/\/handelsverband.swiss\/#\/schema\/logo\/image\/","url":"https:\/\/handelsverband.swiss\/wp-content\/uploads\/2020\/03\/hv_brand_rgb.png","contentUrl":"https:\/\/handelsverband.swiss\/wp-content\/uploads\/2020\/03\/hv_brand_rgb.png","width":1714,"height":472,"caption":"HANDELSVERBAND.swiss"},"image":{"@id":"https:\/\/handelsverband.swiss\/#\/schema\/logo\/image\/"}}]}},"_links":{"self":[{"href":"https:\/\/handelsverband.swiss\/fr\/wp-json\/wp\/v2\/pages\/6457","targetHints":{"allow":["GET"]}}],"collection":[{"href":"https:\/\/handelsverband.swiss\/fr\/wp-json\/wp\/v2\/pages"}],"about":[{"href":"https:\/\/handelsverband.swiss\/fr\/wp-json\/wp\/v2\/types\/page"}],"author":[{"embeddable":true,"href":"https:\/\/handelsverband.swiss\/fr\/wp-json\/wp\/v2\/users\/1499"}],"replies":[{"embeddable":true,"href":"https:\/\/handelsverband.swiss\/fr\/wp-json\/wp\/v2\/comments?post=6457"}],"version-history":[{"count":15,"href":"https:\/\/handelsverband.swiss\/fr\/wp-json\/wp\/v2\/pages\/6457\/revisions"}],"predecessor-version":[{"id":40745,"href":"https:\/\/handelsverband.swiss\/fr\/wp-json\/wp\/v2\/pages\/6457\/revisions\/40745"}],"up":[{"embeddable":true,"href":"https:\/\/handelsverband.swiss\/fr\/wp-json\/wp\/v2\/pages\/6659"}],"wp:attachment":[{"href":"https:\/\/handelsverband.swiss\/fr\/wp-json\/wp\/v2\/media?parent=6457"}],"curies":[{"name":"wp","href":"https:\/\/api.w.org\/{rel}","templated":true}]}}

Le droit de révocation dans le commerce en ligne

<p>En Suisse, vous n&#8217;avez aucun droit légal d&#8217;échange ou de retour.</p>
<p>En général, nous exigeons dans le cadre du label de qualité Swiss Online Garantie de nos membres certifiées (commerçants en ligne) d’offrir un droit de révocation aux consommateurs. Or, dans certaines situations, cela est plus facile à dire qu&#8217;à faire ou n&#8217;est pas approprié (hygiène, sécurité etc.).</p>
<p><strong>Vous trouverez ci-dessous une liste des produits qui peuvent être exclus du droit de retour dans le cadre du label de qualité Swiss Online Garantie :</strong></p>
<ul>
<li><strong>Denrées alimentaires / boissons </strong>pour des raisons d&#8217;hygiène et de sécurité</li>
<li><strong>Médicaments / compléments alimentaires </strong>pour des raisons de sécurité</li>
<li><strong>Fabrication sur mesure / articles personnalisés ou assemblés à votre demande </strong>car ces articles ne peuvent plus être vendu à une autre personne ((lunettes de correction, skis avec fixations, combinaisons sur mesure, etc.)</li>
<li><strong>Articles soumis au droit d’auteur </strong>comme les Cds, DVDs ou livres après ouverture de l&#8217;emballage d&#8217;origine / descellement</li>
<li><strong>Articles d’hygiène </strong>comme les lentilles, parfums, brosses à dents, piercings, articles érotiques, sous-vêtements, etc.</li>
<li><strong>Produits consommables ouverts ou non scellés </strong>comme les piles et toners</li>
<li><strong>Appareils électriques </strong>après configuration et utilisation les articles électroniques et ne peuvent donc être vendus qu&#8217;avec beaucoup d&#8217;efforts et à un prix réduit.</li>
<li><strong>Articles avec contrats écrits explicites</strong> (expression écrite de la volonté avec signature des deux parties)</li>
<li><strong>Articles gratuits</strong></li>
</ul>
<p>En général, les articles ne doivent pas être utilisés, sinon le droit de révocation s’éteint. L&#8217;utilisation de l&#8217;article est présumée si l&#8217;article présente des signes d&#8217;utilisation (fumée, taches, rouge à lèvres, etc.) ou ne peut plus être vendu à l&#8217;état retourné (par ex. Lego déballé, Playmobil, puzzle etc.).</p>
<p>Les entreprises disposent du droit d’élaborer d’autres réglementations plus souples. Les règles susmentionnées représentent une condition minimale pour devenir membre certifiée (commerçants en ligne) de l&#8217;ASSOCIATION DE COMMERCE.swiss.</p>
<p>Dans tous les cas cependant, le droit du révocation s’applique en cas d’erreur (<a class="link_extern" href="http://www.admin.ch/opc/fr/classified-compilation/19110009/index.html#a24" target="_blank" rel="noopener noreferrer">Droit des obligations 24</a>) ou en ca de dol (<a class="link_extern" href="http://www.admin.ch/opc/fr/classified-compilation/19110009/index.html#a28" target="_blank" rel="noopener noreferrer">Droit des obligations 28</a>).</p>
<p>&nbsp;</p>

<!-- This site is optimized with the Yoast SEO plugin v27.5 - https://yoast.com/product/yoast-seo-wordpress/ -->
<title>Le droit de révocation dans le commerce en ligne - HANDELSVERBAND. swiss</title>
<meta name="robots" content="index, follow, max-snippet:-1, max-image-preview:large, max-video-preview:-1" />
<meta property="og:locale" content="fr_FR" />
<meta property="og:type" content="article" />
<meta property="og:title" content="Le droit de révocation dans le commerce en ligne - HANDELSVERBAND. swiss" />
<meta property="og:description" content="En Suisse, vous n&#8217;avez aucun" />
<meta property="og:url" content="https://handelsverband.swiss/fr/members/le-droit-de-revocation/" />
<meta property="og:site_name" content="HANDELSVERBAND. swiss" />
<meta property="article:modified_time" content="2023-08-17T14:53:34+00:00" />
<meta name="twitter:card" content="summary_large_image" />
<meta name="twitter:label1" content="Est. reading time" />
	<meta name="twitter:data1" content="2 minutes" />
<script type="application/ld+json" class="yoast-schema-graph">{"@context":"https:\/\/schema.org","@graph":[{"@type":"WebPage","@id":"https:\/\/handelsverband.swiss\/fr\/members\/le-droit-de-revocation\/","url":"https:\/\/handelsverband.swiss\/fr\/members\/le-droit-de-revocation\/","name":"Le droit de révocation dans le commerce en ligne - HANDELSVERBAND. swiss","isPartOf":{"@id":"https:\/\/handelsverband.swiss\/#website"},"datePublished":"2018-02-05T13:45:06+00:00","dateModified":"2023-08-17T14:53:34+00:00","breadcrumb":{"@id":"https:\/\/handelsverband.swiss\/fr\/members\/le-droit-de-revocation\/#breadcrumb"},"inLanguage":"fr-FR","potentialAction":[{"@type":"ReadAction","target":["https:\/\/handelsverband.swiss\/fr\/members\/le-droit-de-revocation\/"]}]},{"@type":"BreadcrumbList","@id":"https:\/\/handelsverband.swiss\/fr\/members\/le-droit-de-revocation\/#breadcrumb","itemListElement":[{"@type":"ListItem","position":1,"name":"Startseite","item":"https:\/\/handelsverband.swiss\/fr\/"},{"@type":"ListItem","position":2,"name":"Members","item":"https:\/\/handelsverband.swiss\/fr\/members\/"},{"@type":"ListItem","position":3,"name":"Le droit de révocation dans le commerce en ligne"}]},{"@type":"WebSite","@id":"https:\/\/handelsverband.swiss\/#website","url":"https:\/\/handelsverband.swiss\/","name":"HANDELSVERBAND.swiss","description":"ASSOCIATION DE COMMERCE.swiss","publisher":{"@id":"https:\/\/handelsverband.swiss\/#organization"},"potentialAction":[{"@type":"SearchAction","target":{"@type":"EntryPoint","urlTemplate":"https:\/\/handelsverband.swiss\/?s={search_term_string}"},"query-input":{"@type":"PropertyValueSpecification","valueRequired":true,"valueName":"search_term_string"}}],"inLanguage":"fr-FR"},{"@type":"Organization","@id":"https:\/\/handelsverband.swiss\/#organization","name":"HANDELSVERBAND.swiss","url":"https:\/\/handelsverband.swiss\/","logo":{"@type":"ImageObject","inLanguage":"fr-FR","@id":"https:\/\/handelsverband.swiss\/#\/schema\/logo\/image\/","url":"https:\/\/handelsverband.swiss\/wp-content\/uploads\/2020\/03\/hv_brand_rgb.png","contentUrl":"https:\/\/handelsverband.swiss\/wp-content\/uploads\/2020\/03\/hv_brand_rgb.png","width":1714,"height":472,"caption":"HANDELSVERBAND.swiss"},"image":{"@id":"https:\/\/handelsverband.swiss\/#\/schema\/logo\/image\/"}}]}</script>
<!-- / Yoast SEO plugin. -->

Le droit de révocation dans le commerce en ligne - HANDELSVERBAND. swiss
