{"id":6543,"date":"2018-02-06T10:45:42","date_gmt":"2018-02-06T09:45:42","guid":{"rendered":"https:\/\/www.vsv-versandhandel.ch\/?page_id=6543"},"modified":"2025-11-26T12:51:54","modified_gmt":"2025-11-26T11:51:54","slug":"devenir-un-prestataire-de-services-de-lasvad","status":"publish","type":"page","link":"https:\/\/handelsverband.swiss\/fr\/partners\/devenir-un-prestataire-de-services-de-lasvad\/","title":{"rendered":"Devenir partenaire"},"content":{"rendered":"<p><strong>Un partenariat avec l&#8217;ASSOCIATION DE COMMERCE.swiss vous offre la possibilit\u00e9 d&#8217;obtenir une plus grande visibilit\u00e9 aupr\u00e8s de nos membres, de vos clients &#8211; ou de vos futurs clients. Ainsi, vous pouvez exploiter notre r\u00e9seau pour\u00a0 renforcer vos liens avec le commerce suisse..<\/strong><\/p>\n<p>Vous ne serez pas seulement r\u00e9pertori\u00e9 en tant que partenaire de l&#8217;ASSOCIATION DE COMMERCE.swiss sur notre site web, mais vous \u00eates \u00e9galement invit\u00e9 \u00e0 nos diff\u00e9rents \u00e9v\u00e9nements (une personne par partenaire), o\u00f9 vous aurez l&#8217;occasion de rencontrer personnellement des commer\u00e7ants et d&#8217;autres partenaires. La participation \u00e0 nos \u00e9v\u00e9nements est g\u00e9n\u00e9ralement gratuite pour nos partenaires, \u00e0 l&#8217;exception de notre \u00ab HANDELSVERBAND.swiss Summit \u00bb, o\u00f9 vous b\u00e9n\u00e9ficiez de conditions de participation particuli\u00e8rement avantageuses. En plus, vous avez la possibilit\u00e9 d&#8217;augmenter votre visibilit\u00e9 lors de nos \u00e9v\u00e9nements. D&#8217;une part avec diverses possibilit\u00e9s de sponsoring lors des \u00e9v\u00e9nements (70 \u00e0 100 participants en Suisse al\u00e9manique, 20-30 participants en Suisse romande) et d&#8217;autre part lors de notre \u00ab HANDELSVERBAND.swiss Summit \u00bb (environ 100 participants). Et gr\u00e2ce \u00e0 notre newsletter, vous recevrez r\u00e9guli\u00e8rement des informations actuelles sur le commerce en Suisse.<\/p>\n<p>Vous trouverez les d\u00e9tails de l&#8217;offre partenariat dans la factsheet.<\/p>\n<p><a href=\"https:\/\/handelsverband.swiss\/wp-content\/uploads\/2025\/11\/Factsheet-partenariat_26.11.2026-final_FRA.pdf\" target=\"_blank\" rel=\"noopener\"><strong>Cliquez ici pour acc\u00e9der \u00e0 la factsheet partenariat<\/strong><\/a><\/p>\n","protected":false},"excerpt":{"rendered":"<p>Un partenariat avec l&#8217;ASSOCIATION DE<\/p>\n","protected":false},"author":1499,"featured_media":0,"parent":6665,"menu_order":0,"comment_status":"closed","ping_status":"closed","template":"","meta":{"_acf_changed":false,"footnotes":""},"class_list":["post-6543","page","type-page","status-publish","hentry"],"acf":[],"yoast_head":"<!-- This site is optimized with the Yoast SEO plugin v27.4 - https:\/\/yoast.com\/product\/yoast-seo-wordpress\/ -->\n<title>Devenir partenaire - HANDELSVERBAND. swiss<\/title>\n<meta name=\"robots\" content=\"index, follow, max-snippet:-1, max-image-preview:large, max-video-preview:-1\" \/>\n<meta property=\"og:locale\" content=\"fr_FR\" \/>\n<meta property=\"og:type\" content=\"article\" \/>\n<meta property=\"og:title\" content=\"Devenir partenaire - HANDELSVERBAND. swiss\" \/>\n<meta property=\"og:description\" content=\"Un partenariat avec l&#8217;ASSOCIATION DE\" \/>\n<meta property=\"og:url\" content=\"https:\/\/handelsverband.swiss\/fr\/partners\/devenir-un-prestataire-de-services-de-lasvad\/\" \/>\n<meta property=\"og:site_name\" content=\"HANDELSVERBAND. swiss\" \/>\n<meta property=\"article:modified_time\" content=\"2025-11-26T11:51:54+00:00\" \/>\n<meta name=\"twitter:card\" content=\"summary_large_image\" \/>\n<meta name=\"twitter:label1\" content=\"Est. reading time\" \/>\n\t<meta name=\"twitter:data1\" content=\"2 minutes\" \/>\n<script type=\"application\/ld+json\" class=\"yoast-schema-graph\">{\"@context\":\"https:\\\/\\\/schema.org\",\"@graph\":[{\"@type\":\"WebPage\",\"@id\":\"https:\\\/\\\/handelsverband.swiss\\\/fr\\\/partners\\\/devenir-un-prestataire-de-services-de-lasvad\\\/\",\"url\":\"https:\\\/\\\/handelsverband.swiss\\\/fr\\\/partners\\\/devenir-un-prestataire-de-services-de-lasvad\\\/\",\"name\":\"Devenir partenaire - HANDELSVERBAND. swiss\",\"isPartOf\":{\"@id\":\"https:\\\/\\\/handelsverband.swiss\\\/#website\"},\"datePublished\":\"2018-02-06T09:45:42+00:00\",\"dateModified\":\"2025-11-26T11:51:54+00:00\",\"breadcrumb\":{\"@id\":\"https:\\\/\\\/handelsverband.swiss\\\/fr\\\/partners\\\/devenir-un-prestataire-de-services-de-lasvad\\\/#breadcrumb\"},\"inLanguage\":\"fr-FR\",\"potentialAction\":[{\"@type\":\"ReadAction\",\"target\":[\"https:\\\/\\\/handelsverband.swiss\\\/fr\\\/partners\\\/devenir-un-prestataire-de-services-de-lasvad\\\/\"]}]},{\"@type\":\"BreadcrumbList\",\"@id\":\"https:\\\/\\\/handelsverband.swiss\\\/fr\\\/partners\\\/devenir-un-prestataire-de-services-de-lasvad\\\/#breadcrumb\",\"itemListElement\":[{\"@type\":\"ListItem\",\"position\":1,\"name\":\"Startseite\",\"item\":\"https:\\\/\\\/handelsverband.swiss\\\/fr\\\/\"},{\"@type\":\"ListItem\",\"position\":2,\"name\":\"Partners\",\"item\":\"https:\\\/\\\/handelsverband.swiss\\\/fr\\\/partners\\\/\"},{\"@type\":\"ListItem\",\"position\":3,\"name\":\"Devenir partenaire\"}]},{\"@type\":\"WebSite\",\"@id\":\"https:\\\/\\\/handelsverband.swiss\\\/#website\",\"url\":\"https:\\\/\\\/handelsverband.swiss\\\/\",\"name\":\"HANDELSVERBAND.swiss\",\"description\":\"ASSOCIATION DE COMMERCE.swiss\",\"publisher\":{\"@id\":\"https:\\\/\\\/handelsverband.swiss\\\/#organization\"},\"potentialAction\":[{\"@type\":\"SearchAction\",\"target\":{\"@type\":\"EntryPoint\",\"urlTemplate\":\"https:\\\/\\\/handelsverband.swiss\\\/?s={search_term_string}\"},\"query-input\":{\"@type\":\"PropertyValueSpecification\",\"valueRequired\":true,\"valueName\":\"search_term_string\"}}],\"inLanguage\":\"fr-FR\"},{\"@type\":\"Organization\",\"@id\":\"https:\\\/\\\/handelsverband.swiss\\\/#organization\",\"name\":\"HANDELSVERBAND.swiss\",\"url\":\"https:\\\/\\\/handelsverband.swiss\\\/\",\"logo\":{\"@type\":\"ImageObject\",\"inLanguage\":\"fr-FR\",\"@id\":\"https:\\\/\\\/handelsverband.swiss\\\/#\\\/schema\\\/logo\\\/image\\\/\",\"url\":\"https:\\\/\\\/handelsverband.swiss\\\/wp-content\\\/uploads\\\/2020\\\/03\\\/hv_brand_rgb.png\",\"contentUrl\":\"https:\\\/\\\/handelsverband.swiss\\\/wp-content\\\/uploads\\\/2020\\\/03\\\/hv_brand_rgb.png\",\"width\":1714,\"height\":472,\"caption\":\"HANDELSVERBAND.swiss\"},\"image\":{\"@id\":\"https:\\\/\\\/handelsverband.swiss\\\/#\\\/schema\\\/logo\\\/image\\\/\"}}]}<\/script>\n<!-- \/ Yoast SEO plugin. -->","yoast_head_json":{"title":"Devenir partenaire - HANDELSVERBAND. swiss","robots":{"index":"index","follow":"follow","max-snippet":"max-snippet:-1","max-image-preview":"max-image-preview:large","max-video-preview":"max-video-preview:-1"},"og_locale":"fr_FR","og_type":"article","og_title":"Devenir partenaire - HANDELSVERBAND. swiss","og_description":"Un partenariat avec l&#8217;ASSOCIATION DE","og_url":"https:\/\/handelsverband.swiss\/fr\/partners\/devenir-un-prestataire-de-services-de-lasvad\/","og_site_name":"HANDELSVERBAND. swiss","article_modified_time":"2025-11-26T11:51:54+00:00","twitter_card":"summary_large_image","twitter_misc":{"Est. reading time":"2 minutes"},"schema":{"@context":"https:\/\/schema.org","@graph":[{"@type":"WebPage","@id":"https:\/\/handelsverband.swiss\/fr\/partners\/devenir-un-prestataire-de-services-de-lasvad\/","url":"https:\/\/handelsverband.swiss\/fr\/partners\/devenir-un-prestataire-de-services-de-lasvad\/","name":"Devenir partenaire - HANDELSVERBAND. swiss","isPartOf":{"@id":"https:\/\/handelsverband.swiss\/#website"},"datePublished":"2018-02-06T09:45:42+00:00","dateModified":"2025-11-26T11:51:54+00:00","breadcrumb":{"@id":"https:\/\/handelsverband.swiss\/fr\/partners\/devenir-un-prestataire-de-services-de-lasvad\/#breadcrumb"},"inLanguage":"fr-FR","potentialAction":[{"@type":"ReadAction","target":["https:\/\/handelsverband.swiss\/fr\/partners\/devenir-un-prestataire-de-services-de-lasvad\/"]}]},{"@type":"BreadcrumbList","@id":"https:\/\/handelsverband.swiss\/fr\/partners\/devenir-un-prestataire-de-services-de-lasvad\/#breadcrumb","itemListElement":[{"@type":"ListItem","position":1,"name":"Startseite","item":"https:\/\/handelsverband.swiss\/fr\/"},{"@type":"ListItem","position":2,"name":"Partners","item":"https:\/\/handelsverband.swiss\/fr\/partners\/"},{"@type":"ListItem","position":3,"name":"Devenir partenaire"}]},{"@type":"WebSite","@id":"https:\/\/handelsverband.swiss\/#website","url":"https:\/\/handelsverband.swiss\/","name":"HANDELSVERBAND.swiss","description":"ASSOCIATION DE COMMERCE.swiss","publisher":{"@id":"https:\/\/handelsverband.swiss\/#organization"},"potentialAction":[{"@type":"SearchAction","target":{"@type":"EntryPoint","urlTemplate":"https:\/\/handelsverband.swiss\/?s={search_term_string}"},"query-input":{"@type":"PropertyValueSpecification","valueRequired":true,"valueName":"search_term_string"}}],"inLanguage":"fr-FR"},{"@type":"Organization","@id":"https:\/\/handelsverband.swiss\/#organization","name":"HANDELSVERBAND.swiss","url":"https:\/\/handelsverband.swiss\/","logo":{"@type":"ImageObject","inLanguage":"fr-FR","@id":"https:\/\/handelsverband.swiss\/#\/schema\/logo\/image\/","url":"https:\/\/handelsverband.swiss\/wp-content\/uploads\/2020\/03\/hv_brand_rgb.png","contentUrl":"https:\/\/handelsverband.swiss\/wp-content\/uploads\/2020\/03\/hv_brand_rgb.png","width":1714,"height":472,"caption":"HANDELSVERBAND.swiss"},"image":{"@id":"https:\/\/handelsverband.swiss\/#\/schema\/logo\/image\/"}}]}},"_links":{"self":[{"href":"https:\/\/handelsverband.swiss\/fr\/wp-json\/wp\/v2\/pages\/6543","targetHints":{"allow":["GET"]}}],"collection":[{"href":"https:\/\/handelsverband.swiss\/fr\/wp-json\/wp\/v2\/pages"}],"about":[{"href":"https:\/\/handelsverband.swiss\/fr\/wp-json\/wp\/v2\/types\/page"}],"author":[{"embeddable":true,"href":"https:\/\/handelsverband.swiss\/fr\/wp-json\/wp\/v2\/users\/1499"}],"replies":[{"embeddable":true,"href":"https:\/\/handelsverband.swiss\/fr\/wp-json\/wp\/v2\/comments?post=6543"}],"version-history":[{"count":14,"href":"https:\/\/handelsverband.swiss\/fr\/wp-json\/wp\/v2\/pages\/6543\/revisions"}],"predecessor-version":[{"id":59297,"href":"https:\/\/handelsverband.swiss\/fr\/wp-json\/wp\/v2\/pages\/6543\/revisions\/59297"}],"up":[{"embeddable":true,"href":"https:\/\/handelsverband.swiss\/fr\/wp-json\/wp\/v2\/pages\/6665"}],"wp:attachment":[{"href":"https:\/\/handelsverband.swiss\/fr\/wp-json\/wp\/v2\/media?parent=6543"}],"curies":[{"name":"wp","href":"https:\/\/api.w.org\/{rel}","templated":true}]}}

<p><strong>Un partenariat avec l&#8217;ASSOCIATION DE COMMERCE.swiss vous offre la possibilité d&#8217;obtenir une plus grande visibilité auprès de nos membres, de vos clients &#8211; ou de vos futurs clients. Ainsi, vous pouvez exploiter notre réseau pour  renforcer vos liens avec le commerce suisse..</strong></p>
<p>Vous ne serez pas seulement répertorié en tant que partenaire de l&#8217;ASSOCIATION DE COMMERCE.swiss sur notre site web, mais vous êtes également invité à nos différents événements (une personne par partenaire), où vous aurez l&#8217;occasion de rencontrer personnellement des commerçants et d&#8217;autres partenaires. La participation à nos événements est généralement gratuite pour nos partenaires, à l&#8217;exception de notre « HANDELSVERBAND.swiss Summit », où vous bénéficiez de conditions de participation particulièrement avantageuses. En plus, vous avez la possibilité d&#8217;augmenter votre visibilité lors de nos événements. D&#8217;une part avec diverses possibilités de sponsoring lors des événements (70 à 100 participants en Suisse alémanique, 20-30 participants en Suisse romande) et d&#8217;autre part lors de notre « HANDELSVERBAND.swiss Summit » (environ 100 participants). Et grâce à notre newsletter, vous recevrez régulièrement des informations actuelles sur le commerce en Suisse.</p>
<p>Vous trouverez les détails de l&#8217;offre partenariat dans la factsheet.</p>
<p><a href="https://handelsverband.swiss/wp-content/uploads/2025/11/Factsheet-partenariat_26.11.2026-final_FRA.pdf" target="_blank" rel="noopener"><strong>Cliquez ici pour accéder à la factsheet partenariat</strong></a></p>
