{"id":6546,"date":"2018-02-06T10:49:31","date_gmt":"2018-02-06T09:49:31","guid":{"rendered":"https:\/\/www.vsv-versandhandel.ch\/?page_id=6546"},"modified":"2022-06-07T13:48:28","modified_gmt":"2022-06-07T11:48:28","slug":"associations-partenaires-en-europe","status":"publish","type":"page","link":"https:\/\/handelsverband.swiss\/fr\/partners\/associations-partenaires-en-europe\/","title":{"rendered":"Associations partenaires en Europe"},"content":{"rendered":"<p><a href=\"https:\/\/ecommerce-europe.eu\/\"><strong>Europa &#8211;\u00a0ECommmerce Europe<\/strong><\/a><\/p>\n<p><strong><a class=\"link_extern\" title=\"Deutschland - bevh Bundesverband E-Commerce und Versandhandel\" href=\"http:\/\/www.bevh.org\/\" target=\"_blank\" rel=\"noopener\">Deutschland &#8211; bevh<\/a><\/strong>\u00a0Bundesverband E-Commerce und Versandhandel<\/p>\n<p><strong><a class=\"link_extern\" title=\"\u00d6sterreich - Handelsverband AT\" href=\"http:\/\/www.handelsverband.at\/\" target=\"_blank\" rel=\"noopener\">\u00d6sterreich &#8211; Handelsverband<\/a><\/strong>\u00a0\u00f6sterreichischer Mittel- und Grossbetriebe des Handels<\/p>\n<p><a href=\"https:\/\/www.fevad.com\/\"><strong>Frankreich &#8211; FEVAD <\/strong><\/a>La F\u00e9d\u00e9ration du e-commerce et de la vente \u00e0 distance<\/p>\n<p><strong><a class=\"link_extern\" title=\"Schweden - Svensk Digital Handel\" href=\"http:\/\/dhandel.se\/\" target=\"_blank\" rel=\"noopener\">Schweden &#8211; Svensk Digital Handel<\/a><\/strong><\/p>\n","protected":false},"excerpt":{"rendered":"<p>Europa &#8211;\u00a0ECommmerce Europe Deutschland &#8211;<\/p>\n","protected":false},"author":1499,"featured_media":0,"parent":6665,"menu_order":0,"comment_status":"closed","ping_status":"closed","template":"","meta":{"_acf_changed":false,"footnotes":""},"class_list":["post-6546","page","type-page","status-publish","hentry"],"acf":[],"yoast_head":"<!-- This site is optimized with the Yoast SEO plugin v27.5 - https:\/\/yoast.com\/product\/yoast-seo-wordpress\/ -->\n<title>Associations partenaires en Europe - HANDELSVERBAND. swiss<\/title>\n<meta name=\"robots\" content=\"index, follow, max-snippet:-1, max-image-preview:large, max-video-preview:-1\" \/>\n<meta property=\"og:locale\" content=\"fr_FR\" \/>\n<meta property=\"og:type\" content=\"article\" \/>\n<meta property=\"og:title\" content=\"Associations partenaires en Europe - HANDELSVERBAND. swiss\" \/>\n<meta property=\"og:description\" content=\"Europa &#8211;\u00a0ECommmerce Europe Deutschland &#8211;\" \/>\n<meta property=\"og:url\" content=\"https:\/\/handelsverband.swiss\/fr\/partners\/associations-partenaires-en-europe\/\" \/>\n<meta property=\"og:site_name\" content=\"HANDELSVERBAND. swiss\" \/>\n<meta property=\"article:modified_time\" content=\"2022-06-07T11:48:28+00:00\" \/>\n<meta name=\"twitter:card\" content=\"summary_large_image\" \/>\n<meta name=\"twitter:label1\" content=\"Est. reading time\" \/>\n\t<meta name=\"twitter:data1\" content=\"1 minute\" \/>\n<script type=\"application\/ld+json\" class=\"yoast-schema-graph\">{\"@context\":\"https:\\\/\\\/schema.org\",\"@graph\":[{\"@type\":\"WebPage\",\"@id\":\"https:\\\/\\\/handelsverband.swiss\\\/fr\\\/partners\\\/associations-partenaires-en-europe\\\/\",\"url\":\"https:\\\/\\\/handelsverband.swiss\\\/fr\\\/partners\\\/associations-partenaires-en-europe\\\/\",\"name\":\"Associations partenaires en Europe - HANDELSVERBAND. swiss\",\"isPartOf\":{\"@id\":\"https:\\\/\\\/handelsverband.swiss\\\/#website\"},\"datePublished\":\"2018-02-06T09:49:31+00:00\",\"dateModified\":\"2022-06-07T11:48:28+00:00\",\"breadcrumb\":{\"@id\":\"https:\\\/\\\/handelsverband.swiss\\\/fr\\\/partners\\\/associations-partenaires-en-europe\\\/#breadcrumb\"},\"inLanguage\":\"fr-FR\",\"potentialAction\":[{\"@type\":\"ReadAction\",\"target\":[\"https:\\\/\\\/handelsverband.swiss\\\/fr\\\/partners\\\/associations-partenaires-en-europe\\\/\"]}]},{\"@type\":\"BreadcrumbList\",\"@id\":\"https:\\\/\\\/handelsverband.swiss\\\/fr\\\/partners\\\/associations-partenaires-en-europe\\\/#breadcrumb\",\"itemListElement\":[{\"@type\":\"ListItem\",\"position\":1,\"name\":\"Startseite\",\"item\":\"https:\\\/\\\/handelsverband.swiss\\\/fr\\\/\"},{\"@type\":\"ListItem\",\"position\":2,\"name\":\"Partners\",\"item\":\"https:\\\/\\\/handelsverband.swiss\\\/fr\\\/partners\\\/\"},{\"@type\":\"ListItem\",\"position\":3,\"name\":\"Associations partenaires en Europe\"}]},{\"@type\":\"WebSite\",\"@id\":\"https:\\\/\\\/handelsverband.swiss\\\/#website\",\"url\":\"https:\\\/\\\/handelsverband.swiss\\\/\",\"name\":\"HANDELSVERBAND.swiss\",\"description\":\"ASSOCIATION DE COMMERCE.swiss\",\"publisher\":{\"@id\":\"https:\\\/\\\/handelsverband.swiss\\\/#organization\"},\"potentialAction\":[{\"@type\":\"SearchAction\",\"target\":{\"@type\":\"EntryPoint\",\"urlTemplate\":\"https:\\\/\\\/handelsverband.swiss\\\/?s={search_term_string}\"},\"query-input\":{\"@type\":\"PropertyValueSpecification\",\"valueRequired\":true,\"valueName\":\"search_term_string\"}}],\"inLanguage\":\"fr-FR\"},{\"@type\":\"Organization\",\"@id\":\"https:\\\/\\\/handelsverband.swiss\\\/#organization\",\"name\":\"HANDELSVERBAND.swiss\",\"url\":\"https:\\\/\\\/handelsverband.swiss\\\/\",\"logo\":{\"@type\":\"ImageObject\",\"inLanguage\":\"fr-FR\",\"@id\":\"https:\\\/\\\/handelsverband.swiss\\\/#\\\/schema\\\/logo\\\/image\\\/\",\"url\":\"https:\\\/\\\/handelsverband.swiss\\\/wp-content\\\/uploads\\\/2020\\\/03\\\/hv_brand_rgb.png\",\"contentUrl\":\"https:\\\/\\\/handelsverband.swiss\\\/wp-content\\\/uploads\\\/2020\\\/03\\\/hv_brand_rgb.png\",\"width\":1714,\"height\":472,\"caption\":\"HANDELSVERBAND.swiss\"},\"image\":{\"@id\":\"https:\\\/\\\/handelsverband.swiss\\\/#\\\/schema\\\/logo\\\/image\\\/\"}}]}<\/script>\n<!-- \/ Yoast SEO plugin. -->","yoast_head_json":{"title":"Associations partenaires en Europe - HANDELSVERBAND. swiss","robots":{"index":"index","follow":"follow","max-snippet":"max-snippet:-1","max-image-preview":"max-image-preview:large","max-video-preview":"max-video-preview:-1"},"og_locale":"fr_FR","og_type":"article","og_title":"Associations partenaires en Europe - HANDELSVERBAND. swiss","og_description":"Europa &#8211;\u00a0ECommmerce Europe Deutschland &#8211;","og_url":"https:\/\/handelsverband.swiss\/fr\/partners\/associations-partenaires-en-europe\/","og_site_name":"HANDELSVERBAND. swiss","article_modified_time":"2022-06-07T11:48:28+00:00","twitter_card":"summary_large_image","twitter_misc":{"Est. reading time":"1 minute"},"schema":{"@context":"https:\/\/schema.org","@graph":[{"@type":"WebPage","@id":"https:\/\/handelsverband.swiss\/fr\/partners\/associations-partenaires-en-europe\/","url":"https:\/\/handelsverband.swiss\/fr\/partners\/associations-partenaires-en-europe\/","name":"Associations partenaires en Europe - HANDELSVERBAND. swiss","isPartOf":{"@id":"https:\/\/handelsverband.swiss\/#website"},"datePublished":"2018-02-06T09:49:31+00:00","dateModified":"2022-06-07T11:48:28+00:00","breadcrumb":{"@id":"https:\/\/handelsverband.swiss\/fr\/partners\/associations-partenaires-en-europe\/#breadcrumb"},"inLanguage":"fr-FR","potentialAction":[{"@type":"ReadAction","target":["https:\/\/handelsverband.swiss\/fr\/partners\/associations-partenaires-en-europe\/"]}]},{"@type":"BreadcrumbList","@id":"https:\/\/handelsverband.swiss\/fr\/partners\/associations-partenaires-en-europe\/#breadcrumb","itemListElement":[{"@type":"ListItem","position":1,"name":"Startseite","item":"https:\/\/handelsverband.swiss\/fr\/"},{"@type":"ListItem","position":2,"name":"Partners","item":"https:\/\/handelsverband.swiss\/fr\/partners\/"},{"@type":"ListItem","position":3,"name":"Associations partenaires en Europe"}]},{"@type":"WebSite","@id":"https:\/\/handelsverband.swiss\/#website","url":"https:\/\/handelsverband.swiss\/","name":"HANDELSVERBAND.swiss","description":"ASSOCIATION DE COMMERCE.swiss","publisher":{"@id":"https:\/\/handelsverband.swiss\/#organization"},"potentialAction":[{"@type":"SearchAction","target":{"@type":"EntryPoint","urlTemplate":"https:\/\/handelsverband.swiss\/?s={search_term_string}"},"query-input":{"@type":"PropertyValueSpecification","valueRequired":true,"valueName":"search_term_string"}}],"inLanguage":"fr-FR"},{"@type":"Organization","@id":"https:\/\/handelsverband.swiss\/#organization","name":"HANDELSVERBAND.swiss","url":"https:\/\/handelsverband.swiss\/","logo":{"@type":"ImageObject","inLanguage":"fr-FR","@id":"https:\/\/handelsverband.swiss\/#\/schema\/logo\/image\/","url":"https:\/\/handelsverband.swiss\/wp-content\/uploads\/2020\/03\/hv_brand_rgb.png","contentUrl":"https:\/\/handelsverband.swiss\/wp-content\/uploads\/2020\/03\/hv_brand_rgb.png","width":1714,"height":472,"caption":"HANDELSVERBAND.swiss"},"image":{"@id":"https:\/\/handelsverband.swiss\/#\/schema\/logo\/image\/"}}]}},"_links":{"self":[{"href":"https:\/\/handelsverband.swiss\/fr\/wp-json\/wp\/v2\/pages\/6546","targetHints":{"allow":["GET"]}}],"collection":[{"href":"https:\/\/handelsverband.swiss\/fr\/wp-json\/wp\/v2\/pages"}],"about":[{"href":"https:\/\/handelsverband.swiss\/fr\/wp-json\/wp\/v2\/types\/page"}],"author":[{"embeddable":true,"href":"https:\/\/handelsverband.swiss\/fr\/wp-json\/wp\/v2\/users\/1499"}],"replies":[{"embeddable":true,"href":"https:\/\/handelsverband.swiss\/fr\/wp-json\/wp\/v2\/comments?post=6546"}],"version-history":[{"count":3,"href":"https:\/\/handelsverband.swiss\/fr\/wp-json\/wp\/v2\/pages\/6546\/revisions"}],"predecessor-version":[{"id":26761,"href":"https:\/\/handelsverband.swiss\/fr\/wp-json\/wp\/v2\/pages\/6546\/revisions\/26761"}],"up":[{"embeddable":true,"href":"https:\/\/handelsverband.swiss\/fr\/wp-json\/wp\/v2\/pages\/6665"}],"wp:attachment":[{"href":"https:\/\/handelsverband.swiss\/fr\/wp-json\/wp\/v2\/media?parent=6546"}],"curies":[{"name":"wp","href":"https:\/\/api.w.org\/{rel}","templated":true}]}}

<p><a href="https://ecommerce-europe.eu/"><strong>Europa &#8211; ECommmerce Europe</strong></a></p>
<p><strong><a class="link_extern" title="Deutschland - bevh Bundesverband E-Commerce und Versandhandel" href="http://www.bevh.org/" target="_blank" rel="noopener">Deutschland &#8211; bevh</a></strong> Bundesverband E-Commerce und Versandhandel</p>
<p><strong><a class="link_extern" title="Österreich - Handelsverband AT" href="http://www.handelsverband.at/" target="_blank" rel="noopener">Österreich &#8211; Handelsverband</a></strong> österreichischer Mittel- und Grossbetriebe des Handels</p>
<p><a href="https://www.fevad.com/"><strong>Frankreich &#8211; FEVAD </strong></a>La Fédération du e-commerce et de la vente à distance</p>
<p><strong><a class="link_extern" title="Schweden - Svensk Digital Handel" href="http://dhandel.se/" target="_blank" rel="noopener">Schweden &#8211; Svensk Digital Handel</a></strong></p>
