{"id":6577,"date":"2018-02-06T11:57:28","date_gmt":"2018-02-06T10:57:28","guid":{"rendered":"https:\/\/www.vsv-versandhandel.ch\/?page_id=6577"},"modified":"2020-09-03T12:17:45","modified_gmt":"2020-09-03T10:17:45","slug":"politics","status":"publish","type":"page","link":"https:\/\/handelsverband.swiss\/fr\/politics\/","title":{"rendered":"Politics"},"content":{"rendered":"<h1>Engagement politique<\/h1>\n<p>Selon l&#8217;article 2 des statuts, l&#8217;association a pour objet de promouvoir des int\u00e9r\u00eats \u00e9conomiques du commerce en ligne et stationnaire :<\/p>\n<ul>\n<li>Intervention active dans le sens d&#8217;un ordre \u00e9conomique lib\u00e9ral aupr\u00e8s des autorit\u00e9s, des institutions et des consommateurs en Suisse.<\/li>\n<\/ul>\n<p><img loading=\"lazy\" decoding=\"async\" class=\"wp-image-6574 alignleft\" src=\"https:\/\/handelsverband.swiss\/wp-content\/uploads\/2018\/02\/politics827px_rgb-300x300.jpg\" alt=\"\" width=\"141\" height=\"141\" srcset=\"https:\/\/handelsverband.swiss\/wp-content\/uploads\/2018\/02\/politics827px_rgb-300x300.jpg 300w, https:\/\/handelsverband.swiss\/wp-content\/uploads\/2018\/02\/politics827px_rgb-150x150.jpg 150w, https:\/\/handelsverband.swiss\/wp-content\/uploads\/2018\/02\/politics827px_rgb-768x768.jpg 768w, https:\/\/handelsverband.swiss\/wp-content\/uploads\/2018\/02\/politics827px_rgb.jpg 827w\" sizes=\"auto, (max-width: 141px) 100vw, 141px\" \/><\/p>\n<p>L&#8217;ASSOCIATION DE COMMERCE.swiss participe activement aux processus politiques lorsqu&#8217;il s&#8217;agit de questions telles que la TVA, la douane, la protection des donn\u00e9es, l&#8217;ordonnance sur l&#8217;indication des prix ou les droits des consommateurs. L&#8217;ASSOCIATION DE COMMERCE.swiss n&#8217;appartient pas \u00e0 un parti politique, et les membres du Conseil national ou du Conseil des \u00c9tats ne si\u00e8gent pas dans les comit\u00e9s de l&#8217;Association. Nous participons au processus d\u00e9cisionnel en soumettant des commentaires dans le cadre des consultations, des r\u00e9unions de la Commission et du Conseil.<\/p>\n<p>Jusqu&#8217;\u00e0 pr\u00e9sent, l&#8217;association elle-m\u00eame n&#8217;a lanc\u00e9 aucune initiative (motions, initiatives) au parlement, mais se r\u00e9serve express\u00e9ment ce droit d\u00e9mocratique.<\/p>\n","protected":false},"excerpt":{"rendered":"<p>Engagement politique Selon l&#8217;article 2<\/p>\n","protected":false},"author":1499,"featured_media":0,"parent":0,"menu_order":0,"comment_status":"closed","ping_status":"closed","template":"","meta":{"_acf_changed":false,"footnotes":""},"class_list":["post-6577","page","type-page","status-publish","hentry"],"acf":[],"yoast_head":"<!-- This site is optimized with the Yoast SEO plugin v27.5 - https:\/\/yoast.com\/product\/yoast-seo-wordpress\/ -->\n<title>Politics - HANDELSVERBAND. swiss<\/title>\n<meta name=\"robots\" content=\"index, follow, max-snippet:-1, max-image-preview:large, max-video-preview:-1\" \/>\n<meta property=\"og:locale\" content=\"fr_FR\" \/>\n<meta property=\"og:type\" content=\"article\" \/>\n<meta property=\"og:title\" content=\"Politics - HANDELSVERBAND. swiss\" \/>\n<meta property=\"og:description\" content=\"Engagement politique Selon l&#8217;article 2\" \/>\n<meta property=\"og:url\" content=\"https:\/\/handelsverband.swiss\/fr\/politics\/\" \/>\n<meta property=\"og:site_name\" content=\"HANDELSVERBAND. swiss\" \/>\n<meta property=\"article:modified_time\" content=\"2020-09-03T10:17:45+00:00\" \/>\n<meta property=\"og:image\" content=\"https:\/\/handelsverband.swiss\/wp-content\/uploads\/2018\/02\/politics827px_rgb-300x300.jpg\" \/>\n<meta name=\"twitter:card\" content=\"summary_large_image\" \/>\n<meta name=\"twitter:label1\" content=\"Est. reading time\" \/>\n\t<meta name=\"twitter:data1\" content=\"1 minute\" \/>\n<script type=\"application\/ld+json\" class=\"yoast-schema-graph\">{\"@context\":\"https:\\\/\\\/schema.org\",\"@graph\":[{\"@type\":\"WebPage\",\"@id\":\"https:\\\/\\\/handelsverband.swiss\\\/fr\\\/politics\\\/\",\"url\":\"https:\\\/\\\/handelsverband.swiss\\\/fr\\\/politics\\\/\",\"name\":\"Politics - HANDELSVERBAND. swiss\",\"isPartOf\":{\"@id\":\"https:\\\/\\\/handelsverband.swiss\\\/#website\"},\"primaryImageOfPage\":{\"@id\":\"https:\\\/\\\/handelsverband.swiss\\\/fr\\\/politics\\\/#primaryimage\"},\"image\":{\"@id\":\"https:\\\/\\\/handelsverband.swiss\\\/fr\\\/politics\\\/#primaryimage\"},\"thumbnailUrl\":\"https:\\\/\\\/handelsverband.swiss\\\/wp-content\\\/uploads\\\/2018\\\/02\\\/politics827px_rgb-300x300.jpg\",\"datePublished\":\"2018-02-06T10:57:28+00:00\",\"dateModified\":\"2020-09-03T10:17:45+00:00\",\"breadcrumb\":{\"@id\":\"https:\\\/\\\/handelsverband.swiss\\\/fr\\\/politics\\\/#breadcrumb\"},\"inLanguage\":\"fr-FR\",\"potentialAction\":[{\"@type\":\"ReadAction\",\"target\":[\"https:\\\/\\\/handelsverband.swiss\\\/fr\\\/politics\\\/\"]}]},{\"@type\":\"ImageObject\",\"inLanguage\":\"fr-FR\",\"@id\":\"https:\\\/\\\/handelsverband.swiss\\\/fr\\\/politics\\\/#primaryimage\",\"url\":\"https:\\\/\\\/handelsverband.swiss\\\/wp-content\\\/uploads\\\/2018\\\/02\\\/politics827px_rgb-300x300.jpg\",\"contentUrl\":\"https:\\\/\\\/handelsverband.swiss\\\/wp-content\\\/uploads\\\/2018\\\/02\\\/politics827px_rgb-300x300.jpg\"},{\"@type\":\"BreadcrumbList\",\"@id\":\"https:\\\/\\\/handelsverband.swiss\\\/fr\\\/politics\\\/#breadcrumb\",\"itemListElement\":[{\"@type\":\"ListItem\",\"position\":1,\"name\":\"Startseite\",\"item\":\"https:\\\/\\\/handelsverband.swiss\\\/fr\\\/\"},{\"@type\":\"ListItem\",\"position\":2,\"name\":\"Politics\"}]},{\"@type\":\"WebSite\",\"@id\":\"https:\\\/\\\/handelsverband.swiss\\\/#website\",\"url\":\"https:\\\/\\\/handelsverband.swiss\\\/\",\"name\":\"HANDELSVERBAND.swiss\",\"description\":\"ASSOCIATION DE COMMERCE.swiss\",\"publisher\":{\"@id\":\"https:\\\/\\\/handelsverband.swiss\\\/#organization\"},\"potentialAction\":[{\"@type\":\"SearchAction\",\"target\":{\"@type\":\"EntryPoint\",\"urlTemplate\":\"https:\\\/\\\/handelsverband.swiss\\\/?s={search_term_string}\"},\"query-input\":{\"@type\":\"PropertyValueSpecification\",\"valueRequired\":true,\"valueName\":\"search_term_string\"}}],\"inLanguage\":\"fr-FR\"},{\"@type\":\"Organization\",\"@id\":\"https:\\\/\\\/handelsverband.swiss\\\/#organization\",\"name\":\"HANDELSVERBAND.swiss\",\"url\":\"https:\\\/\\\/handelsverband.swiss\\\/\",\"logo\":{\"@type\":\"ImageObject\",\"inLanguage\":\"fr-FR\",\"@id\":\"https:\\\/\\\/handelsverband.swiss\\\/#\\\/schema\\\/logo\\\/image\\\/\",\"url\":\"https:\\\/\\\/handelsverband.swiss\\\/wp-content\\\/uploads\\\/2020\\\/03\\\/hv_brand_rgb.png\",\"contentUrl\":\"https:\\\/\\\/handelsverband.swiss\\\/wp-content\\\/uploads\\\/2020\\\/03\\\/hv_brand_rgb.png\",\"width\":1714,\"height\":472,\"caption\":\"HANDELSVERBAND.swiss\"},\"image\":{\"@id\":\"https:\\\/\\\/handelsverband.swiss\\\/#\\\/schema\\\/logo\\\/image\\\/\"}}]}<\/script>\n<!-- \/ Yoast SEO plugin. -->","yoast_head_json":{"title":"Politics - HANDELSVERBAND. swiss","robots":{"index":"index","follow":"follow","max-snippet":"max-snippet:-1","max-image-preview":"max-image-preview:large","max-video-preview":"max-video-preview:-1"},"og_locale":"fr_FR","og_type":"article","og_title":"Politics - HANDELSVERBAND. swiss","og_description":"Engagement politique Selon l&#8217;article 2","og_url":"https:\/\/handelsverband.swiss\/fr\/politics\/","og_site_name":"HANDELSVERBAND. swiss","article_modified_time":"2020-09-03T10:17:45+00:00","og_image":[{"url":"https:\/\/handelsverband.swiss\/wp-content\/uploads\/2018\/02\/politics827px_rgb-300x300.jpg","type":"","width":"","height":""}],"twitter_card":"summary_large_image","twitter_misc":{"Est. reading time":"1 minute"},"schema":{"@context":"https:\/\/schema.org","@graph":[{"@type":"WebPage","@id":"https:\/\/handelsverband.swiss\/fr\/politics\/","url":"https:\/\/handelsverband.swiss\/fr\/politics\/","name":"Politics - HANDELSVERBAND. swiss","isPartOf":{"@id":"https:\/\/handelsverband.swiss\/#website"},"primaryImageOfPage":{"@id":"https:\/\/handelsverband.swiss\/fr\/politics\/#primaryimage"},"image":{"@id":"https:\/\/handelsverband.swiss\/fr\/politics\/#primaryimage"},"thumbnailUrl":"https:\/\/handelsverband.swiss\/wp-content\/uploads\/2018\/02\/politics827px_rgb-300x300.jpg","datePublished":"2018-02-06T10:57:28+00:00","dateModified":"2020-09-03T10:17:45+00:00","breadcrumb":{"@id":"https:\/\/handelsverband.swiss\/fr\/politics\/#breadcrumb"},"inLanguage":"fr-FR","potentialAction":[{"@type":"ReadAction","target":["https:\/\/handelsverband.swiss\/fr\/politics\/"]}]},{"@type":"ImageObject","inLanguage":"fr-FR","@id":"https:\/\/handelsverband.swiss\/fr\/politics\/#primaryimage","url":"https:\/\/handelsverband.swiss\/wp-content\/uploads\/2018\/02\/politics827px_rgb-300x300.jpg","contentUrl":"https:\/\/handelsverband.swiss\/wp-content\/uploads\/2018\/02\/politics827px_rgb-300x300.jpg"},{"@type":"BreadcrumbList","@id":"https:\/\/handelsverband.swiss\/fr\/politics\/#breadcrumb","itemListElement":[{"@type":"ListItem","position":1,"name":"Startseite","item":"https:\/\/handelsverband.swiss\/fr\/"},{"@type":"ListItem","position":2,"name":"Politics"}]},{"@type":"WebSite","@id":"https:\/\/handelsverband.swiss\/#website","url":"https:\/\/handelsverband.swiss\/","name":"HANDELSVERBAND.swiss","description":"ASSOCIATION DE COMMERCE.swiss","publisher":{"@id":"https:\/\/handelsverband.swiss\/#organization"},"potentialAction":[{"@type":"SearchAction","target":{"@type":"EntryPoint","urlTemplate":"https:\/\/handelsverband.swiss\/?s={search_term_string}"},"query-input":{"@type":"PropertyValueSpecification","valueRequired":true,"valueName":"search_term_string"}}],"inLanguage":"fr-FR"},{"@type":"Organization","@id":"https:\/\/handelsverband.swiss\/#organization","name":"HANDELSVERBAND.swiss","url":"https:\/\/handelsverband.swiss\/","logo":{"@type":"ImageObject","inLanguage":"fr-FR","@id":"https:\/\/handelsverband.swiss\/#\/schema\/logo\/image\/","url":"https:\/\/handelsverband.swiss\/wp-content\/uploads\/2020\/03\/hv_brand_rgb.png","contentUrl":"https:\/\/handelsverband.swiss\/wp-content\/uploads\/2020\/03\/hv_brand_rgb.png","width":1714,"height":472,"caption":"HANDELSVERBAND.swiss"},"image":{"@id":"https:\/\/handelsverband.swiss\/#\/schema\/logo\/image\/"}}]}},"_links":{"self":[{"href":"https:\/\/handelsverband.swiss\/fr\/wp-json\/wp\/v2\/pages\/6577","targetHints":{"allow":["GET"]}}],"collection":[{"href":"https:\/\/handelsverband.swiss\/fr\/wp-json\/wp\/v2\/pages"}],"about":[{"href":"https:\/\/handelsverband.swiss\/fr\/wp-json\/wp\/v2\/types\/page"}],"author":[{"embeddable":true,"href":"https:\/\/handelsverband.swiss\/fr\/wp-json\/wp\/v2\/users\/1499"}],"replies":[{"embeddable":true,"href":"https:\/\/handelsverband.swiss\/fr\/wp-json\/wp\/v2\/comments?post=6577"}],"version-history":[{"count":3,"href":"https:\/\/handelsverband.swiss\/fr\/wp-json\/wp\/v2\/pages\/6577\/revisions"}],"predecessor-version":[{"id":18894,"href":"https:\/\/handelsverband.swiss\/fr\/wp-json\/wp\/v2\/pages\/6577\/revisions\/18894"}],"wp:attachment":[{"href":"https:\/\/handelsverband.swiss\/fr\/wp-json\/wp\/v2\/media?parent=6577"}],"curies":[{"name":"wp","href":"https:\/\/api.w.org\/{rel}","templated":true}]}}

<h1>Engagement politique</h1>
<p>Selon l&#8217;article 2 des statuts, l&#8217;association a pour objet de promouvoir des intérêts économiques du commerce en ligne et stationnaire :</p>
<ul>
<li>Intervention active dans le sens d&#8217;un ordre économique libéral auprès des autorités, des institutions et des consommateurs en Suisse.</li>
</ul>
<p><img loading="lazy" decoding="async" class="wp-image-6574 alignleft" src="https://handelsverband.swiss/wp-content/uploads/2018/02/politics827px_rgb-300x300.jpg" alt="" width="141" height="141" srcset="https://handelsverband.swiss/wp-content/uploads/2018/02/politics827px_rgb-300x300.jpg 300w, https://handelsverband.swiss/wp-content/uploads/2018/02/politics827px_rgb-150x150.jpg 150w, https://handelsverband.swiss/wp-content/uploads/2018/02/politics827px_rgb-768x768.jpg 768w, https://handelsverband.swiss/wp-content/uploads/2018/02/politics827px_rgb.jpg 827w" sizes="auto, (max-width: 141px) 100vw, 141px" /></p>
<p>L&#8217;ASSOCIATION DE COMMERCE.swiss participe activement aux processus politiques lorsqu&#8217;il s&#8217;agit de questions telles que la TVA, la douane, la protection des données, l&#8217;ordonnance sur l&#8217;indication des prix ou les droits des consommateurs. L&#8217;ASSOCIATION DE COMMERCE.swiss n&#8217;appartient pas à un parti politique, et les membres du Conseil national ou du Conseil des États ne siègent pas dans les comités de l&#8217;Association. Nous participons au processus décisionnel en soumettant des commentaires dans le cadre des consultations, des réunions de la Commission et du Conseil.</p>
<p>Jusqu&#8217;à présent, l&#8217;association elle-même n&#8217;a lancé aucune initiative (motions, initiatives) au parlement, mais se réserve expressément ce droit démocratique.</p>
