{"id":6580,"date":"2018-02-06T12:00:09","date_gmt":"2018-02-06T11:00:09","guid":{"rendered":"https:\/\/www.vsv-versandhandel.ch\/?page_id=6580"},"modified":"2023-08-23T15:01:24","modified_gmt":"2023-08-23T13:01:24","slug":"loi-federale-sur-le-credit-a-la-consommation","status":"publish","type":"page","link":"https:\/\/handelsverband.swiss\/fr\/politics\/loi-federale-sur-le-credit-a-la-consommation\/","title":{"rendered":"Loi f\u00e9d\u00e9rale sur le cr\u00e9dit \u00e0 la consommation"},"content":{"rendered":"<p><strong>Le 1er Janvier 2016, la nouvelle Loi sur le cr\u00e9dit \u00e0 la consommation est entr\u00e9e\u00a0en vigueur.\u00a0<\/strong><\/p>\n<p>Le site de la\u00a0<a href=\"https:\/\/www.admin.ch\/opc\/fr\/classified-compilation\/20010555\/index.html\" target=\"_blank\" rel=\"noopener\">Conf\u00e9d\u00e9ration<\/a>\u00a0renseigne sur l&#8217;\u00e9tat actuel de la loi.\u00a0Les principaux changements sont les suivants:<\/p>\n<p>&#8211; Les &#8220;cr\u00e9dit express&#8221; \u00a0&#8211; 4 versements en 12 mois ne sont plus autoris\u00e9<br \/>\n&#8211; Droit de r\u00e9tractation de 14 jours suite \u00e0 un achat pay\u00e9 par tranches<br \/>\n&#8211; La\u00a0publicit\u00e9 agressive pour pertes sur cr\u00e9ances est interdite et est passible d&#8217;amendes pouvant aller jusqu&#8217;\u00e0 CHF 100 000<\/p>\n<p><strong>Plusieurs questions en liens avec le commerce en ligne reviennent souvent, la FAQ ci-dessous devrait vous fournir des r\u00e9ponses:<\/strong><\/p>\n<p><strong>Est-ce qu&#8217;un achat de plus de 500.- CHF est automatiquement li\u00e9 \u00e0 la\u00a0Loi f\u00e9d\u00e9rale sur le cr\u00e9dit \u00e0 la consommation ?<br \/>\n<\/strong>Non, \u00e0 condition qu&#8217;aucun paiement par\u00a0tranche ou des int\u00e9r\u00eats sur le prix d&#8217;achat ne soit d\u00e9cid\u00e9 lors de l&#8217;achat. Dans ce cas le contrat n&#8217;est pas couvert par la loi. Il n&#8217;y a pas de limites en ce qui concerne le montant de l&#8217;achat.<\/p>\n<p><strong>Nous vendons un produit 350 CHF contre promesse de paiement de 7 tranches de CHF 50. La transaction est-elle couverte par la Loi sur le cr\u00e9dit \u00e0 la consommation?<br \/>\n<\/strong>Non, pour des transactions en dessous de 500.- CHF elle n&#8217;est pas valable.<\/p>\n<p><strong>Nous vendons un produit pour 480 CHF en 12 mensualit\u00e9s de 40 CHF, plus les int\u00e9r\u00eats. Le montant total d\u00fb incl. les int\u00e9r\u00eats est de 530 CHF.\u00a0La transaction est-elle couverte par la Loi sur le cr\u00e9dit \u00e0 la consommation?<br \/>\n<\/strong>Oui, la loi s&#8217;applique. Une v\u00e9rification de cr\u00e9dit en profondeur est n\u00e9cessaire.<\/p>\n<p><strong>Nous vendons un produit pour 480 CHF contre\u00a03 versements mensuels (\u00e0 verser en\u00a03 mois) de 160 CHF, plus les int\u00e9r\u00eats. Le montant total d\u00fb incl. les int\u00e9r\u00eats est de 510 CHF.\u00a0La transaction est-elle couverte par la Loi sur le cr\u00e9dit \u00e0 la consommation?<br \/>\n<\/strong>Non, la loi ne s&#8217;applique pas \u00e9tant donn\u00e9 que le cr\u00e9dit est r\u00e9gl\u00e9 en 3 mois.<\/p>\n<p><strong>Le client ach\u00e8te un produit contre facture, il ne souhaite pas d&#8217;\u00e9talement du paiement. Toutefois, le client ne paie pas la facture dans les 30 jours et souhaite d\u00e9sormais payer le montant en 6 versements mensuels.\u00a0La transaction est-elle couverte par la Loi sur le cr\u00e9dit \u00e0 la consommation?<br \/>\n<\/strong>Non, cela implique un accord d&#8217;extension car aucun versement n&#8217;\u00e9tait n\u00e9cessaire au moment de la conclusion du contrat par le client.<\/p>\n<p><strong>Nous offrons des produits payables &#8220;sans int\u00e9r\u00eats&#8221; ou &#8220;acheter maintenant, payer dans 6 mois&#8221;.\u00a0La transaction est-elle couverte par la Loi sur le cr\u00e9dit \u00e0 la consommation?<br \/>\n<\/strong>Non, les transactions pay\u00e9es sans int\u00e9r\u00eats ne sont pas couvertes par cette loi.<\/p>\n<p><strong>Nos clients font des achats chez nous via un &#8220;compte client&#8221;, ils paient des traites pour rembourser leurs achats. Parfois, le solde de leurs achats sur le\u00a0compte est sup\u00e9rieur \u00e0 500 CHF. Dans l&#8217;hypoth\u00e8se o\u00f9 le client paie 50.- CHF par mois pour rembourser :\u00a0La transaction est-elle couverte par la Loi sur le cr\u00e9dit \u00e0 la consommation?<br \/>\n<\/strong>Oui, mais pour ces cas il existe une \u00abfacilitation\u00bb pour l&#8217;examen sommaire. Pour le compte courant continu sans modalit\u00e9s de remboursement (la dette du client peut \u00eatre rembours\u00e9e \u00e0 tout moment et n&#8217;est pas li\u00e9 \u00e0 taux &#8220;x&#8221;) la proc\u00e9dure d&#8217;enqu\u00eate sommaire peut \u00eatre effectu\u00e9e en vertu de l&#8217;article 30 de la loi sur le cr\u00e9dit \u00e0 la consommation. Le client doit confirmer par \u00e9crit avoir un certain revenu annuel.<\/p>\n<p><strong>Qu&#8217;est-ce qui se passe si nous ne respectons pas la loi sur le cr\u00e9dit \u00e0 la consommation?<\/strong><\/p>\n<ul>\n<li>Si vous ignorez la loi sur la publicit\u00e9 agressive, vous risquez une amende maximum de 100\u2018000 CHF.<\/li>\n<li>Si vous vous mettez d&#8217;accord sur des cr\u00e9dits\/paiements par tranche sans tenir compte de la loi sur le cr\u00e9dit \u00e0 la consommation (v\u00e9rification du cr\u00e9dit, annonce du cr\u00e9dit), vous perdez le droit d&#8217;exiger des int\u00e9r\u00eats. Le contrat de vente se transforme en contrat sans int\u00e9r\u00eats.<\/li>\n<\/ul>\n","protected":false},"excerpt":{"rendered":"<p>Le 1er Janvier 2016, la<\/p>\n","protected":false},"author":1499,"featured_media":0,"parent":6577,"menu_order":0,"comment_status":"closed","ping_status":"closed","template":"","meta":{"_acf_changed":false,"footnotes":""},"class_list":["post-6580","page","type-page","status-publish","hentry"],"acf":[],"yoast_head":"<!-- This site is optimized with the Yoast SEO plugin v27.5 - https:\/\/yoast.com\/product\/yoast-seo-wordpress\/ -->\n<title>Loi f\u00e9d\u00e9rale sur le cr\u00e9dit \u00e0 la consommation - HANDELSVERBAND. swiss<\/title>\n<meta name=\"robots\" content=\"index, follow, max-snippet:-1, max-image-preview:large, max-video-preview:-1\" \/>\n<meta property=\"og:locale\" content=\"fr_FR\" \/>\n<meta property=\"og:type\" content=\"article\" \/>\n<meta property=\"og:title\" content=\"Loi f\u00e9d\u00e9rale sur le cr\u00e9dit \u00e0 la consommation - HANDELSVERBAND. swiss\" \/>\n<meta property=\"og:description\" content=\"Le 1er Janvier 2016, la\" \/>\n<meta property=\"og:url\" content=\"https:\/\/handelsverband.swiss\/fr\/politics\/loi-federale-sur-le-credit-a-la-consommation\/\" \/>\n<meta property=\"og:site_name\" content=\"HANDELSVERBAND. swiss\" \/>\n<meta property=\"article:modified_time\" content=\"2023-08-23T13:01:24+00:00\" \/>\n<meta name=\"twitter:card\" content=\"summary_large_image\" \/>\n<meta name=\"twitter:label1\" content=\"Est. reading time\" \/>\n\t<meta name=\"twitter:data1\" content=\"4 minutes\" \/>\n<script type=\"application\/ld+json\" class=\"yoast-schema-graph\">{\"@context\":\"https:\\\/\\\/schema.org\",\"@graph\":[{\"@type\":\"WebPage\",\"@id\":\"https:\\\/\\\/handelsverband.swiss\\\/fr\\\/politics\\\/loi-federale-sur-le-credit-a-la-consommation\\\/\",\"url\":\"https:\\\/\\\/handelsverband.swiss\\\/fr\\\/politics\\\/loi-federale-sur-le-credit-a-la-consommation\\\/\",\"name\":\"Loi f\u00e9d\u00e9rale sur le cr\u00e9dit \u00e0 la consommation - HANDELSVERBAND. swiss\",\"isPartOf\":{\"@id\":\"https:\\\/\\\/handelsverband.swiss\\\/#website\"},\"datePublished\":\"2018-02-06T11:00:09+00:00\",\"dateModified\":\"2023-08-23T13:01:24+00:00\",\"breadcrumb\":{\"@id\":\"https:\\\/\\\/handelsverband.swiss\\\/fr\\\/politics\\\/loi-federale-sur-le-credit-a-la-consommation\\\/#breadcrumb\"},\"inLanguage\":\"fr-FR\",\"potentialAction\":[{\"@type\":\"ReadAction\",\"target\":[\"https:\\\/\\\/handelsverband.swiss\\\/fr\\\/politics\\\/loi-federale-sur-le-credit-a-la-consommation\\\/\"]}]},{\"@type\":\"BreadcrumbList\",\"@id\":\"https:\\\/\\\/handelsverband.swiss\\\/fr\\\/politics\\\/loi-federale-sur-le-credit-a-la-consommation\\\/#breadcrumb\",\"itemListElement\":[{\"@type\":\"ListItem\",\"position\":1,\"name\":\"Startseite\",\"item\":\"https:\\\/\\\/handelsverband.swiss\\\/fr\\\/\"},{\"@type\":\"ListItem\",\"position\":2,\"name\":\"Politics\",\"item\":\"https:\\\/\\\/handelsverband.swiss\\\/fr\\\/politics\\\/\"},{\"@type\":\"ListItem\",\"position\":3,\"name\":\"Loi f\u00e9d\u00e9rale sur le cr\u00e9dit \u00e0 la consommation\"}]},{\"@type\":\"WebSite\",\"@id\":\"https:\\\/\\\/handelsverband.swiss\\\/#website\",\"url\":\"https:\\\/\\\/handelsverband.swiss\\\/\",\"name\":\"HANDELSVERBAND.swiss\",\"description\":\"ASSOCIATION DE COMMERCE.swiss\",\"publisher\":{\"@id\":\"https:\\\/\\\/handelsverband.swiss\\\/#organization\"},\"potentialAction\":[{\"@type\":\"SearchAction\",\"target\":{\"@type\":\"EntryPoint\",\"urlTemplate\":\"https:\\\/\\\/handelsverband.swiss\\\/?s={search_term_string}\"},\"query-input\":{\"@type\":\"PropertyValueSpecification\",\"valueRequired\":true,\"valueName\":\"search_term_string\"}}],\"inLanguage\":\"fr-FR\"},{\"@type\":\"Organization\",\"@id\":\"https:\\\/\\\/handelsverband.swiss\\\/#organization\",\"name\":\"HANDELSVERBAND.swiss\",\"url\":\"https:\\\/\\\/handelsverband.swiss\\\/\",\"logo\":{\"@type\":\"ImageObject\",\"inLanguage\":\"fr-FR\",\"@id\":\"https:\\\/\\\/handelsverband.swiss\\\/#\\\/schema\\\/logo\\\/image\\\/\",\"url\":\"https:\\\/\\\/handelsverband.swiss\\\/wp-content\\\/uploads\\\/2020\\\/03\\\/hv_brand_rgb.png\",\"contentUrl\":\"https:\\\/\\\/handelsverband.swiss\\\/wp-content\\\/uploads\\\/2020\\\/03\\\/hv_brand_rgb.png\",\"width\":1714,\"height\":472,\"caption\":\"HANDELSVERBAND.swiss\"},\"image\":{\"@id\":\"https:\\\/\\\/handelsverband.swiss\\\/#\\\/schema\\\/logo\\\/image\\\/\"}}]}<\/script>\n<!-- \/ Yoast SEO plugin. -->","yoast_head_json":{"title":"Loi f\u00e9d\u00e9rale sur le cr\u00e9dit \u00e0 la consommation - HANDELSVERBAND. swiss","robots":{"index":"index","follow":"follow","max-snippet":"max-snippet:-1","max-image-preview":"max-image-preview:large","max-video-preview":"max-video-preview:-1"},"og_locale":"fr_FR","og_type":"article","og_title":"Loi f\u00e9d\u00e9rale sur le cr\u00e9dit \u00e0 la consommation - HANDELSVERBAND. swiss","og_description":"Le 1er Janvier 2016, la","og_url":"https:\/\/handelsverband.swiss\/fr\/politics\/loi-federale-sur-le-credit-a-la-consommation\/","og_site_name":"HANDELSVERBAND. swiss","article_modified_time":"2023-08-23T13:01:24+00:00","twitter_card":"summary_large_image","twitter_misc":{"Est. reading time":"4 minutes"},"schema":{"@context":"https:\/\/schema.org","@graph":[{"@type":"WebPage","@id":"https:\/\/handelsverband.swiss\/fr\/politics\/loi-federale-sur-le-credit-a-la-consommation\/","url":"https:\/\/handelsverband.swiss\/fr\/politics\/loi-federale-sur-le-credit-a-la-consommation\/","name":"Loi f\u00e9d\u00e9rale sur le cr\u00e9dit \u00e0 la consommation - HANDELSVERBAND. swiss","isPartOf":{"@id":"https:\/\/handelsverband.swiss\/#website"},"datePublished":"2018-02-06T11:00:09+00:00","dateModified":"2023-08-23T13:01:24+00:00","breadcrumb":{"@id":"https:\/\/handelsverband.swiss\/fr\/politics\/loi-federale-sur-le-credit-a-la-consommation\/#breadcrumb"},"inLanguage":"fr-FR","potentialAction":[{"@type":"ReadAction","target":["https:\/\/handelsverband.swiss\/fr\/politics\/loi-federale-sur-le-credit-a-la-consommation\/"]}]},{"@type":"BreadcrumbList","@id":"https:\/\/handelsverband.swiss\/fr\/politics\/loi-federale-sur-le-credit-a-la-consommation\/#breadcrumb","itemListElement":[{"@type":"ListItem","position":1,"name":"Startseite","item":"https:\/\/handelsverband.swiss\/fr\/"},{"@type":"ListItem","position":2,"name":"Politics","item":"https:\/\/handelsverband.swiss\/fr\/politics\/"},{"@type":"ListItem","position":3,"name":"Loi f\u00e9d\u00e9rale sur le cr\u00e9dit \u00e0 la consommation"}]},{"@type":"WebSite","@id":"https:\/\/handelsverband.swiss\/#website","url":"https:\/\/handelsverband.swiss\/","name":"HANDELSVERBAND.swiss","description":"ASSOCIATION DE COMMERCE.swiss","publisher":{"@id":"https:\/\/handelsverband.swiss\/#organization"},"potentialAction":[{"@type":"SearchAction","target":{"@type":"EntryPoint","urlTemplate":"https:\/\/handelsverband.swiss\/?s={search_term_string}"},"query-input":{"@type":"PropertyValueSpecification","valueRequired":true,"valueName":"search_term_string"}}],"inLanguage":"fr-FR"},{"@type":"Organization","@id":"https:\/\/handelsverband.swiss\/#organization","name":"HANDELSVERBAND.swiss","url":"https:\/\/handelsverband.swiss\/","logo":{"@type":"ImageObject","inLanguage":"fr-FR","@id":"https:\/\/handelsverband.swiss\/#\/schema\/logo\/image\/","url":"https:\/\/handelsverband.swiss\/wp-content\/uploads\/2020\/03\/hv_brand_rgb.png","contentUrl":"https:\/\/handelsverband.swiss\/wp-content\/uploads\/2020\/03\/hv_brand_rgb.png","width":1714,"height":472,"caption":"HANDELSVERBAND.swiss"},"image":{"@id":"https:\/\/handelsverband.swiss\/#\/schema\/logo\/image\/"}}]}},"_links":{"self":[{"href":"https:\/\/handelsverband.swiss\/fr\/wp-json\/wp\/v2\/pages\/6580","targetHints":{"allow":["GET"]}}],"collection":[{"href":"https:\/\/handelsverband.swiss\/fr\/wp-json\/wp\/v2\/pages"}],"about":[{"href":"https:\/\/handelsverband.swiss\/fr\/wp-json\/wp\/v2\/types\/page"}],"author":[{"embeddable":true,"href":"https:\/\/handelsverband.swiss\/fr\/wp-json\/wp\/v2\/users\/1499"}],"replies":[{"embeddable":true,"href":"https:\/\/handelsverband.swiss\/fr\/wp-json\/wp\/v2\/comments?post=6580"}],"version-history":[{"count":3,"href":"https:\/\/handelsverband.swiss\/fr\/wp-json\/wp\/v2\/pages\/6580\/revisions"}],"predecessor-version":[{"id":40832,"href":"https:\/\/handelsverband.swiss\/fr\/wp-json\/wp\/v2\/pages\/6580\/revisions\/40832"}],"up":[{"embeddable":true,"href":"https:\/\/handelsverband.swiss\/fr\/wp-json\/wp\/v2\/pages\/6577"}],"wp:attachment":[{"href":"https:\/\/handelsverband.swiss\/fr\/wp-json\/wp\/v2\/media?parent=6580"}],"curies":[{"name":"wp","href":"https:\/\/api.w.org\/{rel}","templated":true}]}}

Loi fédérale sur le crédit à la consommation

<p><strong>Le 1er Janvier 2016, la nouvelle Loi sur le crédit à la consommation est entrée en vigueur. </strong></p>
<p>Le site de la <a href="https://www.admin.ch/opc/fr/classified-compilation/20010555/index.html" target="_blank" rel="noopener">Confédération</a> renseigne sur l&#8217;état actuel de la loi. Les principaux changements sont les suivants:</p>
<p>&#8211; Les &#8220;crédit express&#8221;  &#8211; 4 versements en 12 mois ne sont plus autorisé<br />
&#8211; Droit de rétractation de 14 jours suite à un achat payé par tranches<br />
&#8211; La publicité agressive pour pertes sur créances est interdite et est passible d&#8217;amendes pouvant aller jusqu&#8217;à CHF 100 000</p>
<p><strong>Plusieurs questions en liens avec le commerce en ligne reviennent souvent, la FAQ ci-dessous devrait vous fournir des réponses:</strong></p>
<p><strong>Est-ce qu&#8217;un achat de plus de 500.- CHF est automatiquement lié à la Loi fédérale sur le crédit à la consommation ?<br />
</strong>Non, à condition qu&#8217;aucun paiement par tranche ou des intérêts sur le prix d&#8217;achat ne soit décidé lors de l&#8217;achat. Dans ce cas le contrat n&#8217;est pas couvert par la loi. Il n&#8217;y a pas de limites en ce qui concerne le montant de l&#8217;achat.</p>
<p><strong>Nous vendons un produit 350 CHF contre promesse de paiement de 7 tranches de CHF 50. La transaction est-elle couverte par la Loi sur le crédit à la consommation?<br />
</strong>Non, pour des transactions en dessous de 500.- CHF elle n&#8217;est pas valable.</p>
<p><strong>Nous vendons un produit pour 480 CHF en 12 mensualités de 40 CHF, plus les intérêts. Le montant total dû incl. les intérêts est de 530 CHF. La transaction est-elle couverte par la Loi sur le crédit à la consommation?<br />
</strong>Oui, la loi s&#8217;applique. Une vérification de crédit en profondeur est nécessaire.</p>
<p><strong>Nous vendons un produit pour 480 CHF contre 3 versements mensuels (à verser en 3 mois) de 160 CHF, plus les intérêts. Le montant total dû incl. les intérêts est de 510 CHF. La transaction est-elle couverte par la Loi sur le crédit à la consommation?<br />
</strong>Non, la loi ne s&#8217;applique pas étant donné que le crédit est réglé en 3 mois.</p>
<p><strong>Le client achète un produit contre facture, il ne souhaite pas d&#8217;étalement du paiement. Toutefois, le client ne paie pas la facture dans les 30 jours et souhaite désormais payer le montant en 6 versements mensuels. La transaction est-elle couverte par la Loi sur le crédit à la consommation?<br />
</strong>Non, cela implique un accord d&#8217;extension car aucun versement n&#8217;était nécessaire au moment de la conclusion du contrat par le client.</p>
<p><strong>Nous offrons des produits payables &#8220;sans intérêts&#8221; ou &#8220;acheter maintenant, payer dans 6 mois&#8221;. La transaction est-elle couverte par la Loi sur le crédit à la consommation?<br />
</strong>Non, les transactions payées sans intérêts ne sont pas couvertes par cette loi.</p>
<p><strong>Nos clients font des achats chez nous via un &#8220;compte client&#8221;, ils paient des traites pour rembourser leurs achats. Parfois, le solde de leurs achats sur le compte est supérieur à 500 CHF. Dans l&#8217;hypothèse où le client paie 50.- CHF par mois pour rembourser : La transaction est-elle couverte par la Loi sur le crédit à la consommation?<br />
</strong>Oui, mais pour ces cas il existe une «facilitation» pour l&#8217;examen sommaire. Pour le compte courant continu sans modalités de remboursement (la dette du client peut être remboursée à tout moment et n&#8217;est pas lié à taux &#8220;x&#8221;) la procédure d&#8217;enquête sommaire peut être effectuée en vertu de l&#8217;article 30 de la loi sur le crédit à la consommation. Le client doit confirmer par écrit avoir un certain revenu annuel.</p>
<p><strong>Qu&#8217;est-ce qui se passe si nous ne respectons pas la loi sur le crédit à la consommation?</strong></p>
<ul>
<li>Si vous ignorez la loi sur la publicité agressive, vous risquez une amende maximum de 100‘000 CHF.</li>
<li>Si vous vous mettez d&#8217;accord sur des crédits/paiements par tranche sans tenir compte de la loi sur le crédit à la consommation (vérification du crédit, annonce du crédit), vous perdez le droit d&#8217;exiger des intérêts. Le contrat de vente se transforme en contrat sans intérêts.</li>
</ul>

<!-- This site is optimized with the Yoast SEO plugin v27.5 - https://yoast.com/product/yoast-seo-wordpress/ -->
<title>Loi fédérale sur le crédit à la consommation - HANDELSVERBAND. swiss</title>
<meta name="robots" content="index, follow, max-snippet:-1, max-image-preview:large, max-video-preview:-1" />
<meta property="og:locale" content="fr_FR" />
<meta property="og:type" content="article" />
<meta property="og:title" content="Loi fédérale sur le crédit à la consommation - HANDELSVERBAND. swiss" />
<meta property="og:description" content="Le 1er Janvier 2016, la" />
<meta property="og:url" content="https://handelsverband.swiss/fr/politics/loi-federale-sur-le-credit-a-la-consommation/" />
<meta property="og:site_name" content="HANDELSVERBAND. swiss" />
<meta property="article:modified_time" content="2023-08-23T13:01:24+00:00" />
<meta name="twitter:card" content="summary_large_image" />
<meta name="twitter:label1" content="Est. reading time" />
	<meta name="twitter:data1" content="4 minutes" />
<script type="application/ld+json" class="yoast-schema-graph">{"@context":"https:\/\/schema.org","@graph":[{"@type":"WebPage","@id":"https:\/\/handelsverband.swiss\/fr\/politics\/loi-federale-sur-le-credit-a-la-consommation\/","url":"https:\/\/handelsverband.swiss\/fr\/politics\/loi-federale-sur-le-credit-a-la-consommation\/","name":"Loi fédérale sur le crédit à la consommation - HANDELSVERBAND. swiss","isPartOf":{"@id":"https:\/\/handelsverband.swiss\/#website"},"datePublished":"2018-02-06T11:00:09+00:00","dateModified":"2023-08-23T13:01:24+00:00","breadcrumb":{"@id":"https:\/\/handelsverband.swiss\/fr\/politics\/loi-federale-sur-le-credit-a-la-consommation\/#breadcrumb"},"inLanguage":"fr-FR","potentialAction":[{"@type":"ReadAction","target":["https:\/\/handelsverband.swiss\/fr\/politics\/loi-federale-sur-le-credit-a-la-consommation\/"]}]},{"@type":"BreadcrumbList","@id":"https:\/\/handelsverband.swiss\/fr\/politics\/loi-federale-sur-le-credit-a-la-consommation\/#breadcrumb","itemListElement":[{"@type":"ListItem","position":1,"name":"Startseite","item":"https:\/\/handelsverband.swiss\/fr\/"},{"@type":"ListItem","position":2,"name":"Politics","item":"https:\/\/handelsverband.swiss\/fr\/politics\/"},{"@type":"ListItem","position":3,"name":"Loi fédérale sur le crédit à la consommation"}]},{"@type":"WebSite","@id":"https:\/\/handelsverband.swiss\/#website","url":"https:\/\/handelsverband.swiss\/","name":"HANDELSVERBAND.swiss","description":"ASSOCIATION DE COMMERCE.swiss","publisher":{"@id":"https:\/\/handelsverband.swiss\/#organization"},"potentialAction":[{"@type":"SearchAction","target":{"@type":"EntryPoint","urlTemplate":"https:\/\/handelsverband.swiss\/?s={search_term_string}"},"query-input":{"@type":"PropertyValueSpecification","valueRequired":true,"valueName":"search_term_string"}}],"inLanguage":"fr-FR"},{"@type":"Organization","@id":"https:\/\/handelsverband.swiss\/#organization","name":"HANDELSVERBAND.swiss","url":"https:\/\/handelsverband.swiss\/","logo":{"@type":"ImageObject","inLanguage":"fr-FR","@id":"https:\/\/handelsverband.swiss\/#\/schema\/logo\/image\/","url":"https:\/\/handelsverband.swiss\/wp-content\/uploads\/2020\/03\/hv_brand_rgb.png","contentUrl":"https:\/\/handelsverband.swiss\/wp-content\/uploads\/2020\/03\/hv_brand_rgb.png","width":1714,"height":472,"caption":"HANDELSVERBAND.swiss"},"image":{"@id":"https:\/\/handelsverband.swiss\/#\/schema\/logo\/image\/"}}]}</script>
<!-- / Yoast SEO plugin. -->

Loi fédérale sur le crédit à la consommation - HANDELSVERBAND. swiss
