{"id":6586,"date":"2018-02-06T12:03:09","date_gmt":"2018-02-06T11:03:09","guid":{"rendered":"https:\/\/www.vsv-versandhandel.ch\/?page_id=6586"},"modified":"2023-08-21T15:13:29","modified_gmt":"2023-08-21T13:13:29","slug":"la-tva","status":"publish","type":"page","link":"https:\/\/handelsverband.swiss\/fr\/politics\/la-tva\/","title":{"rendered":"La TVA"},"content":{"rendered":"<p><strong>Suite \u00e0 la votation du 25 septembre 2022, le taux normal de TVA sera relev\u00e9 \u00e0 8,1 %, le taux sp\u00e9cial pour l\u2019h\u00e9bergement passera \u00e0 3,8 % et le taux r\u00e9duit sera d\u00e9sormais de 2,6 %. <\/strong><strong>\u00a0<\/strong><\/p>\n<p><strong>A partir du 1er janvier 2024, les taux de TVA suivants sont en vigueur :<\/strong><\/p>\n<ul>\n<li><strong>Taux normal : 8,1 %<br \/>\n<\/strong><\/li>\n<li><strong>Taux r\u00e9duit : 2,6 %<br \/>\n<\/strong><\/li>\n<li><strong>Taux sp\u00e9cial pour l&#8217;h\u00e9bergement : 3,8 %<\/strong><\/li>\n<\/ul>\n<p>Vous trouverez de plus amples informations li\u00e9es au rel\u00e8vement des taux dans l&#8217;Info TVA 19 \u00ab\u00a0<a href=\"https:\/\/www.gate.estv.admin.ch\/mwst-webpublikationen\/public\/pages\/taxInfos\/tableOfContent.xhtml?publicationId=1003601&amp;lang=fr\">Rel\u00e8vement des taux d&#8217;imp\u00f4t au 1er janvier 2024<\/a><\/p>\n","protected":false},"excerpt":{"rendered":"<p>Suite \u00e0 la votation du<\/p>\n","protected":false},"author":1499,"featured_media":0,"parent":6577,"menu_order":0,"comment_status":"closed","ping_status":"closed","template":"","meta":{"_acf_changed":false,"footnotes":""},"class_list":["post-6586","page","type-page","status-publish","hentry"],"acf":[],"yoast_head":"<!-- This site is optimized with the Yoast SEO plugin v27.5 - https:\/\/yoast.com\/product\/yoast-seo-wordpress\/ -->\n<title>La TVA - HANDELSVERBAND. swiss<\/title>\n<meta name=\"robots\" content=\"index, follow, max-snippet:-1, max-image-preview:large, max-video-preview:-1\" \/>\n<meta property=\"og:locale\" content=\"fr_FR\" \/>\n<meta property=\"og:type\" content=\"article\" \/>\n<meta property=\"og:title\" content=\"La TVA - HANDELSVERBAND. swiss\" \/>\n<meta property=\"og:description\" content=\"Suite \u00e0 la votation du\" \/>\n<meta property=\"og:url\" content=\"https:\/\/handelsverband.swiss\/fr\/politics\/la-tva\/\" \/>\n<meta property=\"og:site_name\" content=\"HANDELSVERBAND. swiss\" \/>\n<meta property=\"article:modified_time\" content=\"2023-08-21T13:13:29+00:00\" \/>\n<meta name=\"twitter:card\" content=\"summary_large_image\" \/>\n<meta name=\"twitter:label1\" content=\"Est. reading time\" \/>\n\t<meta name=\"twitter:data1\" content=\"1 minute\" \/>\n<script type=\"application\/ld+json\" class=\"yoast-schema-graph\">{\"@context\":\"https:\\\/\\\/schema.org\",\"@graph\":[{\"@type\":\"WebPage\",\"@id\":\"https:\\\/\\\/handelsverband.swiss\\\/fr\\\/politics\\\/la-tva\\\/\",\"url\":\"https:\\\/\\\/handelsverband.swiss\\\/fr\\\/politics\\\/la-tva\\\/\",\"name\":\"La TVA - HANDELSVERBAND. swiss\",\"isPartOf\":{\"@id\":\"https:\\\/\\\/handelsverband.swiss\\\/#website\"},\"datePublished\":\"2018-02-06T11:03:09+00:00\",\"dateModified\":\"2023-08-21T13:13:29+00:00\",\"breadcrumb\":{\"@id\":\"https:\\\/\\\/handelsverband.swiss\\\/fr\\\/politics\\\/la-tva\\\/#breadcrumb\"},\"inLanguage\":\"fr-FR\",\"potentialAction\":[{\"@type\":\"ReadAction\",\"target\":[\"https:\\\/\\\/handelsverband.swiss\\\/fr\\\/politics\\\/la-tva\\\/\"]}]},{\"@type\":\"BreadcrumbList\",\"@id\":\"https:\\\/\\\/handelsverband.swiss\\\/fr\\\/politics\\\/la-tva\\\/#breadcrumb\",\"itemListElement\":[{\"@type\":\"ListItem\",\"position\":1,\"name\":\"Startseite\",\"item\":\"https:\\\/\\\/handelsverband.swiss\\\/fr\\\/\"},{\"@type\":\"ListItem\",\"position\":2,\"name\":\"Politics\",\"item\":\"https:\\\/\\\/handelsverband.swiss\\\/fr\\\/politics\\\/\"},{\"@type\":\"ListItem\",\"position\":3,\"name\":\"La TVA\"}]},{\"@type\":\"WebSite\",\"@id\":\"https:\\\/\\\/handelsverband.swiss\\\/#website\",\"url\":\"https:\\\/\\\/handelsverband.swiss\\\/\",\"name\":\"HANDELSVERBAND.swiss\",\"description\":\"ASSOCIATION DE COMMERCE.swiss\",\"publisher\":{\"@id\":\"https:\\\/\\\/handelsverband.swiss\\\/#organization\"},\"potentialAction\":[{\"@type\":\"SearchAction\",\"target\":{\"@type\":\"EntryPoint\",\"urlTemplate\":\"https:\\\/\\\/handelsverband.swiss\\\/?s={search_term_string}\"},\"query-input\":{\"@type\":\"PropertyValueSpecification\",\"valueRequired\":true,\"valueName\":\"search_term_string\"}}],\"inLanguage\":\"fr-FR\"},{\"@type\":\"Organization\",\"@id\":\"https:\\\/\\\/handelsverband.swiss\\\/#organization\",\"name\":\"HANDELSVERBAND.swiss\",\"url\":\"https:\\\/\\\/handelsverband.swiss\\\/\",\"logo\":{\"@type\":\"ImageObject\",\"inLanguage\":\"fr-FR\",\"@id\":\"https:\\\/\\\/handelsverband.swiss\\\/#\\\/schema\\\/logo\\\/image\\\/\",\"url\":\"https:\\\/\\\/handelsverband.swiss\\\/wp-content\\\/uploads\\\/2020\\\/03\\\/hv_brand_rgb.png\",\"contentUrl\":\"https:\\\/\\\/handelsverband.swiss\\\/wp-content\\\/uploads\\\/2020\\\/03\\\/hv_brand_rgb.png\",\"width\":1714,\"height\":472,\"caption\":\"HANDELSVERBAND.swiss\"},\"image\":{\"@id\":\"https:\\\/\\\/handelsverband.swiss\\\/#\\\/schema\\\/logo\\\/image\\\/\"}}]}<\/script>\n<!-- \/ Yoast SEO plugin. -->","yoast_head_json":{"title":"La TVA - HANDELSVERBAND. swiss","robots":{"index":"index","follow":"follow","max-snippet":"max-snippet:-1","max-image-preview":"max-image-preview:large","max-video-preview":"max-video-preview:-1"},"og_locale":"fr_FR","og_type":"article","og_title":"La TVA - HANDELSVERBAND. swiss","og_description":"Suite \u00e0 la votation du","og_url":"https:\/\/handelsverband.swiss\/fr\/politics\/la-tva\/","og_site_name":"HANDELSVERBAND. swiss","article_modified_time":"2023-08-21T13:13:29+00:00","twitter_card":"summary_large_image","twitter_misc":{"Est. reading time":"1 minute"},"schema":{"@context":"https:\/\/schema.org","@graph":[{"@type":"WebPage","@id":"https:\/\/handelsverband.swiss\/fr\/politics\/la-tva\/","url":"https:\/\/handelsverband.swiss\/fr\/politics\/la-tva\/","name":"La TVA - HANDELSVERBAND. swiss","isPartOf":{"@id":"https:\/\/handelsverband.swiss\/#website"},"datePublished":"2018-02-06T11:03:09+00:00","dateModified":"2023-08-21T13:13:29+00:00","breadcrumb":{"@id":"https:\/\/handelsverband.swiss\/fr\/politics\/la-tva\/#breadcrumb"},"inLanguage":"fr-FR","potentialAction":[{"@type":"ReadAction","target":["https:\/\/handelsverband.swiss\/fr\/politics\/la-tva\/"]}]},{"@type":"BreadcrumbList","@id":"https:\/\/handelsverband.swiss\/fr\/politics\/la-tva\/#breadcrumb","itemListElement":[{"@type":"ListItem","position":1,"name":"Startseite","item":"https:\/\/handelsverband.swiss\/fr\/"},{"@type":"ListItem","position":2,"name":"Politics","item":"https:\/\/handelsverband.swiss\/fr\/politics\/"},{"@type":"ListItem","position":3,"name":"La TVA"}]},{"@type":"WebSite","@id":"https:\/\/handelsverband.swiss\/#website","url":"https:\/\/handelsverband.swiss\/","name":"HANDELSVERBAND.swiss","description":"ASSOCIATION DE COMMERCE.swiss","publisher":{"@id":"https:\/\/handelsverband.swiss\/#organization"},"potentialAction":[{"@type":"SearchAction","target":{"@type":"EntryPoint","urlTemplate":"https:\/\/handelsverband.swiss\/?s={search_term_string}"},"query-input":{"@type":"PropertyValueSpecification","valueRequired":true,"valueName":"search_term_string"}}],"inLanguage":"fr-FR"},{"@type":"Organization","@id":"https:\/\/handelsverband.swiss\/#organization","name":"HANDELSVERBAND.swiss","url":"https:\/\/handelsverband.swiss\/","logo":{"@type":"ImageObject","inLanguage":"fr-FR","@id":"https:\/\/handelsverband.swiss\/#\/schema\/logo\/image\/","url":"https:\/\/handelsverband.swiss\/wp-content\/uploads\/2020\/03\/hv_brand_rgb.png","contentUrl":"https:\/\/handelsverband.swiss\/wp-content\/uploads\/2020\/03\/hv_brand_rgb.png","width":1714,"height":472,"caption":"HANDELSVERBAND.swiss"},"image":{"@id":"https:\/\/handelsverband.swiss\/#\/schema\/logo\/image\/"}}]}},"_links":{"self":[{"href":"https:\/\/handelsverband.swiss\/fr\/wp-json\/wp\/v2\/pages\/6586","targetHints":{"allow":["GET"]}}],"collection":[{"href":"https:\/\/handelsverband.swiss\/fr\/wp-json\/wp\/v2\/pages"}],"about":[{"href":"https:\/\/handelsverband.swiss\/fr\/wp-json\/wp\/v2\/types\/page"}],"author":[{"embeddable":true,"href":"https:\/\/handelsverband.swiss\/fr\/wp-json\/wp\/v2\/users\/1499"}],"replies":[{"embeddable":true,"href":"https:\/\/handelsverband.swiss\/fr\/wp-json\/wp\/v2\/comments?post=6586"}],"version-history":[{"count":6,"href":"https:\/\/handelsverband.swiss\/fr\/wp-json\/wp\/v2\/pages\/6586\/revisions"}],"predecessor-version":[{"id":40786,"href":"https:\/\/handelsverband.swiss\/fr\/wp-json\/wp\/v2\/pages\/6586\/revisions\/40786"}],"up":[{"embeddable":true,"href":"https:\/\/handelsverband.swiss\/fr\/wp-json\/wp\/v2\/pages\/6577"}],"wp:attachment":[{"href":"https:\/\/handelsverband.swiss\/fr\/wp-json\/wp\/v2\/media?parent=6586"}],"curies":[{"name":"wp","href":"https:\/\/api.w.org\/{rel}","templated":true}]}}

<p><strong>Suite à la votation du 25 septembre 2022, le taux normal de TVA sera relevé à 8,1 %, le taux spécial pour l’hébergement passera à 3,8 % et le taux réduit sera désormais de 2,6 %. </strong><strong> </strong></p>
<p><strong>A partir du 1er janvier 2024, les taux de TVA suivants sont en vigueur :</strong></p>
<ul>
<li><strong>Taux normal : 8,1 %<br />
</strong></li>
<li><strong>Taux réduit : 2,6 %<br />
</strong></li>
<li><strong>Taux spécial pour l&#8217;hébergement : 3,8 %</strong></li>
</ul>
<p>Vous trouverez de plus amples informations liées au relèvement des taux dans l&#8217;Info TVA 19 « <a href="https://www.gate.estv.admin.ch/mwst-webpublikationen/public/pages/taxInfos/tableOfContent.xhtml?publicationId=1003601&amp;lang=fr">Relèvement des taux d&#8217;impôt au 1er janvier 2024</a></p>

<p>Suite à la votation du</p>

<!-- This site is optimized with the Yoast SEO plugin v27.5 - https://yoast.com/product/yoast-seo-wordpress/ -->
<title>La TVA - HANDELSVERBAND. swiss</title>
<meta name="robots" content="index, follow, max-snippet:-1, max-image-preview:large, max-video-preview:-1" />
<meta property="og:locale" content="fr_FR" />
<meta property="og:type" content="article" />
<meta property="og:title" content="La TVA - HANDELSVERBAND. swiss" />
<meta property="og:description" content="Suite à la votation du" />
<meta property="og:url" content="https://handelsverband.swiss/fr/politics/la-tva/" />
<meta property="og:site_name" content="HANDELSVERBAND. swiss" />
<meta property="article:modified_time" content="2023-08-21T13:13:29+00:00" />
<meta name="twitter:card" content="summary_large_image" />
<meta name="twitter:label1" content="Est. reading time" />
	<meta name="twitter:data1" content="1 minute" />
<script type="application/ld+json" class="yoast-schema-graph">{"@context":"https:\/\/schema.org","@graph":[{"@type":"WebPage","@id":"https:\/\/handelsverband.swiss\/fr\/politics\/la-tva\/","url":"https:\/\/handelsverband.swiss\/fr\/politics\/la-tva\/","name":"La TVA - HANDELSVERBAND. swiss","isPartOf":{"@id":"https:\/\/handelsverband.swiss\/#website"},"datePublished":"2018-02-06T11:03:09+00:00","dateModified":"2023-08-21T13:13:29+00:00","breadcrumb":{"@id":"https:\/\/handelsverband.swiss\/fr\/politics\/la-tva\/#breadcrumb"},"inLanguage":"fr-FR","potentialAction":[{"@type":"ReadAction","target":["https:\/\/handelsverband.swiss\/fr\/politics\/la-tva\/"]}]},{"@type":"BreadcrumbList","@id":"https:\/\/handelsverband.swiss\/fr\/politics\/la-tva\/#breadcrumb","itemListElement":[{"@type":"ListItem","position":1,"name":"Startseite","item":"https:\/\/handelsverband.swiss\/fr\/"},{"@type":"ListItem","position":2,"name":"Politics","item":"https:\/\/handelsverband.swiss\/fr\/politics\/"},{"@type":"ListItem","position":3,"name":"La TVA"}]},{"@type":"WebSite","@id":"https:\/\/handelsverband.swiss\/#website","url":"https:\/\/handelsverband.swiss\/","name":"HANDELSVERBAND.swiss","description":"ASSOCIATION DE COMMERCE.swiss","publisher":{"@id":"https:\/\/handelsverband.swiss\/#organization"},"potentialAction":[{"@type":"SearchAction","target":{"@type":"EntryPoint","urlTemplate":"https:\/\/handelsverband.swiss\/?s={search_term_string}"},"query-input":{"@type":"PropertyValueSpecification","valueRequired":true,"valueName":"search_term_string"}}],"inLanguage":"fr-FR"},{"@type":"Organization","@id":"https:\/\/handelsverband.swiss\/#organization","name":"HANDELSVERBAND.swiss","url":"https:\/\/handelsverband.swiss\/","logo":{"@type":"ImageObject","inLanguage":"fr-FR","@id":"https:\/\/handelsverband.swiss\/#\/schema\/logo\/image\/","url":"https:\/\/handelsverband.swiss\/wp-content\/uploads\/2020\/03\/hv_brand_rgb.png","contentUrl":"https:\/\/handelsverband.swiss\/wp-content\/uploads\/2020\/03\/hv_brand_rgb.png","width":1714,"height":472,"caption":"HANDELSVERBAND.swiss"},"image":{"@id":"https:\/\/handelsverband.swiss\/#\/schema\/logo\/image\/"}}]}</script>
<!-- / Yoast SEO plugin. -->

Suite à la votation du
