{"id":6589,"date":"2018-02-06T12:04:48","date_gmt":"2018-02-06T11:04:48","guid":{"rendered":"https:\/\/www.vsv-versandhandel.ch\/?page_id=6589"},"modified":"2023-08-22T08:04:50","modified_gmt":"2023-08-22T06:04:50","slug":"la-douane","status":"publish","type":"page","link":"https:\/\/handelsverband.swiss\/fr\/politics\/la-douane\/","title":{"rendered":"Suppression des droits de douane sur les produits industriels"},"content":{"rendered":"<p><strong>La suppression des droits de douane sur les produits industriels (<a class=\"icon icon--after icon--external\" title=\"\" href=\"https:\/\/www.fedlex.admin.ch\/eli\/fga\/2021\/2330\/fr\" target=\"_blank\" rel=\"noopener\">FF 2021 2330<\/a>) entrera en vigueur le 1er janvier 2024. Cette d\u00e9cision a \u00e9t\u00e9 prise par le Conseil f\u00e9d\u00e9ral \u00e0 sa s\u00e9ance du 2 f\u00e9vrier 2022, \u00e0 la suite de l\u2019adoption par le Parlement de la modification de la loi sur le tarif des douanes le 1er octobre 2021.<\/strong><\/p>\n<p><strong>En r\u00e9sum\u00e9, les entreprises b\u00e9n\u00e9ficieront des all\u00e9gements suivants :\u00a0<\/strong><\/p>\n<ul>\n<li>Simplification du classement tarifaire<\/li>\n<li>R\u00e9duction du nombre de taxations pr\u00e9f\u00e9rentielles possibles<\/li>\n<li>R\u00e9duction des taxations provisoires<\/li>\n<li>Archivage simplifi\u00e9 des preuves d&#8217;origine<\/li>\n<li>Suppression des engagements d&#8217;emploi pour les all\u00e9gements douaniers selon l&#8217;emploi ainsi que pour les a\u00e9ronefs civils<\/li>\n<li>Risque r\u00e9duit lors du d\u00e9douanement, car aucun droit de douane n&#8217;est en jeu<\/li>\n<\/ul>\n<p><strong>Il faut noter qu&#8217;il n&#8217;y aura aucun changement dans les processus de d\u00e9douanement :<\/strong><\/p>\n<ul>\n<li>L&#8217;obligation de d\u00e9clarer et de pr\u00e9senter les documents (p. ex. facture, autorisation), y compris la d\u00e9claration correcte des num\u00e9ros de tarif des marchandises \u00e0 importer, est maintenue.<\/li>\n<li>La nomenclature du tarif des douanes est toujours d\u00e9terminante pour la statistique du commerce ext\u00e9rieur, les r\u00e8gles d&#8217;origine (exportation), la perception de taxes suppl\u00e9mentaires (p. ex. COV, taxe sur les huiles min\u00e9rales, taxe sur les automobiles, TVA, CITES) et l&#8217;ex\u00e9cution de nombreux actes l\u00e9gislatifs autres que douaniers (autorisations obligatoires, sant\u00e9 des plantes,&#8230;).<\/li>\n<\/ul>\n<p>Cependant: L&#8217;introduction du nouveau syst\u00e8me de circulation des marchandises \u00abPassar\u00bb dans le cadre du programme de transformation DaziT et de la nouvelle l\u00e9gislation douani\u00e8re entra\u00eenera des simplifications et des all\u00e9gements.<\/p>\n<p><strong>En ao\u00fbt 2023, une s\u00e9ance d&#8217;information en ligne organis\u00e9e par le Secr\u00e9tariat d&#8217;Etat \u00e0 l&#8217;\u00e9conomie (SECO) et l&#8217;Office f\u00e9d\u00e9ral des douanes et de la s\u00e9curit\u00e9 frontali\u00e8re (OFDG) \u00e0 l&#8217;occasion de la prochaine suppression des droits de douane sur les produits industriels a eu lieu. La pr\u00e9sentation de cette s\u00e9ance peut \u00eatre t\u00e9l\u00e9charg\u00e9e ici : <\/strong><a href=\"https:\/\/swiss.us3.list-manage.com\/track\/click?u=fcc730daa1974c9aea71f8396&amp;id=5b9d46608c&amp;e=ead47ddbba\"><strong>S\u00e9ance d&#8217;information sur la suppression des droits de douane industriels 17.08.2023 (PDF, 555 kB, 16.08.2023) <\/strong><\/a><\/p>\n<p><strong>En outre, vous trouverez \u00e9galement de nombreuses r\u00e9ponses concernant la suppression des droits de douane industriels sur le <a href=\"https:\/\/swiss.us3.list-manage.com\/track\/click?u=fcc730daa1974c9aea71f8396&amp;id=cc0c96fd67&amp;e=ead47ddbba\">site web du SECO<\/a>.<\/strong><\/p>\n","protected":false},"excerpt":{"rendered":"<p>La suppression des droits de<\/p>\n","protected":false},"author":1499,"featured_media":0,"parent":6577,"menu_order":0,"comment_status":"closed","ping_status":"closed","template":"","meta":{"_acf_changed":false,"footnotes":""},"class_list":["post-6589","page","type-page","status-publish","hentry"],"acf":[],"yoast_head":"<!-- This site is optimized with the Yoast SEO plugin v27.4 - https:\/\/yoast.com\/product\/yoast-seo-wordpress\/ -->\n<title>Suppression des droits de douane sur les produits industriels - HANDELSVERBAND. swiss<\/title>\n<meta name=\"robots\" content=\"index, follow, max-snippet:-1, max-image-preview:large, max-video-preview:-1\" \/>\n<meta property=\"og:locale\" content=\"fr_FR\" \/>\n<meta property=\"og:type\" content=\"article\" \/>\n<meta property=\"og:title\" content=\"Suppression des droits de douane sur les produits industriels - HANDELSVERBAND. swiss\" \/>\n<meta property=\"og:description\" content=\"La suppression des droits de\" \/>\n<meta property=\"og:url\" content=\"https:\/\/handelsverband.swiss\/fr\/politics\/la-douane\/\" \/>\n<meta property=\"og:site_name\" content=\"HANDELSVERBAND. swiss\" \/>\n<meta property=\"article:modified_time\" content=\"2023-08-22T06:04:50+00:00\" \/>\n<meta name=\"twitter:card\" content=\"summary_large_image\" \/>\n<meta name=\"twitter:label1\" content=\"Est. reading time\" \/>\n\t<meta name=\"twitter:data1\" content=\"2 minutes\" \/>\n<script type=\"application\/ld+json\" class=\"yoast-schema-graph\">{\"@context\":\"https:\\\/\\\/schema.org\",\"@graph\":[{\"@type\":\"WebPage\",\"@id\":\"https:\\\/\\\/handelsverband.swiss\\\/fr\\\/politics\\\/la-douane\\\/\",\"url\":\"https:\\\/\\\/handelsverband.swiss\\\/fr\\\/politics\\\/la-douane\\\/\",\"name\":\"Suppression des droits de douane sur les produits industriels - HANDELSVERBAND. swiss\",\"isPartOf\":{\"@id\":\"https:\\\/\\\/handelsverband.swiss\\\/#website\"},\"datePublished\":\"2018-02-06T11:04:48+00:00\",\"dateModified\":\"2023-08-22T06:04:50+00:00\",\"breadcrumb\":{\"@id\":\"https:\\\/\\\/handelsverband.swiss\\\/fr\\\/politics\\\/la-douane\\\/#breadcrumb\"},\"inLanguage\":\"fr-FR\",\"potentialAction\":[{\"@type\":\"ReadAction\",\"target\":[\"https:\\\/\\\/handelsverband.swiss\\\/fr\\\/politics\\\/la-douane\\\/\"]}]},{\"@type\":\"BreadcrumbList\",\"@id\":\"https:\\\/\\\/handelsverband.swiss\\\/fr\\\/politics\\\/la-douane\\\/#breadcrumb\",\"itemListElement\":[{\"@type\":\"ListItem\",\"position\":1,\"name\":\"Startseite\",\"item\":\"https:\\\/\\\/handelsverband.swiss\\\/fr\\\/\"},{\"@type\":\"ListItem\",\"position\":2,\"name\":\"Politics\",\"item\":\"https:\\\/\\\/handelsverband.swiss\\\/fr\\\/politics\\\/\"},{\"@type\":\"ListItem\",\"position\":3,\"name\":\"Suppression des droits de douane sur les produits industriels\"}]},{\"@type\":\"WebSite\",\"@id\":\"https:\\\/\\\/handelsverband.swiss\\\/#website\",\"url\":\"https:\\\/\\\/handelsverband.swiss\\\/\",\"name\":\"HANDELSVERBAND.swiss\",\"description\":\"ASSOCIATION DE COMMERCE.swiss\",\"publisher\":{\"@id\":\"https:\\\/\\\/handelsverband.swiss\\\/#organization\"},\"potentialAction\":[{\"@type\":\"SearchAction\",\"target\":{\"@type\":\"EntryPoint\",\"urlTemplate\":\"https:\\\/\\\/handelsverband.swiss\\\/?s={search_term_string}\"},\"query-input\":{\"@type\":\"PropertyValueSpecification\",\"valueRequired\":true,\"valueName\":\"search_term_string\"}}],\"inLanguage\":\"fr-FR\"},{\"@type\":\"Organization\",\"@id\":\"https:\\\/\\\/handelsverband.swiss\\\/#organization\",\"name\":\"HANDELSVERBAND.swiss\",\"url\":\"https:\\\/\\\/handelsverband.swiss\\\/\",\"logo\":{\"@type\":\"ImageObject\",\"inLanguage\":\"fr-FR\",\"@id\":\"https:\\\/\\\/handelsverband.swiss\\\/#\\\/schema\\\/logo\\\/image\\\/\",\"url\":\"https:\\\/\\\/handelsverband.swiss\\\/wp-content\\\/uploads\\\/2020\\\/03\\\/hv_brand_rgb.png\",\"contentUrl\":\"https:\\\/\\\/handelsverband.swiss\\\/wp-content\\\/uploads\\\/2020\\\/03\\\/hv_brand_rgb.png\",\"width\":1714,\"height\":472,\"caption\":\"HANDELSVERBAND.swiss\"},\"image\":{\"@id\":\"https:\\\/\\\/handelsverband.swiss\\\/#\\\/schema\\\/logo\\\/image\\\/\"}}]}<\/script>\n<!-- \/ Yoast SEO plugin. -->","yoast_head_json":{"title":"Suppression des droits de douane sur les produits industriels - HANDELSVERBAND. swiss","robots":{"index":"index","follow":"follow","max-snippet":"max-snippet:-1","max-image-preview":"max-image-preview:large","max-video-preview":"max-video-preview:-1"},"og_locale":"fr_FR","og_type":"article","og_title":"Suppression des droits de douane sur les produits industriels - HANDELSVERBAND. swiss","og_description":"La suppression des droits de","og_url":"https:\/\/handelsverband.swiss\/fr\/politics\/la-douane\/","og_site_name":"HANDELSVERBAND. swiss","article_modified_time":"2023-08-22T06:04:50+00:00","twitter_card":"summary_large_image","twitter_misc":{"Est. reading time":"2 minutes"},"schema":{"@context":"https:\/\/schema.org","@graph":[{"@type":"WebPage","@id":"https:\/\/handelsverband.swiss\/fr\/politics\/la-douane\/","url":"https:\/\/handelsverband.swiss\/fr\/politics\/la-douane\/","name":"Suppression des droits de douane sur les produits industriels - HANDELSVERBAND. swiss","isPartOf":{"@id":"https:\/\/handelsverband.swiss\/#website"},"datePublished":"2018-02-06T11:04:48+00:00","dateModified":"2023-08-22T06:04:50+00:00","breadcrumb":{"@id":"https:\/\/handelsverband.swiss\/fr\/politics\/la-douane\/#breadcrumb"},"inLanguage":"fr-FR","potentialAction":[{"@type":"ReadAction","target":["https:\/\/handelsverband.swiss\/fr\/politics\/la-douane\/"]}]},{"@type":"BreadcrumbList","@id":"https:\/\/handelsverband.swiss\/fr\/politics\/la-douane\/#breadcrumb","itemListElement":[{"@type":"ListItem","position":1,"name":"Startseite","item":"https:\/\/handelsverband.swiss\/fr\/"},{"@type":"ListItem","position":2,"name":"Politics","item":"https:\/\/handelsverband.swiss\/fr\/politics\/"},{"@type":"ListItem","position":3,"name":"Suppression des droits de douane sur les produits industriels"}]},{"@type":"WebSite","@id":"https:\/\/handelsverband.swiss\/#website","url":"https:\/\/handelsverband.swiss\/","name":"HANDELSVERBAND.swiss","description":"ASSOCIATION DE COMMERCE.swiss","publisher":{"@id":"https:\/\/handelsverband.swiss\/#organization"},"potentialAction":[{"@type":"SearchAction","target":{"@type":"EntryPoint","urlTemplate":"https:\/\/handelsverband.swiss\/?s={search_term_string}"},"query-input":{"@type":"PropertyValueSpecification","valueRequired":true,"valueName":"search_term_string"}}],"inLanguage":"fr-FR"},{"@type":"Organization","@id":"https:\/\/handelsverband.swiss\/#organization","name":"HANDELSVERBAND.swiss","url":"https:\/\/handelsverband.swiss\/","logo":{"@type":"ImageObject","inLanguage":"fr-FR","@id":"https:\/\/handelsverband.swiss\/#\/schema\/logo\/image\/","url":"https:\/\/handelsverband.swiss\/wp-content\/uploads\/2020\/03\/hv_brand_rgb.png","contentUrl":"https:\/\/handelsverband.swiss\/wp-content\/uploads\/2020\/03\/hv_brand_rgb.png","width":1714,"height":472,"caption":"HANDELSVERBAND.swiss"},"image":{"@id":"https:\/\/handelsverband.swiss\/#\/schema\/logo\/image\/"}}]}},"_links":{"self":[{"href":"https:\/\/handelsverband.swiss\/fr\/wp-json\/wp\/v2\/pages\/6589","targetHints":{"allow":["GET"]}}],"collection":[{"href":"https:\/\/handelsverband.swiss\/fr\/wp-json\/wp\/v2\/pages"}],"about":[{"href":"https:\/\/handelsverband.swiss\/fr\/wp-json\/wp\/v2\/types\/page"}],"author":[{"embeddable":true,"href":"https:\/\/handelsverband.swiss\/fr\/wp-json\/wp\/v2\/users\/1499"}],"replies":[{"embeddable":true,"href":"https:\/\/handelsverband.swiss\/fr\/wp-json\/wp\/v2\/comments?post=6589"}],"version-history":[{"count":5,"href":"https:\/\/handelsverband.swiss\/fr\/wp-json\/wp\/v2\/pages\/6589\/revisions"}],"predecessor-version":[{"id":40794,"href":"https:\/\/handelsverband.swiss\/fr\/wp-json\/wp\/v2\/pages\/6589\/revisions\/40794"}],"up":[{"embeddable":true,"href":"https:\/\/handelsverband.swiss\/fr\/wp-json\/wp\/v2\/pages\/6577"}],"wp:attachment":[{"href":"https:\/\/handelsverband.swiss\/fr\/wp-json\/wp\/v2\/media?parent=6589"}],"curies":[{"name":"wp","href":"https:\/\/api.w.org\/{rel}","templated":true}]}}

<p><strong>La suppression des droits de douane sur les produits industriels (<a class="icon icon--after icon--external" title="" href="https://www.fedlex.admin.ch/eli/fga/2021/2330/fr" target="_blank" rel="noopener">FF 2021 2330</a>) entrera en vigueur le 1er janvier 2024. Cette décision a été prise par le Conseil fédéral à sa séance du 2 février 2022, à la suite de l’adoption par le Parlement de la modification de la loi sur le tarif des douanes le 1er octobre 2021.</strong></p>
<p><strong>En résumé, les entreprises bénéficieront des allégements suivants : </strong></p>
<ul>
<li>Simplification du classement tarifaire</li>
<li>Réduction du nombre de taxations préférentielles possibles</li>
<li>Réduction des taxations provisoires</li>
<li>Archivage simplifié des preuves d&#8217;origine</li>
<li>Suppression des engagements d&#8217;emploi pour les allégements douaniers selon l&#8217;emploi ainsi que pour les aéronefs civils</li>
<li>Risque réduit lors du dédouanement, car aucun droit de douane n&#8217;est en jeu</li>
</ul>
<p><strong>Il faut noter qu&#8217;il n&#8217;y aura aucun changement dans les processus de dédouanement :</strong></p>
<ul>
<li>L&#8217;obligation de déclarer et de présenter les documents (p. ex. facture, autorisation), y compris la déclaration correcte des numéros de tarif des marchandises à importer, est maintenue.</li>
<li>La nomenclature du tarif des douanes est toujours déterminante pour la statistique du commerce extérieur, les règles d&#8217;origine (exportation), la perception de taxes supplémentaires (p. ex. COV, taxe sur les huiles minérales, taxe sur les automobiles, TVA, CITES) et l&#8217;exécution de nombreux actes législatifs autres que douaniers (autorisations obligatoires, santé des plantes,&#8230;).</li>
</ul>
<p>Cependant: L&#8217;introduction du nouveau système de circulation des marchandises «Passar» dans le cadre du programme de transformation DaziT et de la nouvelle législation douanière entraînera des simplifications et des allégements.</p>
<p><strong>En août 2023, une séance d&#8217;information en ligne organisée par le Secrétariat d&#8217;Etat à l&#8217;économie (SECO) et l&#8217;Office fédéral des douanes et de la sécurité frontalière (OFDG) à l&#8217;occasion de la prochaine suppression des droits de douane sur les produits industriels a eu lieu. La présentation de cette séance peut être téléchargée ici : </strong><a href="https://swiss.us3.list-manage.com/track/click?u=fcc730daa1974c9aea71f8396&amp;id=5b9d46608c&amp;e=ead47ddbba"><strong>Séance d&#8217;information sur la suppression des droits de douane industriels 17.08.2023 (PDF, 555 kB, 16.08.2023) </strong></a></p>
<p><strong>En outre, vous trouverez également de nombreuses réponses concernant la suppression des droits de douane industriels sur le <a href="https://swiss.us3.list-manage.com/track/click?u=fcc730daa1974c9aea71f8396&amp;id=cc0c96fd67&amp;e=ead47ddbba">site web du SECO</a>.</strong></p>
