{"id":7420,"date":"2018-04-13T13:19:08","date_gmt":"2018-04-13T11:19:08","guid":{"rendered":"https:\/\/www.vsv-versandhandel.ch\/?page_id=7420"},"modified":"2025-01-13T15:46:24","modified_gmt":"2025-01-13T14:46:24","slug":"caisse-de-compensation-avs-exfour","status":"publish","type":"page","link":"https:\/\/handelsverband.swiss\/fr\/caisse-de-compensation-avs-exfour\/","title":{"rendered":"PROMEA Caisse de compensation"},"content":{"rendered":"<p>Les membres de ASSOCIATION DE COMMERCE.swiss ont \u00e0 leur disposition leur propre caisse de compensation PROMEA, fortement ax\u00e9e sur la client\u00e8le, qui repr\u00e9sente aujourd&#8217;hui l&#8217;une des caisses les plus importantes et les plus durables de Suisse. Selon un sondage, la caisse est activement recommand\u00e9e par plus de 70 % de ses membres.<\/p>\n<p>Elle offre \u00e0 ses membres des frais administratifs particuli\u00e8rement bas et une palette de prestations tr\u00e8s attractive dans toute la Suisse (AVS\/AI\/APG, CAF et LPP). En tant que centre de comp\u00e9tences \u00e9prouv\u00e9, les assurances sociales PROMEA offrent un conseil complet et comp\u00e9tent dans les domaines des assurances sociales. D&#8217;autres avantages sont la proc\u00e9dure administrative simple et coordonn\u00e9e et un d\u00e9compte uniforme pour toutes les assurances sociales.<\/p>\n<p><a href=\"https:\/\/handelsverband.swiss\/wp-content\/uploads\/2025\/01\/7424OFN_PROMEA_Imagebroschuere_210x297_FR_LRn.pdf\" target=\"_blank\" rel=\"noopener\">Cliquez ici pour consulter la brochure.<\/a><\/p>\n<p>La direction de PROMEA est \u00e0 votre disposition pour \u00e9tablir un calcul individuel des co\u00fbts et vous montrer les \u00e9conomies potentielles.<\/p>\n<p>Contactez-nous:<br \/>\n<strong>Ricardo Garcia, Gesch\u00e4ftsleiter<\/strong><br \/>\nAdresse postale:<br \/>\nIfangstrasse 8<br \/>\nPostfach<br \/>\n8952 Schlieren<br \/>\nTel.: 044 738 53 53<br \/>\nFax: 044 738 53 73E-Mail:\u00a0<a href=\"&#x6d;&#x61;&#105;&#108;t&#x6f;&#x3a;&#x69;&#110;&#102;o&#x40;&#x70;&#x72;&#111;&#109;e&#x61;&#x2e;&#x63;&#104;\">&#x69;&#x6e;&#102;&#111;&#64;&#x70;&#x72;&#x6f;&#109;ea&#x2e;&#x63;&#104;<\/a><br \/>\nHomepage:\u00a0<a href=\"http:\/\/www.promea.ch\/\">www.promea.ch<\/a><\/p>\n","protected":false},"excerpt":{"rendered":"<p>Les membres de ASSOCIATION DE<\/p>\n","protected":false},"author":1499,"featured_media":0,"parent":0,"menu_order":0,"comment_status":"closed","ping_status":"closed","template":"","meta":{"_acf_changed":false,"footnotes":""},"class_list":["post-7420","page","type-page","status-publish","hentry"],"acf":[],"yoast_head":"<!-- This site is optimized with the Yoast SEO plugin v27.4 - https:\/\/yoast.com\/product\/yoast-seo-wordpress\/ -->\n<title>PROMEA Caisse de compensation - HANDELSVERBAND. swiss<\/title>\n<meta name=\"robots\" content=\"index, follow, max-snippet:-1, max-image-preview:large, max-video-preview:-1\" \/>\n<meta property=\"og:locale\" content=\"fr_FR\" \/>\n<meta property=\"og:type\" content=\"article\" \/>\n<meta property=\"og:title\" content=\"PROMEA Caisse de compensation - HANDELSVERBAND. swiss\" \/>\n<meta property=\"og:description\" content=\"Les membres de ASSOCIATION DE\" \/>\n<meta property=\"og:url\" content=\"https:\/\/handelsverband.swiss\/fr\/caisse-de-compensation-avs-exfour\/\" \/>\n<meta property=\"og:site_name\" content=\"HANDELSVERBAND. swiss\" \/>\n<meta property=\"article:modified_time\" content=\"2025-01-13T14:46:24+00:00\" \/>\n<meta name=\"twitter:card\" content=\"summary_large_image\" \/>\n<meta name=\"twitter:label1\" content=\"Est. reading time\" \/>\n\t<meta name=\"twitter:data1\" content=\"1 minute\" \/>\n<script type=\"application\/ld+json\" class=\"yoast-schema-graph\">{\"@context\":\"https:\\\/\\\/schema.org\",\"@graph\":[{\"@type\":\"WebPage\",\"@id\":\"https:\\\/\\\/handelsverband.swiss\\\/fr\\\/caisse-de-compensation-avs-exfour\\\/\",\"url\":\"https:\\\/\\\/handelsverband.swiss\\\/fr\\\/caisse-de-compensation-avs-exfour\\\/\",\"name\":\"PROMEA Caisse de compensation - HANDELSVERBAND. swiss\",\"isPartOf\":{\"@id\":\"https:\\\/\\\/handelsverband.swiss\\\/#website\"},\"datePublished\":\"2018-04-13T11:19:08+00:00\",\"dateModified\":\"2025-01-13T14:46:24+00:00\",\"breadcrumb\":{\"@id\":\"https:\\\/\\\/handelsverband.swiss\\\/fr\\\/caisse-de-compensation-avs-exfour\\\/#breadcrumb\"},\"inLanguage\":\"fr-FR\",\"potentialAction\":[{\"@type\":\"ReadAction\",\"target\":[\"https:\\\/\\\/handelsverband.swiss\\\/fr\\\/caisse-de-compensation-avs-exfour\\\/\"]}]},{\"@type\":\"BreadcrumbList\",\"@id\":\"https:\\\/\\\/handelsverband.swiss\\\/fr\\\/caisse-de-compensation-avs-exfour\\\/#breadcrumb\",\"itemListElement\":[{\"@type\":\"ListItem\",\"position\":1,\"name\":\"Startseite\",\"item\":\"https:\\\/\\\/handelsverband.swiss\\\/fr\\\/\"},{\"@type\":\"ListItem\",\"position\":2,\"name\":\"PROMEA Caisse de compensation\"}]},{\"@type\":\"WebSite\",\"@id\":\"https:\\\/\\\/handelsverband.swiss\\\/#website\",\"url\":\"https:\\\/\\\/handelsverband.swiss\\\/\",\"name\":\"HANDELSVERBAND.swiss\",\"description\":\"ASSOCIATION DE COMMERCE.swiss\",\"publisher\":{\"@id\":\"https:\\\/\\\/handelsverband.swiss\\\/#organization\"},\"potentialAction\":[{\"@type\":\"SearchAction\",\"target\":{\"@type\":\"EntryPoint\",\"urlTemplate\":\"https:\\\/\\\/handelsverband.swiss\\\/?s={search_term_string}\"},\"query-input\":{\"@type\":\"PropertyValueSpecification\",\"valueRequired\":true,\"valueName\":\"search_term_string\"}}],\"inLanguage\":\"fr-FR\"},{\"@type\":\"Organization\",\"@id\":\"https:\\\/\\\/handelsverband.swiss\\\/#organization\",\"name\":\"HANDELSVERBAND.swiss\",\"url\":\"https:\\\/\\\/handelsverband.swiss\\\/\",\"logo\":{\"@type\":\"ImageObject\",\"inLanguage\":\"fr-FR\",\"@id\":\"https:\\\/\\\/handelsverband.swiss\\\/#\\\/schema\\\/logo\\\/image\\\/\",\"url\":\"https:\\\/\\\/handelsverband.swiss\\\/wp-content\\\/uploads\\\/2020\\\/03\\\/hv_brand_rgb.png\",\"contentUrl\":\"https:\\\/\\\/handelsverband.swiss\\\/wp-content\\\/uploads\\\/2020\\\/03\\\/hv_brand_rgb.png\",\"width\":1714,\"height\":472,\"caption\":\"HANDELSVERBAND.swiss\"},\"image\":{\"@id\":\"https:\\\/\\\/handelsverband.swiss\\\/#\\\/schema\\\/logo\\\/image\\\/\"}}]}<\/script>\n<!-- \/ Yoast SEO plugin. -->","yoast_head_json":{"title":"PROMEA Caisse de compensation - HANDELSVERBAND. swiss","robots":{"index":"index","follow":"follow","max-snippet":"max-snippet:-1","max-image-preview":"max-image-preview:large","max-video-preview":"max-video-preview:-1"},"og_locale":"fr_FR","og_type":"article","og_title":"PROMEA Caisse de compensation - HANDELSVERBAND. swiss","og_description":"Les membres de ASSOCIATION DE","og_url":"https:\/\/handelsverband.swiss\/fr\/caisse-de-compensation-avs-exfour\/","og_site_name":"HANDELSVERBAND. swiss","article_modified_time":"2025-01-13T14:46:24+00:00","twitter_card":"summary_large_image","twitter_misc":{"Est. reading time":"1 minute"},"schema":{"@context":"https:\/\/schema.org","@graph":[{"@type":"WebPage","@id":"https:\/\/handelsverband.swiss\/fr\/caisse-de-compensation-avs-exfour\/","url":"https:\/\/handelsverband.swiss\/fr\/caisse-de-compensation-avs-exfour\/","name":"PROMEA Caisse de compensation - HANDELSVERBAND. swiss","isPartOf":{"@id":"https:\/\/handelsverband.swiss\/#website"},"datePublished":"2018-04-13T11:19:08+00:00","dateModified":"2025-01-13T14:46:24+00:00","breadcrumb":{"@id":"https:\/\/handelsverband.swiss\/fr\/caisse-de-compensation-avs-exfour\/#breadcrumb"},"inLanguage":"fr-FR","potentialAction":[{"@type":"ReadAction","target":["https:\/\/handelsverband.swiss\/fr\/caisse-de-compensation-avs-exfour\/"]}]},{"@type":"BreadcrumbList","@id":"https:\/\/handelsverband.swiss\/fr\/caisse-de-compensation-avs-exfour\/#breadcrumb","itemListElement":[{"@type":"ListItem","position":1,"name":"Startseite","item":"https:\/\/handelsverband.swiss\/fr\/"},{"@type":"ListItem","position":2,"name":"PROMEA Caisse de compensation"}]},{"@type":"WebSite","@id":"https:\/\/handelsverband.swiss\/#website","url":"https:\/\/handelsverband.swiss\/","name":"HANDELSVERBAND.swiss","description":"ASSOCIATION DE COMMERCE.swiss","publisher":{"@id":"https:\/\/handelsverband.swiss\/#organization"},"potentialAction":[{"@type":"SearchAction","target":{"@type":"EntryPoint","urlTemplate":"https:\/\/handelsverband.swiss\/?s={search_term_string}"},"query-input":{"@type":"PropertyValueSpecification","valueRequired":true,"valueName":"search_term_string"}}],"inLanguage":"fr-FR"},{"@type":"Organization","@id":"https:\/\/handelsverband.swiss\/#organization","name":"HANDELSVERBAND.swiss","url":"https:\/\/handelsverband.swiss\/","logo":{"@type":"ImageObject","inLanguage":"fr-FR","@id":"https:\/\/handelsverband.swiss\/#\/schema\/logo\/image\/","url":"https:\/\/handelsverband.swiss\/wp-content\/uploads\/2020\/03\/hv_brand_rgb.png","contentUrl":"https:\/\/handelsverband.swiss\/wp-content\/uploads\/2020\/03\/hv_brand_rgb.png","width":1714,"height":472,"caption":"HANDELSVERBAND.swiss"},"image":{"@id":"https:\/\/handelsverband.swiss\/#\/schema\/logo\/image\/"}}]}},"_links":{"self":[{"href":"https:\/\/handelsverband.swiss\/fr\/wp-json\/wp\/v2\/pages\/7420","targetHints":{"allow":["GET"]}}],"collection":[{"href":"https:\/\/handelsverband.swiss\/fr\/wp-json\/wp\/v2\/pages"}],"about":[{"href":"https:\/\/handelsverband.swiss\/fr\/wp-json\/wp\/v2\/types\/page"}],"author":[{"embeddable":true,"href":"https:\/\/handelsverband.swiss\/fr\/wp-json\/wp\/v2\/users\/1499"}],"replies":[{"embeddable":true,"href":"https:\/\/handelsverband.swiss\/fr\/wp-json\/wp\/v2\/comments?post=7420"}],"version-history":[{"count":15,"href":"https:\/\/handelsverband.swiss\/fr\/wp-json\/wp\/v2\/pages\/7420\/revisions"}],"predecessor-version":[{"id":55578,"href":"https:\/\/handelsverband.swiss\/fr\/wp-json\/wp\/v2\/pages\/7420\/revisions\/55578"}],"wp:attachment":[{"href":"https:\/\/handelsverband.swiss\/fr\/wp-json\/wp\/v2\/media?parent=7420"}],"curies":[{"name":"wp","href":"https:\/\/api.w.org\/{rel}","templated":true}]}}

<p>Les membres de ASSOCIATION DE COMMERCE.swiss ont à leur disposition leur propre caisse de compensation PROMEA, fortement axée sur la clientèle, qui représente aujourd&#8217;hui l&#8217;une des caisses les plus importantes et les plus durables de Suisse. Selon un sondage, la caisse est activement recommandée par plus de 70 % de ses membres.</p>
<p>Elle offre à ses membres des frais administratifs particulièrement bas et une palette de prestations très attractive dans toute la Suisse (AVS/AI/APG, CAF et LPP). En tant que centre de compétences éprouvé, les assurances sociales PROMEA offrent un conseil complet et compétent dans les domaines des assurances sociales. D&#8217;autres avantages sont la procédure administrative simple et coordonnée et un décompte uniforme pour toutes les assurances sociales.</p>
<p><a href="https://handelsverband.swiss/wp-content/uploads/2025/01/7424OFN_PROMEA_Imagebroschuere_210x297_FR_LRn.pdf" target="_blank" rel="noopener">Cliquez ici pour consulter la brochure.</a></p>
<p>La direction de PROMEA est à votre disposition pour établir un calcul individuel des coûts et vous montrer les économies potentielles.</p>
<p>Contactez-nous:<br />
<strong>Ricardo Garcia, Geschäftsleiter</strong><br />
Adresse postale:<br />
Ifangstrasse 8<br />
Postfach<br />
8952 Schlieren<br />
Tel.: 044 738 53 53<br />
Fax: 044 738 53 73E-Mail: <a href="&#x6d;&#x61;&#105;&#108;t&#x6f;&#x3a;&#x69;&#110;&#102;o&#x40;&#x70;&#x72;&#111;&#109;e&#x61;&#x2e;&#x63;&#104;">&#x69;&#x6e;&#102;&#111;&#64;&#x70;&#x72;&#x6f;&#109;ea&#x2e;&#x63;&#104;</a><br />
Homepage: <a href="http://www.promea.ch/">www.promea.ch</a></p>
